{"id":140057,"date":"2024-11-12T16:07:39","date_gmt":"2024-11-12T15:07:39","guid":{"rendered":"https:\/\/www.sounds.brussels\/?post_type=product&#038;p=140057"},"modified":"2024-12-10T17:25:17","modified_gmt":"2024-12-10T16:25:17","slug":"jam-euro-latina-kaaly","status":"publish","type":"product","link":"https:\/\/www.sounds.brussels\/nl\/jazz-concert\/jam-euro-latina-kaaly\/","title":{"rendered":"JAM EURO LATINA \/ KAALY"},"content":{"rendered":"","protected":false},"excerpt":{"rendered":"<p>Teint\u00e9 de soul, de pop et de funk, Kaaly cr\u00e9\u00e9 une ambiance chaleureuse et personnelle avec son public. Des chansons qui parlent de la vie de la jeunesse Bruxelloise, de l\u2019amour et des d\u00e9boires avec un ton po\u00e9tique et intime.<\/p>\n","protected":false},"author":8382,"featured_media":140067,"comment_status":"closed","ping_status":"closed","template":"","meta":{"_acf_changed":false},"product_brand":[],"product_cat":[157],"product_tag":[],"class_list":{"0":"post-140057","1":"product","2":"type-product","3":"status-publish","4":"has-post-thumbnail","6":"product_cat-archived","8":"first","9":"instock","10":"shipping-taxable","11":"product-type-variable","12":"has-default-attributes","13":"nyp-product"},"acf":[],"yoast_head":"<!-- This site is optimized with the Yoast SEO plugin v26.9 - https:\/\/yoast.com\/product\/yoast-seo-wordpress\/ -->\n<title>JAM EURO LATINA \/ KAALY - Sounds Jazz Club<\/title>\n<meta name=\"robots\" content=\"index, follow, max-snippet:-1, max-image-preview:large, max-video-preview:-1\" \/>\n<link rel=\"canonical\" href=\"https:\/\/www.sounds.brussels\/nl\/jazz-concert\/jam-euro-latina-kaaly\/\" \/>\n<meta property=\"og:locale\" content=\"nl_NL\" \/>\n<meta property=\"og:type\" content=\"article\" \/>\n<meta property=\"og:title\" content=\"JAM EURO LATINA \/ KAALY - Sounds Jazz Club\" \/>\n<meta property=\"og:description\" content=\"Teint\u00e9 de soul, de pop et de funk, Kaaly cr\u00e9\u00e9 une ambiance chaleureuse et personnelle avec son public. Des chansons qui parlent de la vie de la jeunesse Bruxelloise, de l\u2019amour et des d\u00e9boires avec un ton po\u00e9tique et intime.\" \/>\n<meta property=\"og:url\" content=\"https:\/\/www.sounds.brussels\/nl\/jazz-concert\/jam-euro-latina-kaaly\/\" \/>\n<meta property=\"og:site_name\" content=\"Sounds Jazz Club\" \/>\n<meta property=\"article:modified_time\" content=\"2024-12-10T16:25:17+00:00\" \/>\n<meta property=\"og:image\" content=\"https:\/\/www.sounds.brussels\/wp-content\/uploads\/2024\/11\/Kaaly-foto.jpeg\" \/>\n\t<meta property=\"og:image:width\" content=\"1170\" \/>\n\t<meta property=\"og:image:height\" content=\"785\" \/>\n\t<meta property=\"og:image:type\" content=\"image\/jpeg\" \/>\n<meta name=\"twitter:card\" content=\"summary_large_image\" \/>\n<meta name=\"twitter:label1\" content=\"Geschatte leestijd\" \/>\n\t<meta name=\"twitter:data1\" content=\"1 minuut\" \/>\n<script type=\"application\/ld+json\" class=\"yoast-schema-graph\">{\"@context\":\"https:\/\/schema.org\",\"@graph\":[{\"@type\":\"WebPage\",\"@id\":\"https:\/\/www.sounds.brussels\/nl\/jazz-concert\/jam-euro-latina-kaaly\/\",\"url\":\"https:\/\/www.sounds.brussels\/nl\/jazz-concert\/jam-euro-latina-kaaly\/\",\"name\":\"JAM EURO LATINA \/ KAALY - Sounds Jazz Club\",\"isPartOf\":{\"@id\":\"https:\/\/www.sounds.brussels\/nl\/#website\"},\"primaryImageOfPage\":{\"@id\":\"https:\/\/www.sounds.brussels\/nl\/jazz-concert\/jam-euro-latina-kaaly\/#primaryimage\"},\"image\":{\"@id\":\"https:\/\/www.sounds.brussels\/nl\/jazz-concert\/jam-euro-latina-kaaly\/#primaryimage\"},\"thumbnailUrl\":\"https:\/\/www.sounds.brussels\/wp-content\/uploads\/2024\/11\/Kaaly-foto.jpeg\",\"datePublished\":\"2024-11-12T15:07:39+00:00\",\"dateModified\":\"2024-12-10T16:25:17+00:00\",\"breadcrumb\":{\"@id\":\"https:\/\/www.sounds.brussels\/nl\/jazz-concert\/jam-euro-latina-kaaly\/#breadcrumb\"},\"inLanguage\":\"nl-NL\",\"potentialAction\":[{\"@type\":\"ReadAction\",\"target\":[\"https:\/\/www.sounds.brussels\/nl\/jazz-concert\/jam-euro-latina-kaaly\/\"]}]},{\"@type\":\"ImageObject\",\"inLanguage\":\"nl-NL\",\"@id\":\"https:\/\/www.sounds.brussels\/nl\/jazz-concert\/jam-euro-latina-kaaly\/#primaryimage\",\"url\":\"https:\/\/www.sounds.brussels\/wp-content\/uploads\/2024\/11\/Kaaly-foto.jpeg\",\"contentUrl\":\"https:\/\/www.sounds.brussels\/wp-content\/uploads\/2024\/11\/Kaaly-foto.jpeg\",\"width\":1170,\"height\":785},{\"@type\":\"BreadcrumbList\",\"@id\":\"https:\/\/www.sounds.brussels\/nl\/jazz-concert\/jam-euro-latina-kaaly\/#breadcrumb\",\"itemListElement\":[{\"@type\":\"ListItem\",\"position\":1,\"name\":\"Accueil\",\"item\":\"https:\/\/www.sounds.brussels\/nl\/\"},{\"@type\":\"ListItem\",\"position\":2,\"name\":\"Producten\",\"item\":\"https:\/\/www.sounds.brussels\/nl\/shop\/\"},{\"@type\":\"ListItem\",\"position\":3,\"name\":\"JAM EURO LATINA \/ KAALY\"}]},{\"@type\":\"WebSite\",\"@id\":\"https:\/\/www.sounds.brussels\/nl\/#website\",\"url\":\"https:\/\/www.sounds.brussels\/nl\/\",\"name\":\"Sounds Jazz Club\",\"description\":\"\",\"publisher\":{\"@id\":\"https:\/\/www.sounds.brussels\/nl\/#organization\"},\"potentialAction\":[{\"@type\":\"SearchAction\",\"target\":{\"@type\":\"EntryPoint\",\"urlTemplate\":\"https:\/\/www.sounds.brussels\/nl\/?s={search_term_string}\"},\"query-input\":{\"@type\":\"PropertyValueSpecification\",\"valueRequired\":true,\"valueName\":\"search_term_string\"}}],\"inLanguage\":\"nl-NL\"},{\"@type\":\"Organization\",\"@id\":\"https:\/\/www.sounds.brussels\/nl\/#organization\",\"name\":\"Sounds Jazz Club\",\"url\":\"https:\/\/www.sounds.brussels\/nl\/\",\"logo\":{\"@type\":\"ImageObject\",\"inLanguage\":\"nl-NL\",\"@id\":\"https:\/\/www.sounds.brussels\/nl\/#\/schema\/logo\/image\/\",\"url\":\"https:\/\/www.sounds.brussels\/wp-content\/uploads\/2023\/09\/logo-sounds-BlackRed-RGB-scaled.jpg\",\"contentUrl\":\"https:\/\/www.sounds.brussels\/wp-content\/uploads\/2023\/09\/logo-sounds-BlackRed-RGB-scaled.jpg\",\"width\":2048,\"height\":1428,\"caption\":\"Sounds Jazz Club\"},\"image\":{\"@id\":\"https:\/\/www.sounds.brussels\/nl\/#\/schema\/logo\/image\/\"}}]}<\/script>\n<!-- \/ Yoast SEO plugin. -->","yoast_head_json":{"title":"JAM EURO LATINA \/ KAALY - Sounds Jazz Club","robots":{"index":"index","follow":"follow","max-snippet":"max-snippet:-1","max-image-preview":"max-image-preview:large","max-video-preview":"max-video-preview:-1"},"canonical":"https:\/\/www.sounds.brussels\/nl\/jazz-concert\/jam-euro-latina-kaaly\/","og_locale":"nl_NL","og_type":"article","og_title":"JAM EURO LATINA \/ KAALY - Sounds Jazz Club","og_description":"Teint\u00e9 de soul, de pop et de funk, Kaaly cr\u00e9\u00e9 une ambiance chaleureuse et personnelle avec son public. Des chansons qui parlent de la vie de la jeunesse Bruxelloise, de l\u2019amour et des d\u00e9boires avec un ton po\u00e9tique et intime.","og_url":"https:\/\/www.sounds.brussels\/nl\/jazz-concert\/jam-euro-latina-kaaly\/","og_site_name":"Sounds Jazz Club","article_modified_time":"2024-12-10T16:25:17+00:00","og_image":[{"width":1170,"height":785,"url":"https:\/\/www.sounds.brussels\/wp-content\/uploads\/2024\/11\/Kaaly-foto.jpeg","type":"image\/jpeg"}],"twitter_card":"summary_large_image","twitter_misc":{"Geschatte leestijd":"1 minuut"},"schema":{"@context":"https:\/\/schema.org","@graph":[{"@type":"WebPage","@id":"https:\/\/www.sounds.brussels\/nl\/jazz-concert\/jam-euro-latina-kaaly\/","url":"https:\/\/www.sounds.brussels\/nl\/jazz-concert\/jam-euro-latina-kaaly\/","name":"JAM EURO LATINA \/ KAALY - Sounds Jazz Club","isPartOf":{"@id":"https:\/\/www.sounds.brussels\/nl\/#website"},"primaryImageOfPage":{"@id":"https:\/\/www.sounds.brussels\/nl\/jazz-concert\/jam-euro-latina-kaaly\/#primaryimage"},"image":{"@id":"https:\/\/www.sounds.brussels\/nl\/jazz-concert\/jam-euro-latina-kaaly\/#primaryimage"},"thumbnailUrl":"https:\/\/www.sounds.brussels\/wp-content\/uploads\/2024\/11\/Kaaly-foto.jpeg","datePublished":"2024-11-12T15:07:39+00:00","dateModified":"2024-12-10T16:25:17+00:00","breadcrumb":{"@id":"https:\/\/www.sounds.brussels\/nl\/jazz-concert\/jam-euro-latina-kaaly\/#breadcrumb"},"inLanguage":"nl-NL","potentialAction":[{"@type":"ReadAction","target":["https:\/\/www.sounds.brussels\/nl\/jazz-concert\/jam-euro-latina-kaaly\/"]}]},{"@type":"ImageObject","inLanguage":"nl-NL","@id":"https:\/\/www.sounds.brussels\/nl\/jazz-concert\/jam-euro-latina-kaaly\/#primaryimage","url":"https:\/\/www.sounds.brussels\/wp-content\/uploads\/2024\/11\/Kaaly-foto.jpeg","contentUrl":"https:\/\/www.sounds.brussels\/wp-content\/uploads\/2024\/11\/Kaaly-foto.jpeg","width":1170,"height":785},{"@type":"BreadcrumbList","@id":"https:\/\/www.sounds.brussels\/nl\/jazz-concert\/jam-euro-latina-kaaly\/#breadcrumb","itemListElement":[{"@type":"ListItem","position":1,"name":"Accueil","item":"https:\/\/www.sounds.brussels\/nl\/"},{"@type":"ListItem","position":2,"name":"Producten","item":"https:\/\/www.sounds.brussels\/nl\/shop\/"},{"@type":"ListItem","position":3,"name":"JAM EURO LATINA \/ KAALY"}]},{"@type":"WebSite","@id":"https:\/\/www.sounds.brussels\/nl\/#website","url":"https:\/\/www.sounds.brussels\/nl\/","name":"Sounds Jazz Club","description":"","publisher":{"@id":"https:\/\/www.sounds.brussels\/nl\/#organization"},"potentialAction":[{"@type":"SearchAction","target":{"@type":"EntryPoint","urlTemplate":"https:\/\/www.sounds.brussels\/nl\/?s={search_term_string}"},"query-input":{"@type":"PropertyValueSpecification","valueRequired":true,"valueName":"search_term_string"}}],"inLanguage":"nl-NL"},{"@type":"Organization","@id":"https:\/\/www.sounds.brussels\/nl\/#organization","name":"Sounds Jazz Club","url":"https:\/\/www.sounds.brussels\/nl\/","logo":{"@type":"ImageObject","inLanguage":"nl-NL","@id":"https:\/\/www.sounds.brussels\/nl\/#\/schema\/logo\/image\/","url":"https:\/\/www.sounds.brussels\/wp-content\/uploads\/2023\/09\/logo-sounds-BlackRed-RGB-scaled.jpg","contentUrl":"https:\/\/www.sounds.brussels\/wp-content\/uploads\/2023\/09\/logo-sounds-BlackRed-RGB-scaled.jpg","width":2048,"height":1428,"caption":"Sounds Jazz Club"},"image":{"@id":"https:\/\/www.sounds.brussels\/nl\/#\/schema\/logo\/image\/"}}]}},"_links":{"self":[{"href":"https:\/\/www.sounds.brussels\/nl\/wp-json\/wp\/v2\/product\/140057","targetHints":{"allow":["GET"]}}],"collection":[{"href":"https:\/\/www.sounds.brussels\/nl\/wp-json\/wp\/v2\/product"}],"about":[{"href":"https:\/\/www.sounds.brussels\/nl\/wp-json\/wp\/v2\/types\/product"}],"author":[{"embeddable":true,"href":"https:\/\/www.sounds.brussels\/nl\/wp-json\/wp\/v2\/users\/8382"}],"replies":[{"embeddable":true,"href":"https:\/\/www.sounds.brussels\/nl\/wp-json\/wp\/v2\/comments?post=140057"}],"wp:featuredmedia":[{"embeddable":true,"href":"https:\/\/www.sounds.brussels\/nl\/wp-json\/wp\/v2\/media\/140067"}],"wp:attachment":[{"href":"https:\/\/www.sounds.brussels\/nl\/wp-json\/wp\/v2\/media?parent=140057"}],"wp:term":[{"taxonomy":"product_brand","embeddable":true,"href":"https:\/\/www.sounds.brussels\/nl\/wp-json\/wp\/v2\/product_brand?post=140057"},{"taxonomy":"product_cat","embeddable":true,"href":"https:\/\/www.sounds.brussels\/nl\/wp-json\/wp\/v2\/product_cat?post=140057"},{"taxonomy":"product_tag","embeddable":true,"href":"https:\/\/www.sounds.brussels\/nl\/wp-json\/wp\/v2\/product_tag?post=140057"}],"curies":[{"name":"wp","href":"https:\/\/api.w.org\/{rel}","templated":true}]}}

<p>Teinté de soul, de pop et de funk, Kaaly créé une ambiance chaleureuse et personnelle avec son public. Des chansons qui parlent de la vie de la jeunesse Bruxelloise, de l’amour et des déboires avec un ton poétique et intime.</p>

<!-- This site is optimized with the Yoast SEO plugin v26.9 - https://yoast.com/product/yoast-seo-wordpress/ -->
<title>JAM EURO LATINA / KAALY - Sounds Jazz Club</title>
<meta name="robots" content="index, follow, max-snippet:-1, max-image-preview:large, max-video-preview:-1" />
<link rel="canonical" href="https://www.sounds.brussels/nl/jazz-concert/jam-euro-latina-kaaly/" />
<meta property="og:locale" content="nl_NL" />
<meta property="og:type" content="article" />
<meta property="og:title" content="JAM EURO LATINA / KAALY - Sounds Jazz Club" />
<meta property="og:description" content="Teinté de soul, de pop et de funk, Kaaly créé une ambiance chaleureuse et personnelle avec son public. Des chansons qui parlent de la vie de la jeunesse Bruxelloise, de l’amour et des déboires avec un ton poétique et intime." />
<meta property="og:url" content="https://www.sounds.brussels/nl/jazz-concert/jam-euro-latina-kaaly/" />
<meta property="og:site_name" content="Sounds Jazz Club" />
<meta property="article:modified_time" content="2024-12-10T16:25:17+00:00" />
<meta property="og:image" content="https://www.sounds.brussels/wp-content/uploads/2024/11/Kaaly-foto.jpeg" />
	<meta property="og:image:width" content="1170" />
	<meta property="og:image:height" content="785" />
	<meta property="og:image:type" content="image/jpeg" />
<meta name="twitter:card" content="summary_large_image" />
<meta name="twitter:label1" content="Geschatte leestijd" />
	<meta name="twitter:data1" content="1 minuut" />
<script type="application/ld+json" class="yoast-schema-graph">{"@context":"https://schema.org","@graph":[{"@type":"WebPage","@id":"https://www.sounds.brussels/nl/jazz-concert/jam-euro-latina-kaaly/","url":"https://www.sounds.brussels/nl/jazz-concert/jam-euro-latina-kaaly/","name":"JAM EURO LATINA / KAALY - Sounds Jazz Club","isPartOf":{"@id":"https://www.sounds.brussels/nl/#website"},"primaryImageOfPage":{"@id":"https://www.sounds.brussels/nl/jazz-concert/jam-euro-latina-kaaly/#primaryimage"},"image":{"@id":"https://www.sounds.brussels/nl/jazz-concert/jam-euro-latina-kaaly/#primaryimage"},"thumbnailUrl":"https://www.sounds.brussels/wp-content/uploads/2024/11/Kaaly-foto.jpeg","datePublished":"2024-11-12T15:07:39+00:00","dateModified":"2024-12-10T16:25:17+00:00","breadcrumb":{"@id":"https://www.sounds.brussels/nl/jazz-concert/jam-euro-latina-kaaly/#breadcrumb"},"inLanguage":"nl-NL","potentialAction":[{"@type":"ReadAction","target":["https://www.sounds.brussels/nl/jazz-concert/jam-euro-latina-kaaly/"]}]},{"@type":"ImageObject","inLanguage":"nl-NL","@id":"https://www.sounds.brussels/nl/jazz-concert/jam-euro-latina-kaaly/#primaryimage","url":"https://www.sounds.brussels/wp-content/uploads/2024/11/Kaaly-foto.jpeg","contentUrl":"https://www.sounds.brussels/wp-content/uploads/2024/11/Kaaly-foto.jpeg","width":1170,"height":785},{"@type":"BreadcrumbList","@id":"https://www.sounds.brussels/nl/jazz-concert/jam-euro-latina-kaaly/#breadcrumb","itemListElement":[{"@type":"ListItem","position":1,"name":"Accueil","item":"https://www.sounds.brussels/nl/"},{"@type":"ListItem","position":2,"name":"Producten","item":"https://www.sounds.brussels/nl/shop/"},{"@type":"ListItem","position":3,"name":"JAM EURO LATINA / KAALY"}]},{"@type":"WebSite","@id":"https://www.sounds.brussels/nl/#website","url":"https://www.sounds.brussels/nl/","name":"Sounds Jazz Club","description":"","publisher":{"@id":"https://www.sounds.brussels/nl/#organization"},"potentialAction":[{"@type":"SearchAction","target":{"@type":"EntryPoint","urlTemplate":"https://www.sounds.brussels/nl/?s={search_term_string}"},"query-input":{"@type":"PropertyValueSpecification","valueRequired":true,"valueName":"search_term_string"}}],"inLanguage":"nl-NL"},{"@type":"Organization","@id":"https://www.sounds.brussels/nl/#organization","name":"Sounds Jazz Club","url":"https://www.sounds.brussels/nl/","logo":{"@type":"ImageObject","inLanguage":"nl-NL","@id":"https://www.sounds.brussels/nl/#/schema/logo/image/","url":"https://www.sounds.brussels/wp-content/uploads/2023/09/logo-sounds-BlackRed-RGB-scaled.jpg","contentUrl":"https://www.sounds.brussels/wp-content/uploads/2023/09/logo-sounds-BlackRed-RGB-scaled.jpg","width":2048,"height":1428,"caption":"Sounds Jazz Club"},"image":{"@id":"https://www.sounds.brussels/nl/#/schema/logo/image/"}}]}</script>
<!-- / Yoast SEO plugin. -->

Teinté de soul, de pop et de funk, Kaaly créé une ambiance chaleureuse et personnelle avec son public. Des chansons qui parlent de la vie de la jeunesse Bruxelloise, de l’amour et des déboires avec un ton poétique et intime.
