{"id":139712,"date":"2024-11-04T18:27:07","date_gmt":"2024-11-04T17:27:07","guid":{"rendered":"https:\/\/www.sounds.brussels\/?post_type=product&#038;p=139712"},"modified":"2024-11-20T18:33:33","modified_gmt":"2024-11-20T17:33:33","slug":"echo-sessions-jose-soares-invites","status":"publish","type":"product","link":"https:\/\/www.sounds.brussels\/nl\/jazz-concert\/echo-sessions-jose-soares-invites\/","title":{"rendered":"ECHO SESSIONS | JOS\u00c9 SOARES INVITES"},"content":{"rendered":"","protected":false},"excerpt":{"rendered":"<p>Ad\u00e8le Viret &#8211; cello<br \/>\nJos\u00e9 Soares &#8211; alto saxophone &#038; compositions<br \/>\nSimon Groppe &#8211; piano<\/p>\n","protected":false},"author":8383,"featured_media":139721,"comment_status":"closed","ping_status":"closed","template":"","meta":{"_acf_changed":false},"product_brand":[],"product_cat":[157],"product_tag":[],"class_list":{"0":"post-139712","1":"product","2":"type-product","3":"status-publish","4":"has-post-thumbnail","6":"product_cat-archived","8":"first","9":"instock","10":"shipping-taxable","11":"product-type-variable","12":"has-default-attributes","13":"nyp-product"},"acf":[],"yoast_head":"<!-- This site is optimized with the Yoast SEO plugin v26.9 - https:\/\/yoast.com\/product\/yoast-seo-wordpress\/ -->\n<title>ECHO SESSIONS | JOS\u00c9 SOARES INVITES - Sounds Jazz Club<\/title>\n<meta name=\"robots\" content=\"index, follow, max-snippet:-1, max-image-preview:large, max-video-preview:-1\" \/>\n<link rel=\"canonical\" href=\"https:\/\/www.sounds.brussels\/nl\/jazz-concert\/echo-sessions-jose-soares-invites\/\" \/>\n<meta property=\"og:locale\" content=\"nl_NL\" \/>\n<meta property=\"og:type\" content=\"article\" \/>\n<meta property=\"og:title\" content=\"ECHO SESSIONS | JOS\u00c9 SOARES INVITES - Sounds Jazz Club\" \/>\n<meta property=\"og:description\" content=\"Ad\u00e8le Viret - cello Jos\u00e9 Soares - alto saxophone &amp; compositions Simon Groppe - piano\" \/>\n<meta property=\"og:url\" content=\"https:\/\/www.sounds.brussels\/nl\/jazz-concert\/echo-sessions-jose-soares-invites\/\" \/>\n<meta property=\"og:site_name\" content=\"Sounds Jazz Club\" \/>\n<meta property=\"article:modified_time\" content=\"2024-11-20T17:33:33+00:00\" \/>\n<meta property=\"og:image\" content=\"https:\/\/www.sounds.brussels\/wp-content\/uploads\/2024\/11\/2024-11-20-echo-sessions-jos-soares-invites-1730741229.jpg\" \/>\n\t<meta property=\"og:image:width\" content=\"1371\" \/>\n\t<meta property=\"og:image:height\" content=\"1920\" \/>\n\t<meta property=\"og:image:type\" content=\"image\/jpeg\" \/>\n<meta name=\"twitter:card\" content=\"summary_large_image\" \/>\n<script type=\"application\/ld+json\" class=\"yoast-schema-graph\">{\"@context\":\"https:\/\/schema.org\",\"@graph\":[{\"@type\":\"WebPage\",\"@id\":\"https:\/\/www.sounds.brussels\/nl\/jazz-concert\/echo-sessions-jose-soares-invites\/\",\"url\":\"https:\/\/www.sounds.brussels\/nl\/jazz-concert\/echo-sessions-jose-soares-invites\/\",\"name\":\"ECHO SESSIONS | JOS\u00c9 SOARES INVITES - Sounds Jazz Club\",\"isPartOf\":{\"@id\":\"https:\/\/www.sounds.brussels\/nl\/#website\"},\"primaryImageOfPage\":{\"@id\":\"https:\/\/www.sounds.brussels\/nl\/jazz-concert\/echo-sessions-jose-soares-invites\/#primaryimage\"},\"image\":{\"@id\":\"https:\/\/www.sounds.brussels\/nl\/jazz-concert\/echo-sessions-jose-soares-invites\/#primaryimage\"},\"thumbnailUrl\":\"https:\/\/www.sounds.brussels\/wp-content\/uploads\/2024\/11\/2024-11-20-echo-sessions-jos-soares-invites-1730741229.jpg\",\"datePublished\":\"2024-11-04T17:27:07+00:00\",\"dateModified\":\"2024-11-20T17:33:33+00:00\",\"breadcrumb\":{\"@id\":\"https:\/\/www.sounds.brussels\/nl\/jazz-concert\/echo-sessions-jose-soares-invites\/#breadcrumb\"},\"inLanguage\":\"nl-NL\",\"potentialAction\":[{\"@type\":\"ReadAction\",\"target\":[\"https:\/\/www.sounds.brussels\/nl\/jazz-concert\/echo-sessions-jose-soares-invites\/\"]}]},{\"@type\":\"ImageObject\",\"inLanguage\":\"nl-NL\",\"@id\":\"https:\/\/www.sounds.brussels\/nl\/jazz-concert\/echo-sessions-jose-soares-invites\/#primaryimage\",\"url\":\"https:\/\/www.sounds.brussels\/wp-content\/uploads\/2024\/11\/2024-11-20-echo-sessions-jos-soares-invites-1730741229.jpg\",\"contentUrl\":\"https:\/\/www.sounds.brussels\/wp-content\/uploads\/2024\/11\/2024-11-20-echo-sessions-jos-soares-invites-1730741229.jpg\",\"width\":1371,\"height\":1920},{\"@type\":\"BreadcrumbList\",\"@id\":\"https:\/\/www.sounds.brussels\/nl\/jazz-concert\/echo-sessions-jose-soares-invites\/#breadcrumb\",\"itemListElement\":[{\"@type\":\"ListItem\",\"position\":1,\"name\":\"Accueil\",\"item\":\"https:\/\/www.sounds.brussels\/nl\/\"},{\"@type\":\"ListItem\",\"position\":2,\"name\":\"Producten\",\"item\":\"https:\/\/www.sounds.brussels\/nl\/shop\/\"},{\"@type\":\"ListItem\",\"position\":3,\"name\":\"ECHO SESSIONS | JOS\u00c9 SOARES INVITES\"}]},{\"@type\":\"WebSite\",\"@id\":\"https:\/\/www.sounds.brussels\/nl\/#website\",\"url\":\"https:\/\/www.sounds.brussels\/nl\/\",\"name\":\"Sounds Jazz Club\",\"description\":\"\",\"publisher\":{\"@id\":\"https:\/\/www.sounds.brussels\/nl\/#organization\"},\"potentialAction\":[{\"@type\":\"SearchAction\",\"target\":{\"@type\":\"EntryPoint\",\"urlTemplate\":\"https:\/\/www.sounds.brussels\/nl\/?s={search_term_string}\"},\"query-input\":{\"@type\":\"PropertyValueSpecification\",\"valueRequired\":true,\"valueName\":\"search_term_string\"}}],\"inLanguage\":\"nl-NL\"},{\"@type\":\"Organization\",\"@id\":\"https:\/\/www.sounds.brussels\/nl\/#organization\",\"name\":\"Sounds Jazz Club\",\"url\":\"https:\/\/www.sounds.brussels\/nl\/\",\"logo\":{\"@type\":\"ImageObject\",\"inLanguage\":\"nl-NL\",\"@id\":\"https:\/\/www.sounds.brussels\/nl\/#\/schema\/logo\/image\/\",\"url\":\"https:\/\/www.sounds.brussels\/wp-content\/uploads\/2023\/09\/logo-sounds-BlackRed-RGB-scaled.jpg\",\"contentUrl\":\"https:\/\/www.sounds.brussels\/wp-content\/uploads\/2023\/09\/logo-sounds-BlackRed-RGB-scaled.jpg\",\"width\":2048,\"height\":1428,\"caption\":\"Sounds Jazz Club\"},\"image\":{\"@id\":\"https:\/\/www.sounds.brussels\/nl\/#\/schema\/logo\/image\/\"}}]}<\/script>\n<!-- \/ Yoast SEO plugin. -->","yoast_head_json":{"title":"ECHO SESSIONS | JOS\u00c9 SOARES INVITES - Sounds Jazz Club","robots":{"index":"index","follow":"follow","max-snippet":"max-snippet:-1","max-image-preview":"max-image-preview:large","max-video-preview":"max-video-preview:-1"},"canonical":"https:\/\/www.sounds.brussels\/nl\/jazz-concert\/echo-sessions-jose-soares-invites\/","og_locale":"nl_NL","og_type":"article","og_title":"ECHO SESSIONS | JOS\u00c9 SOARES INVITES - Sounds Jazz Club","og_description":"Ad\u00e8le Viret - cello Jos\u00e9 Soares - alto saxophone & compositions Simon Groppe - piano","og_url":"https:\/\/www.sounds.brussels\/nl\/jazz-concert\/echo-sessions-jose-soares-invites\/","og_site_name":"Sounds Jazz Club","article_modified_time":"2024-11-20T17:33:33+00:00","og_image":[{"width":1371,"height":1920,"url":"https:\/\/www.sounds.brussels\/wp-content\/uploads\/2024\/11\/2024-11-20-echo-sessions-jos-soares-invites-1730741229.jpg","type":"image\/jpeg"}],"twitter_card":"summary_large_image","schema":{"@context":"https:\/\/schema.org","@graph":[{"@type":"WebPage","@id":"https:\/\/www.sounds.brussels\/nl\/jazz-concert\/echo-sessions-jose-soares-invites\/","url":"https:\/\/www.sounds.brussels\/nl\/jazz-concert\/echo-sessions-jose-soares-invites\/","name":"ECHO SESSIONS | JOS\u00c9 SOARES INVITES - Sounds Jazz Club","isPartOf":{"@id":"https:\/\/www.sounds.brussels\/nl\/#website"},"primaryImageOfPage":{"@id":"https:\/\/www.sounds.brussels\/nl\/jazz-concert\/echo-sessions-jose-soares-invites\/#primaryimage"},"image":{"@id":"https:\/\/www.sounds.brussels\/nl\/jazz-concert\/echo-sessions-jose-soares-invites\/#primaryimage"},"thumbnailUrl":"https:\/\/www.sounds.brussels\/wp-content\/uploads\/2024\/11\/2024-11-20-echo-sessions-jos-soares-invites-1730741229.jpg","datePublished":"2024-11-04T17:27:07+00:00","dateModified":"2024-11-20T17:33:33+00:00","breadcrumb":{"@id":"https:\/\/www.sounds.brussels\/nl\/jazz-concert\/echo-sessions-jose-soares-invites\/#breadcrumb"},"inLanguage":"nl-NL","potentialAction":[{"@type":"ReadAction","target":["https:\/\/www.sounds.brussels\/nl\/jazz-concert\/echo-sessions-jose-soares-invites\/"]}]},{"@type":"ImageObject","inLanguage":"nl-NL","@id":"https:\/\/www.sounds.brussels\/nl\/jazz-concert\/echo-sessions-jose-soares-invites\/#primaryimage","url":"https:\/\/www.sounds.brussels\/wp-content\/uploads\/2024\/11\/2024-11-20-echo-sessions-jos-soares-invites-1730741229.jpg","contentUrl":"https:\/\/www.sounds.brussels\/wp-content\/uploads\/2024\/11\/2024-11-20-echo-sessions-jos-soares-invites-1730741229.jpg","width":1371,"height":1920},{"@type":"BreadcrumbList","@id":"https:\/\/www.sounds.brussels\/nl\/jazz-concert\/echo-sessions-jose-soares-invites\/#breadcrumb","itemListElement":[{"@type":"ListItem","position":1,"name":"Accueil","item":"https:\/\/www.sounds.brussels\/nl\/"},{"@type":"ListItem","position":2,"name":"Producten","item":"https:\/\/www.sounds.brussels\/nl\/shop\/"},{"@type":"ListItem","position":3,"name":"ECHO SESSIONS | JOS\u00c9 SOARES INVITES"}]},{"@type":"WebSite","@id":"https:\/\/www.sounds.brussels\/nl\/#website","url":"https:\/\/www.sounds.brussels\/nl\/","name":"Sounds Jazz Club","description":"","publisher":{"@id":"https:\/\/www.sounds.brussels\/nl\/#organization"},"potentialAction":[{"@type":"SearchAction","target":{"@type":"EntryPoint","urlTemplate":"https:\/\/www.sounds.brussels\/nl\/?s={search_term_string}"},"query-input":{"@type":"PropertyValueSpecification","valueRequired":true,"valueName":"search_term_string"}}],"inLanguage":"nl-NL"},{"@type":"Organization","@id":"https:\/\/www.sounds.brussels\/nl\/#organization","name":"Sounds Jazz Club","url":"https:\/\/www.sounds.brussels\/nl\/","logo":{"@type":"ImageObject","inLanguage":"nl-NL","@id":"https:\/\/www.sounds.brussels\/nl\/#\/schema\/logo\/image\/","url":"https:\/\/www.sounds.brussels\/wp-content\/uploads\/2023\/09\/logo-sounds-BlackRed-RGB-scaled.jpg","contentUrl":"https:\/\/www.sounds.brussels\/wp-content\/uploads\/2023\/09\/logo-sounds-BlackRed-RGB-scaled.jpg","width":2048,"height":1428,"caption":"Sounds Jazz Club"},"image":{"@id":"https:\/\/www.sounds.brussels\/nl\/#\/schema\/logo\/image\/"}}]}},"_links":{"self":[{"href":"https:\/\/www.sounds.brussels\/nl\/wp-json\/wp\/v2\/product\/139712","targetHints":{"allow":["GET"]}}],"collection":[{"href":"https:\/\/www.sounds.brussels\/nl\/wp-json\/wp\/v2\/product"}],"about":[{"href":"https:\/\/www.sounds.brussels\/nl\/wp-json\/wp\/v2\/types\/product"}],"author":[{"embeddable":true,"href":"https:\/\/www.sounds.brussels\/nl\/wp-json\/wp\/v2\/users\/8383"}],"replies":[{"embeddable":true,"href":"https:\/\/www.sounds.brussels\/nl\/wp-json\/wp\/v2\/comments?post=139712"}],"wp:featuredmedia":[{"embeddable":true,"href":"https:\/\/www.sounds.brussels\/nl\/wp-json\/wp\/v2\/media\/139721"}],"wp:attachment":[{"href":"https:\/\/www.sounds.brussels\/nl\/wp-json\/wp\/v2\/media?parent=139712"}],"wp:term":[{"taxonomy":"product_brand","embeddable":true,"href":"https:\/\/www.sounds.brussels\/nl\/wp-json\/wp\/v2\/product_brand?post=139712"},{"taxonomy":"product_cat","embeddable":true,"href":"https:\/\/www.sounds.brussels\/nl\/wp-json\/wp\/v2\/product_cat?post=139712"},{"taxonomy":"product_tag","embeddable":true,"href":"https:\/\/www.sounds.brussels\/nl\/wp-json\/wp\/v2\/product_tag?post=139712"}],"curies":[{"name":"wp","href":"https:\/\/api.w.org\/{rel}","templated":true}]}}

ECHO SESSIONS | JOSÉ SOARES INVITES

<p>Adèle Viret &#8211; cello<br />
José Soares &#8211; alto saxophone &#038; compositions<br />
Simon Groppe &#8211; piano</p>

<!-- This site is optimized with the Yoast SEO plugin v26.9 - https://yoast.com/product/yoast-seo-wordpress/ -->
<title>ECHO SESSIONS | JOSÉ SOARES INVITES - Sounds Jazz Club</title>
<meta name="robots" content="index, follow, max-snippet:-1, max-image-preview:large, max-video-preview:-1" />
<link rel="canonical" href="https://www.sounds.brussels/nl/jazz-concert/echo-sessions-jose-soares-invites/" />
<meta property="og:locale" content="nl_NL" />
<meta property="og:type" content="article" />
<meta property="og:title" content="ECHO SESSIONS | JOSÉ SOARES INVITES - Sounds Jazz Club" />
<meta property="og:description" content="Adèle Viret - cello José Soares - alto saxophone &amp; compositions Simon Groppe - piano" />
<meta property="og:url" content="https://www.sounds.brussels/nl/jazz-concert/echo-sessions-jose-soares-invites/" />
<meta property="og:site_name" content="Sounds Jazz Club" />
<meta property="article:modified_time" content="2024-11-20T17:33:33+00:00" />
<meta property="og:image" content="https://www.sounds.brussels/wp-content/uploads/2024/11/2024-11-20-echo-sessions-jos-soares-invites-1730741229.jpg" />
	<meta property="og:image:width" content="1371" />
	<meta property="og:image:height" content="1920" />
	<meta property="og:image:type" content="image/jpeg" />
<meta name="twitter:card" content="summary_large_image" />
<script type="application/ld+json" class="yoast-schema-graph">{"@context":"https://schema.org","@graph":[{"@type":"WebPage","@id":"https://www.sounds.brussels/nl/jazz-concert/echo-sessions-jose-soares-invites/","url":"https://www.sounds.brussels/nl/jazz-concert/echo-sessions-jose-soares-invites/","name":"ECHO SESSIONS | JOSÉ SOARES INVITES - Sounds Jazz Club","isPartOf":{"@id":"https://www.sounds.brussels/nl/#website"},"primaryImageOfPage":{"@id":"https://www.sounds.brussels/nl/jazz-concert/echo-sessions-jose-soares-invites/#primaryimage"},"image":{"@id":"https://www.sounds.brussels/nl/jazz-concert/echo-sessions-jose-soares-invites/#primaryimage"},"thumbnailUrl":"https://www.sounds.brussels/wp-content/uploads/2024/11/2024-11-20-echo-sessions-jos-soares-invites-1730741229.jpg","datePublished":"2024-11-04T17:27:07+00:00","dateModified":"2024-11-20T17:33:33+00:00","breadcrumb":{"@id":"https://www.sounds.brussels/nl/jazz-concert/echo-sessions-jose-soares-invites/#breadcrumb"},"inLanguage":"nl-NL","potentialAction":[{"@type":"ReadAction","target":["https://www.sounds.brussels/nl/jazz-concert/echo-sessions-jose-soares-invites/"]}]},{"@type":"ImageObject","inLanguage":"nl-NL","@id":"https://www.sounds.brussels/nl/jazz-concert/echo-sessions-jose-soares-invites/#primaryimage","url":"https://www.sounds.brussels/wp-content/uploads/2024/11/2024-11-20-echo-sessions-jos-soares-invites-1730741229.jpg","contentUrl":"https://www.sounds.brussels/wp-content/uploads/2024/11/2024-11-20-echo-sessions-jos-soares-invites-1730741229.jpg","width":1371,"height":1920},{"@type":"BreadcrumbList","@id":"https://www.sounds.brussels/nl/jazz-concert/echo-sessions-jose-soares-invites/#breadcrumb","itemListElement":[{"@type":"ListItem","position":1,"name":"Accueil","item":"https://www.sounds.brussels/nl/"},{"@type":"ListItem","position":2,"name":"Producten","item":"https://www.sounds.brussels/nl/shop/"},{"@type":"ListItem","position":3,"name":"ECHO SESSIONS | JOSÉ SOARES INVITES"}]},{"@type":"WebSite","@id":"https://www.sounds.brussels/nl/#website","url":"https://www.sounds.brussels/nl/","name":"Sounds Jazz Club","description":"","publisher":{"@id":"https://www.sounds.brussels/nl/#organization"},"potentialAction":[{"@type":"SearchAction","target":{"@type":"EntryPoint","urlTemplate":"https://www.sounds.brussels/nl/?s={search_term_string}"},"query-input":{"@type":"PropertyValueSpecification","valueRequired":true,"valueName":"search_term_string"}}],"inLanguage":"nl-NL"},{"@type":"Organization","@id":"https://www.sounds.brussels/nl/#organization","name":"Sounds Jazz Club","url":"https://www.sounds.brussels/nl/","logo":{"@type":"ImageObject","inLanguage":"nl-NL","@id":"https://www.sounds.brussels/nl/#/schema/logo/image/","url":"https://www.sounds.brussels/wp-content/uploads/2023/09/logo-sounds-BlackRed-RGB-scaled.jpg","contentUrl":"https://www.sounds.brussels/wp-content/uploads/2023/09/logo-sounds-BlackRed-RGB-scaled.jpg","width":2048,"height":1428,"caption":"Sounds Jazz Club"},"image":{"@id":"https://www.sounds.brussels/nl/#/schema/logo/image/"}}]}</script>
<!-- / Yoast SEO plugin. -->

ECHO SESSIONS | JOSÉ SOARES INVITES - Sounds Jazz Club

Adèle Viret - cello José Soares - alto saxophone & compositions Simon Groppe - piano
