{"id":139016,"date":"2024-10-16T21:20:33","date_gmt":"2024-10-16T19:20:33","guid":{"rendered":"https:\/\/www.sounds.brussels\/?post_type=product&#038;p=139016"},"modified":"2024-11-10T20:28:09","modified_gmt":"2024-11-10T19:28:09","slug":"jam-euro-latina-the-movings","status":"publish","type":"product","link":"https:\/\/www.sounds.brussels\/nl\/jazz-concert\/jam-euro-latina-the-movings\/","title":{"rendered":"JAM EURO-LATINA THE MOVINGS"},"content":{"rendered":"","protected":false},"excerpt":{"rendered":"<p>The Movings (rock alt band)<\/p>\n<p>Marceau Leredde guitar<br \/>\nAmine Bouarfa guitar<br \/>\nTimoth\u00e9 Perruchoud singer<br \/>\nVincent Borremans bass<br \/>\n\u00c9douard Jacquet drums <\/p>\n<p>5 humains, se rencontrent \u00e0 Bruxelles, allant tous dans un chemin diff\u00e9rent, Marceau guitariste, passionn\u00e9 d\u2019\u00e9motion et surtout \u00e0 travers la musique, r\u00e9unit sur une m\u00eame route Tim le chanteur, le bassiste Vincent , le guitariste Amine et le batteur Edouard.<br \/>\n5 personnalit\u00e9s, 5 influences et inspirations.<\/p>\n<p>The Movings ne se contentent pas de jouer de la musique : ils invitent \u00e0 vivre une exp\u00e9rience humaine et artistique intense, o\u00f9 l&#8217;\u00e9motion est au centre de tout.<\/p>\n","protected":false},"author":8382,"featured_media":139025,"comment_status":"closed","ping_status":"closed","template":"","meta":{"_acf_changed":false},"product_brand":[],"product_cat":[157],"product_tag":[],"class_list":{"0":"post-139016","1":"product","2":"type-product","3":"status-publish","4":"has-post-thumbnail","6":"product_cat-archived","8":"first","9":"instock","10":"shipping-taxable","11":"product-type-variable","12":"has-default-attributes","13":"nyp-product"},"acf":[],"yoast_head":"<!-- This site is optimized with the Yoast SEO plugin v26.9 - https:\/\/yoast.com\/product\/yoast-seo-wordpress\/ -->\n<title>JAM EURO-LATINA THE MOVINGS - Sounds Jazz Club<\/title>\n<meta name=\"robots\" content=\"index, follow, max-snippet:-1, max-image-preview:large, max-video-preview:-1\" \/>\n<link rel=\"canonical\" href=\"https:\/\/www.sounds.brussels\/nl\/jazz-concert\/jam-euro-latina-the-movings\/\" \/>\n<meta property=\"og:locale\" content=\"nl_NL\" \/>\n<meta property=\"og:type\" content=\"article\" \/>\n<meta property=\"og:title\" content=\"JAM EURO-LATINA THE MOVINGS - Sounds Jazz Club\" \/>\n<meta property=\"og:description\" content=\"The Movings (rock alt band)  Marceau Leredde guitar Amine Bouarfa guitar Timoth\u00e9 Perruchoud singer Vincent Borremans bass \u00c9douard Jacquet drums   5 humains, se rencontrent \u00e0 Bruxelles, allant tous dans un chemin diff\u00e9rent, Marceau guitariste, passionn\u00e9 d\u2019\u00e9motion et surtout \u00e0 travers la musique, r\u00e9unit sur une m\u00eame route Tim le chanteur, le bassiste Vincent , le guitariste Amine et le batteur Edouard. 5 personnalit\u00e9s, 5 influences et inspirations.  The Movings ne se contentent pas de jouer de la musique : ils invitent \u00e0 vivre une exp\u00e9rience humaine et artistique intense, o\u00f9 l&#039;\u00e9motion est au centre de tout.\" \/>\n<meta property=\"og:url\" content=\"https:\/\/www.sounds.brussels\/nl\/jazz-concert\/jam-euro-latina-the-movings\/\" \/>\n<meta property=\"og:site_name\" content=\"Sounds Jazz Club\" \/>\n<meta property=\"article:modified_time\" content=\"2024-11-10T19:28:09+00:00\" \/>\n<meta property=\"og:image\" content=\"https:\/\/www.sounds.brussels\/wp-content\/uploads\/2024\/10\/2024-11-12-jam-euro-latina-the-movings-1729106434.jpg\" \/>\n\t<meta property=\"og:image:width\" content=\"900\" \/>\n\t<meta property=\"og:image:height\" content=\"1600\" \/>\n\t<meta property=\"og:image:type\" content=\"image\/jpeg\" \/>\n<meta name=\"twitter:card\" content=\"summary_large_image\" \/>\n<meta name=\"twitter:label1\" content=\"Geschatte leestijd\" \/>\n\t<meta name=\"twitter:data1\" content=\"1 minuut\" \/>\n<script type=\"application\/ld+json\" class=\"yoast-schema-graph\">{\"@context\":\"https:\/\/schema.org\",\"@graph\":[{\"@type\":\"WebPage\",\"@id\":\"https:\/\/www.sounds.brussels\/nl\/jazz-concert\/jam-euro-latina-the-movings\/\",\"url\":\"https:\/\/www.sounds.brussels\/nl\/jazz-concert\/jam-euro-latina-the-movings\/\",\"name\":\"JAM EURO-LATINA THE MOVINGS - Sounds Jazz Club\",\"isPartOf\":{\"@id\":\"https:\/\/www.sounds.brussels\/nl\/#website\"},\"primaryImageOfPage\":{\"@id\":\"https:\/\/www.sounds.brussels\/nl\/jazz-concert\/jam-euro-latina-the-movings\/#primaryimage\"},\"image\":{\"@id\":\"https:\/\/www.sounds.brussels\/nl\/jazz-concert\/jam-euro-latina-the-movings\/#primaryimage\"},\"thumbnailUrl\":\"https:\/\/www.sounds.brussels\/wp-content\/uploads\/2024\/10\/2024-11-12-jam-euro-latina-the-movings-1729106434.jpg\",\"datePublished\":\"2024-10-16T19:20:33+00:00\",\"dateModified\":\"2024-11-10T19:28:09+00:00\",\"breadcrumb\":{\"@id\":\"https:\/\/www.sounds.brussels\/nl\/jazz-concert\/jam-euro-latina-the-movings\/#breadcrumb\"},\"inLanguage\":\"nl-NL\",\"potentialAction\":[{\"@type\":\"ReadAction\",\"target\":[\"https:\/\/www.sounds.brussels\/nl\/jazz-concert\/jam-euro-latina-the-movings\/\"]}]},{\"@type\":\"ImageObject\",\"inLanguage\":\"nl-NL\",\"@id\":\"https:\/\/www.sounds.brussels\/nl\/jazz-concert\/jam-euro-latina-the-movings\/#primaryimage\",\"url\":\"https:\/\/www.sounds.brussels\/wp-content\/uploads\/2024\/10\/2024-11-12-jam-euro-latina-the-movings-1729106434.jpg\",\"contentUrl\":\"https:\/\/www.sounds.brussels\/wp-content\/uploads\/2024\/10\/2024-11-12-jam-euro-latina-the-movings-1729106434.jpg\",\"width\":900,\"height\":1600},{\"@type\":\"BreadcrumbList\",\"@id\":\"https:\/\/www.sounds.brussels\/nl\/jazz-concert\/jam-euro-latina-the-movings\/#breadcrumb\",\"itemListElement\":[{\"@type\":\"ListItem\",\"position\":1,\"name\":\"Accueil\",\"item\":\"https:\/\/www.sounds.brussels\/nl\/\"},{\"@type\":\"ListItem\",\"position\":2,\"name\":\"Producten\",\"item\":\"https:\/\/www.sounds.brussels\/nl\/shop\/\"},{\"@type\":\"ListItem\",\"position\":3,\"name\":\"JAM EURO-LATINA THE MOVINGS\"}]},{\"@type\":\"WebSite\",\"@id\":\"https:\/\/www.sounds.brussels\/nl\/#website\",\"url\":\"https:\/\/www.sounds.brussels\/nl\/\",\"name\":\"Sounds Jazz Club\",\"description\":\"\",\"publisher\":{\"@id\":\"https:\/\/www.sounds.brussels\/nl\/#organization\"},\"potentialAction\":[{\"@type\":\"SearchAction\",\"target\":{\"@type\":\"EntryPoint\",\"urlTemplate\":\"https:\/\/www.sounds.brussels\/nl\/?s={search_term_string}\"},\"query-input\":{\"@type\":\"PropertyValueSpecification\",\"valueRequired\":true,\"valueName\":\"search_term_string\"}}],\"inLanguage\":\"nl-NL\"},{\"@type\":\"Organization\",\"@id\":\"https:\/\/www.sounds.brussels\/nl\/#organization\",\"name\":\"Sounds Jazz Club\",\"url\":\"https:\/\/www.sounds.brussels\/nl\/\",\"logo\":{\"@type\":\"ImageObject\",\"inLanguage\":\"nl-NL\",\"@id\":\"https:\/\/www.sounds.brussels\/nl\/#\/schema\/logo\/image\/\",\"url\":\"https:\/\/www.sounds.brussels\/wp-content\/uploads\/2023\/09\/logo-sounds-BlackRed-RGB-scaled.jpg\",\"contentUrl\":\"https:\/\/www.sounds.brussels\/wp-content\/uploads\/2023\/09\/logo-sounds-BlackRed-RGB-scaled.jpg\",\"width\":2048,\"height\":1428,\"caption\":\"Sounds Jazz Club\"},\"image\":{\"@id\":\"https:\/\/www.sounds.brussels\/nl\/#\/schema\/logo\/image\/\"}}]}<\/script>\n<!-- \/ Yoast SEO plugin. -->","yoast_head_json":{"title":"JAM EURO-LATINA THE MOVINGS - Sounds Jazz Club","robots":{"index":"index","follow":"follow","max-snippet":"max-snippet:-1","max-image-preview":"max-image-preview:large","max-video-preview":"max-video-preview:-1"},"canonical":"https:\/\/www.sounds.brussels\/nl\/jazz-concert\/jam-euro-latina-the-movings\/","og_locale":"nl_NL","og_type":"article","og_title":"JAM EURO-LATINA THE MOVINGS - Sounds Jazz Club","og_description":"The Movings (rock alt band)  Marceau Leredde guitar Amine Bouarfa guitar Timoth\u00e9 Perruchoud singer Vincent Borremans bass \u00c9douard Jacquet drums   5 humains, se rencontrent \u00e0 Bruxelles, allant tous dans un chemin diff\u00e9rent, Marceau guitariste, passionn\u00e9 d\u2019\u00e9motion et surtout \u00e0 travers la musique, r\u00e9unit sur une m\u00eame route Tim le chanteur, le bassiste Vincent , le guitariste Amine et le batteur Edouard. 5 personnalit\u00e9s, 5 influences et inspirations.  The Movings ne se contentent pas de jouer de la musique : ils invitent \u00e0 vivre une exp\u00e9rience humaine et artistique intense, o\u00f9 l'\u00e9motion est au centre de tout.","og_url":"https:\/\/www.sounds.brussels\/nl\/jazz-concert\/jam-euro-latina-the-movings\/","og_site_name":"Sounds Jazz Club","article_modified_time":"2024-11-10T19:28:09+00:00","og_image":[{"width":900,"height":1600,"url":"https:\/\/www.sounds.brussels\/wp-content\/uploads\/2024\/10\/2024-11-12-jam-euro-latina-the-movings-1729106434.jpg","type":"image\/jpeg"}],"twitter_card":"summary_large_image","twitter_misc":{"Geschatte leestijd":"1 minuut"},"schema":{"@context":"https:\/\/schema.org","@graph":[{"@type":"WebPage","@id":"https:\/\/www.sounds.brussels\/nl\/jazz-concert\/jam-euro-latina-the-movings\/","url":"https:\/\/www.sounds.brussels\/nl\/jazz-concert\/jam-euro-latina-the-movings\/","name":"JAM EURO-LATINA THE MOVINGS - Sounds Jazz Club","isPartOf":{"@id":"https:\/\/www.sounds.brussels\/nl\/#website"},"primaryImageOfPage":{"@id":"https:\/\/www.sounds.brussels\/nl\/jazz-concert\/jam-euro-latina-the-movings\/#primaryimage"},"image":{"@id":"https:\/\/www.sounds.brussels\/nl\/jazz-concert\/jam-euro-latina-the-movings\/#primaryimage"},"thumbnailUrl":"https:\/\/www.sounds.brussels\/wp-content\/uploads\/2024\/10\/2024-11-12-jam-euro-latina-the-movings-1729106434.jpg","datePublished":"2024-10-16T19:20:33+00:00","dateModified":"2024-11-10T19:28:09+00:00","breadcrumb":{"@id":"https:\/\/www.sounds.brussels\/nl\/jazz-concert\/jam-euro-latina-the-movings\/#breadcrumb"},"inLanguage":"nl-NL","potentialAction":[{"@type":"ReadAction","target":["https:\/\/www.sounds.brussels\/nl\/jazz-concert\/jam-euro-latina-the-movings\/"]}]},{"@type":"ImageObject","inLanguage":"nl-NL","@id":"https:\/\/www.sounds.brussels\/nl\/jazz-concert\/jam-euro-latina-the-movings\/#primaryimage","url":"https:\/\/www.sounds.brussels\/wp-content\/uploads\/2024\/10\/2024-11-12-jam-euro-latina-the-movings-1729106434.jpg","contentUrl":"https:\/\/www.sounds.brussels\/wp-content\/uploads\/2024\/10\/2024-11-12-jam-euro-latina-the-movings-1729106434.jpg","width":900,"height":1600},{"@type":"BreadcrumbList","@id":"https:\/\/www.sounds.brussels\/nl\/jazz-concert\/jam-euro-latina-the-movings\/#breadcrumb","itemListElement":[{"@type":"ListItem","position":1,"name":"Accueil","item":"https:\/\/www.sounds.brussels\/nl\/"},{"@type":"ListItem","position":2,"name":"Producten","item":"https:\/\/www.sounds.brussels\/nl\/shop\/"},{"@type":"ListItem","position":3,"name":"JAM EURO-LATINA THE MOVINGS"}]},{"@type":"WebSite","@id":"https:\/\/www.sounds.brussels\/nl\/#website","url":"https:\/\/www.sounds.brussels\/nl\/","name":"Sounds Jazz Club","description":"","publisher":{"@id":"https:\/\/www.sounds.brussels\/nl\/#organization"},"potentialAction":[{"@type":"SearchAction","target":{"@type":"EntryPoint","urlTemplate":"https:\/\/www.sounds.brussels\/nl\/?s={search_term_string}"},"query-input":{"@type":"PropertyValueSpecification","valueRequired":true,"valueName":"search_term_string"}}],"inLanguage":"nl-NL"},{"@type":"Organization","@id":"https:\/\/www.sounds.brussels\/nl\/#organization","name":"Sounds Jazz Club","url":"https:\/\/www.sounds.brussels\/nl\/","logo":{"@type":"ImageObject","inLanguage":"nl-NL","@id":"https:\/\/www.sounds.brussels\/nl\/#\/schema\/logo\/image\/","url":"https:\/\/www.sounds.brussels\/wp-content\/uploads\/2023\/09\/logo-sounds-BlackRed-RGB-scaled.jpg","contentUrl":"https:\/\/www.sounds.brussels\/wp-content\/uploads\/2023\/09\/logo-sounds-BlackRed-RGB-scaled.jpg","width":2048,"height":1428,"caption":"Sounds Jazz Club"},"image":{"@id":"https:\/\/www.sounds.brussels\/nl\/#\/schema\/logo\/image\/"}}]}},"_links":{"self":[{"href":"https:\/\/www.sounds.brussels\/nl\/wp-json\/wp\/v2\/product\/139016","targetHints":{"allow":["GET"]}}],"collection":[{"href":"https:\/\/www.sounds.brussels\/nl\/wp-json\/wp\/v2\/product"}],"about":[{"href":"https:\/\/www.sounds.brussels\/nl\/wp-json\/wp\/v2\/types\/product"}],"author":[{"embeddable":true,"href":"https:\/\/www.sounds.brussels\/nl\/wp-json\/wp\/v2\/users\/8382"}],"replies":[{"embeddable":true,"href":"https:\/\/www.sounds.brussels\/nl\/wp-json\/wp\/v2\/comments?post=139016"}],"wp:featuredmedia":[{"embeddable":true,"href":"https:\/\/www.sounds.brussels\/nl\/wp-json\/wp\/v2\/media\/139025"}],"wp:attachment":[{"href":"https:\/\/www.sounds.brussels\/nl\/wp-json\/wp\/v2\/media?parent=139016"}],"wp:term":[{"taxonomy":"product_brand","embeddable":true,"href":"https:\/\/www.sounds.brussels\/nl\/wp-json\/wp\/v2\/product_brand?post=139016"},{"taxonomy":"product_cat","embeddable":true,"href":"https:\/\/www.sounds.brussels\/nl\/wp-json\/wp\/v2\/product_cat?post=139016"},{"taxonomy":"product_tag","embeddable":true,"href":"https:\/\/www.sounds.brussels\/nl\/wp-json\/wp\/v2\/product_tag?post=139016"}],"curies":[{"name":"wp","href":"https:\/\/api.w.org\/{rel}","templated":true}]}}

<p>The Movings (rock alt band)</p>
<p>Marceau Leredde guitar<br />
Amine Bouarfa guitar<br />
Timothé Perruchoud singer<br />
Vincent Borremans bass<br />
Édouard Jacquet drums </p>
<p>5 humains, se rencontrent à Bruxelles, allant tous dans un chemin différent, Marceau guitariste, passionné d’émotion et surtout à travers la musique, réunit sur une même route Tim le chanteur, le bassiste Vincent , le guitariste Amine et le batteur Edouard.<br />
5 personnalités, 5 influences et inspirations.</p>
<p>The Movings ne se contentent pas de jouer de la musique : ils invitent à vivre une expérience humaine et artistique intense, où l&#8217;émotion est au centre de tout.</p>

<!-- This site is optimized with the Yoast SEO plugin v26.9 - https://yoast.com/product/yoast-seo-wordpress/ -->
<title>JAM EURO-LATINA THE MOVINGS - Sounds Jazz Club</title>
<meta name="robots" content="index, follow, max-snippet:-1, max-image-preview:large, max-video-preview:-1" />
<link rel="canonical" href="https://www.sounds.brussels/nl/jazz-concert/jam-euro-latina-the-movings/" />
<meta property="og:locale" content="nl_NL" />
<meta property="og:type" content="article" />
<meta property="og:title" content="JAM EURO-LATINA THE MOVINGS - Sounds Jazz Club" />
<meta property="og:description" content="The Movings (rock alt band)  Marceau Leredde guitar Amine Bouarfa guitar Timothé Perruchoud singer Vincent Borremans bass Édouard Jacquet drums   5 humains, se rencontrent à Bruxelles, allant tous dans un chemin différent, Marceau guitariste, passionné d’émotion et surtout à travers la musique, réunit sur une même route Tim le chanteur, le bassiste Vincent , le guitariste Amine et le batteur Edouard. 5 personnalités, 5 influences et inspirations.  The Movings ne se contentent pas de jouer de la musique : ils invitent à vivre une expérience humaine et artistique intense, où l&#039;émotion est au centre de tout." />
<meta property="og:url" content="https://www.sounds.brussels/nl/jazz-concert/jam-euro-latina-the-movings/" />
<meta property="og:site_name" content="Sounds Jazz Club" />
<meta property="article:modified_time" content="2024-11-10T19:28:09+00:00" />
<meta property="og:image" content="https://www.sounds.brussels/wp-content/uploads/2024/10/2024-11-12-jam-euro-latina-the-movings-1729106434.jpg" />
	<meta property="og:image:width" content="900" />
	<meta property="og:image:height" content="1600" />
	<meta property="og:image:type" content="image/jpeg" />
<meta name="twitter:card" content="summary_large_image" />
<meta name="twitter:label1" content="Geschatte leestijd" />
	<meta name="twitter:data1" content="1 minuut" />
<script type="application/ld+json" class="yoast-schema-graph">{"@context":"https://schema.org","@graph":[{"@type":"WebPage","@id":"https://www.sounds.brussels/nl/jazz-concert/jam-euro-latina-the-movings/","url":"https://www.sounds.brussels/nl/jazz-concert/jam-euro-latina-the-movings/","name":"JAM EURO-LATINA THE MOVINGS - Sounds Jazz Club","isPartOf":{"@id":"https://www.sounds.brussels/nl/#website"},"primaryImageOfPage":{"@id":"https://www.sounds.brussels/nl/jazz-concert/jam-euro-latina-the-movings/#primaryimage"},"image":{"@id":"https://www.sounds.brussels/nl/jazz-concert/jam-euro-latina-the-movings/#primaryimage"},"thumbnailUrl":"https://www.sounds.brussels/wp-content/uploads/2024/10/2024-11-12-jam-euro-latina-the-movings-1729106434.jpg","datePublished":"2024-10-16T19:20:33+00:00","dateModified":"2024-11-10T19:28:09+00:00","breadcrumb":{"@id":"https://www.sounds.brussels/nl/jazz-concert/jam-euro-latina-the-movings/#breadcrumb"},"inLanguage":"nl-NL","potentialAction":[{"@type":"ReadAction","target":["https://www.sounds.brussels/nl/jazz-concert/jam-euro-latina-the-movings/"]}]},{"@type":"ImageObject","inLanguage":"nl-NL","@id":"https://www.sounds.brussels/nl/jazz-concert/jam-euro-latina-the-movings/#primaryimage","url":"https://www.sounds.brussels/wp-content/uploads/2024/10/2024-11-12-jam-euro-latina-the-movings-1729106434.jpg","contentUrl":"https://www.sounds.brussels/wp-content/uploads/2024/10/2024-11-12-jam-euro-latina-the-movings-1729106434.jpg","width":900,"height":1600},{"@type":"BreadcrumbList","@id":"https://www.sounds.brussels/nl/jazz-concert/jam-euro-latina-the-movings/#breadcrumb","itemListElement":[{"@type":"ListItem","position":1,"name":"Accueil","item":"https://www.sounds.brussels/nl/"},{"@type":"ListItem","position":2,"name":"Producten","item":"https://www.sounds.brussels/nl/shop/"},{"@type":"ListItem","position":3,"name":"JAM EURO-LATINA THE MOVINGS"}]},{"@type":"WebSite","@id":"https://www.sounds.brussels/nl/#website","url":"https://www.sounds.brussels/nl/","name":"Sounds Jazz Club","description":"","publisher":{"@id":"https://www.sounds.brussels/nl/#organization"},"potentialAction":[{"@type":"SearchAction","target":{"@type":"EntryPoint","urlTemplate":"https://www.sounds.brussels/nl/?s={search_term_string}"},"query-input":{"@type":"PropertyValueSpecification","valueRequired":true,"valueName":"search_term_string"}}],"inLanguage":"nl-NL"},{"@type":"Organization","@id":"https://www.sounds.brussels/nl/#organization","name":"Sounds Jazz Club","url":"https://www.sounds.brussels/nl/","logo":{"@type":"ImageObject","inLanguage":"nl-NL","@id":"https://www.sounds.brussels/nl/#/schema/logo/image/","url":"https://www.sounds.brussels/wp-content/uploads/2023/09/logo-sounds-BlackRed-RGB-scaled.jpg","contentUrl":"https://www.sounds.brussels/wp-content/uploads/2023/09/logo-sounds-BlackRed-RGB-scaled.jpg","width":2048,"height":1428,"caption":"Sounds Jazz Club"},"image":{"@id":"https://www.sounds.brussels/nl/#/schema/logo/image/"}}]}</script>
<!-- / Yoast SEO plugin. -->

The Movings (rock alt band)  Marceau Leredde guitar Amine Bouarfa guitar Timothé Perruchoud singer Vincent Borremans bass Édouard Jacquet drums   5 humains, se rencontrent à Bruxelles, allant tous dans un chemin différent, Marceau guitariste, passionné d’émotion et surtout à travers la musique, réunit sur une même route Tim le chanteur, le bassiste Vincent , le guitariste Amine et le batteur Edouard. 5 personnalités, 5 influences et inspirations.  The Movings ne se contentent pas de jouer de la musique : ils invitent à vivre une expérience humaine et artistique intense, où l'émotion est au centre de tout.
