{"id":138909,"date":"2024-10-14T17:42:32","date_gmt":"2024-10-14T15:42:32","guid":{"rendered":"https:\/\/www.sounds.brussels\/?post_type=product&#038;p=138909"},"modified":"2024-10-26T19:30:16","modified_gmt":"2024-10-26T17:30:16","slug":"salsa-y-son","status":"publish","type":"product","link":"https:\/\/www.sounds.brussels\/nl\/jazz-concert\/salsa-y-son\/","title":{"rendered":"SALSA Y SON"},"content":{"rendered":"","protected":false},"excerpt":{"rendered":"<p>Canto pucho Diaz<br \/>\nPiano pablo<br \/>\nBateria Danny<br \/>\nBajo Jose<br \/>\nTrompeta Nico Sanchez<\/p>\n<p>Pucho Diaz est un chanteur, compositeur et interpr\u00e8te autodidacte n\u00e9 \u00e0 La Havane, il a fait ses premiers pas sur sc\u00e8ne avec sa guitare dans le mouvement cubain appel\u00e9 Nueva Trova, puis il se construit une base technique solide au conservatoire. Il a fond\u00e9 plusieurs groupes dans sa ville natale qu&#8217;ont eu des grands succ\u00e8s.<\/p>\n<p>Pucho part alors \u00e0 l&#8217;aventure \u00e0 travers l&#8217;Europe. Il a d&#8217;abord pass\u00e9 quelques ann\u00e9es \u00e0 Barcelone avant de finir \u00e0 Bruxelles<\/p>\n<p>Tandis qu&#8217;il s&#8217;int\u00e8gre dans divers projets musicaux, sa musique est le r\u00e9sultat de ces diverses influences et est tr\u00e8s particuli\u00e8re, ses textes \u00e9labor\u00e9s apportent profondeur, humour et esprit festif.<\/p>\n","protected":false},"author":8382,"featured_media":138918,"comment_status":"closed","ping_status":"closed","template":"","meta":{"_acf_changed":false},"product_brand":[],"product_cat":[157],"product_tag":[],"class_list":{"0":"post-138909","1":"product","2":"type-product","3":"status-publish","4":"has-post-thumbnail","6":"product_cat-archived","8":"first","9":"instock","10":"shipping-taxable","11":"product-type-variable","12":"has-default-attributes","13":"nyp-product"},"acf":[],"yoast_head":"<!-- This site is optimized with the Yoast SEO plugin v26.9 - https:\/\/yoast.com\/product\/yoast-seo-wordpress\/ -->\n<title>SALSA Y SON - Sounds Jazz Club<\/title>\n<meta name=\"robots\" content=\"index, follow, max-snippet:-1, max-image-preview:large, max-video-preview:-1\" \/>\n<link rel=\"canonical\" href=\"https:\/\/www.sounds.brussels\/nl\/jazz-concert\/salsa-y-son\/\" \/>\n<meta property=\"og:locale\" content=\"nl_NL\" \/>\n<meta property=\"og:type\" content=\"article\" \/>\n<meta property=\"og:title\" content=\"SALSA Y SON - Sounds Jazz Club\" \/>\n<meta property=\"og:description\" content=\"Canto pucho Diaz Piano pablo Bateria Danny Bajo Jose Trompeta Nico Sanchez Pucho Diaz est un chanteur, compositeur et interpr\u00e8te autodidacte n\u00e9 \u00e0 La Havane, il a fait ses premiers pas sur sc\u00e8ne avec sa guitare dans le mouvement cubain appel\u00e9 Nueva Trova, puis il se construit une base technique solide au conservatoire. Il a fond\u00e9 plusieurs groupes dans sa ville natale qu&#039;ont eu des grands succ\u00e8s.  Pucho part alors \u00e0 l&#039;aventure \u00e0 travers l&#039;Europe. Il a d&#039;abord pass\u00e9 quelques ann\u00e9es \u00e0 Barcelone avant de finir \u00e0 Bruxelles Tandis qu&#039;il s&#039;int\u00e8gre dans divers projets musicaux, sa musique est le r\u00e9sultat de ces diverses influences et est tr\u00e8s particuli\u00e8re, ses textes \u00e9labor\u00e9s apportent profondeur, humour et esprit festif.\" \/>\n<meta property=\"og:url\" content=\"https:\/\/www.sounds.brussels\/nl\/jazz-concert\/salsa-y-son\/\" \/>\n<meta property=\"og:site_name\" content=\"Sounds Jazz Club\" \/>\n<meta property=\"article:modified_time\" content=\"2024-10-26T17:30:16+00:00\" \/>\n<meta property=\"og:image\" content=\"https:\/\/www.sounds.brussels\/wp-content\/uploads\/2024\/10\/2024-10-26-salsa-y-son-1728920552.jpg\" \/>\n\t<meta property=\"og:image:width\" content=\"820\" \/>\n\t<meta property=\"og:image:height\" content=\"820\" \/>\n\t<meta property=\"og:image:type\" content=\"image\/jpeg\" \/>\n<meta name=\"twitter:card\" content=\"summary_large_image\" \/>\n<script type=\"application\/ld+json\" class=\"yoast-schema-graph\">{\"@context\":\"https:\/\/schema.org\",\"@graph\":[{\"@type\":\"WebPage\",\"@id\":\"https:\/\/www.sounds.brussels\/nl\/jazz-concert\/salsa-y-son\/\",\"url\":\"https:\/\/www.sounds.brussels\/nl\/jazz-concert\/salsa-y-son\/\",\"name\":\"SALSA Y SON - Sounds Jazz Club\",\"isPartOf\":{\"@id\":\"https:\/\/www.sounds.brussels\/nl\/#website\"},\"primaryImageOfPage\":{\"@id\":\"https:\/\/www.sounds.brussels\/nl\/jazz-concert\/salsa-y-son\/#primaryimage\"},\"image\":{\"@id\":\"https:\/\/www.sounds.brussels\/nl\/jazz-concert\/salsa-y-son\/#primaryimage\"},\"thumbnailUrl\":\"https:\/\/www.sounds.brussels\/wp-content\/uploads\/2024\/10\/2024-10-26-salsa-y-son-1728920552.jpg\",\"datePublished\":\"2024-10-14T15:42:32+00:00\",\"dateModified\":\"2024-10-26T17:30:16+00:00\",\"breadcrumb\":{\"@id\":\"https:\/\/www.sounds.brussels\/nl\/jazz-concert\/salsa-y-son\/#breadcrumb\"},\"inLanguage\":\"nl-NL\",\"potentialAction\":[{\"@type\":\"ReadAction\",\"target\":[\"https:\/\/www.sounds.brussels\/nl\/jazz-concert\/salsa-y-son\/\"]}]},{\"@type\":\"ImageObject\",\"inLanguage\":\"nl-NL\",\"@id\":\"https:\/\/www.sounds.brussels\/nl\/jazz-concert\/salsa-y-son\/#primaryimage\",\"url\":\"https:\/\/www.sounds.brussels\/wp-content\/uploads\/2024\/10\/2024-10-26-salsa-y-son-1728920552.jpg\",\"contentUrl\":\"https:\/\/www.sounds.brussels\/wp-content\/uploads\/2024\/10\/2024-10-26-salsa-y-son-1728920552.jpg\",\"width\":820,\"height\":820},{\"@type\":\"BreadcrumbList\",\"@id\":\"https:\/\/www.sounds.brussels\/nl\/jazz-concert\/salsa-y-son\/#breadcrumb\",\"itemListElement\":[{\"@type\":\"ListItem\",\"position\":1,\"name\":\"Accueil\",\"item\":\"https:\/\/www.sounds.brussels\/nl\/\"},{\"@type\":\"ListItem\",\"position\":2,\"name\":\"Producten\",\"item\":\"https:\/\/www.sounds.brussels\/nl\/shop\/\"},{\"@type\":\"ListItem\",\"position\":3,\"name\":\"SALSA Y SON\"}]},{\"@type\":\"WebSite\",\"@id\":\"https:\/\/www.sounds.brussels\/nl\/#website\",\"url\":\"https:\/\/www.sounds.brussels\/nl\/\",\"name\":\"Sounds Jazz Club\",\"description\":\"\",\"publisher\":{\"@id\":\"https:\/\/www.sounds.brussels\/nl\/#organization\"},\"potentialAction\":[{\"@type\":\"SearchAction\",\"target\":{\"@type\":\"EntryPoint\",\"urlTemplate\":\"https:\/\/www.sounds.brussels\/nl\/?s={search_term_string}\"},\"query-input\":{\"@type\":\"PropertyValueSpecification\",\"valueRequired\":true,\"valueName\":\"search_term_string\"}}],\"inLanguage\":\"nl-NL\"},{\"@type\":\"Organization\",\"@id\":\"https:\/\/www.sounds.brussels\/nl\/#organization\",\"name\":\"Sounds Jazz Club\",\"url\":\"https:\/\/www.sounds.brussels\/nl\/\",\"logo\":{\"@type\":\"ImageObject\",\"inLanguage\":\"nl-NL\",\"@id\":\"https:\/\/www.sounds.brussels\/nl\/#\/schema\/logo\/image\/\",\"url\":\"https:\/\/www.sounds.brussels\/wp-content\/uploads\/2023\/09\/logo-sounds-BlackRed-RGB-scaled.jpg\",\"contentUrl\":\"https:\/\/www.sounds.brussels\/wp-content\/uploads\/2023\/09\/logo-sounds-BlackRed-RGB-scaled.jpg\",\"width\":2048,\"height\":1428,\"caption\":\"Sounds Jazz Club\"},\"image\":{\"@id\":\"https:\/\/www.sounds.brussels\/nl\/#\/schema\/logo\/image\/\"}}]}<\/script>\n<!-- \/ Yoast SEO plugin. -->","yoast_head_json":{"title":"SALSA Y SON - Sounds Jazz Club","robots":{"index":"index","follow":"follow","max-snippet":"max-snippet:-1","max-image-preview":"max-image-preview:large","max-video-preview":"max-video-preview:-1"},"canonical":"https:\/\/www.sounds.brussels\/nl\/jazz-concert\/salsa-y-son\/","og_locale":"nl_NL","og_type":"article","og_title":"SALSA Y SON - Sounds Jazz Club","og_description":"Canto pucho Diaz Piano pablo Bateria Danny Bajo Jose Trompeta Nico Sanchez Pucho Diaz est un chanteur, compositeur et interpr\u00e8te autodidacte n\u00e9 \u00e0 La Havane, il a fait ses premiers pas sur sc\u00e8ne avec sa guitare dans le mouvement cubain appel\u00e9 Nueva Trova, puis il se construit une base technique solide au conservatoire. Il a fond\u00e9 plusieurs groupes dans sa ville natale qu'ont eu des grands succ\u00e8s.  Pucho part alors \u00e0 l'aventure \u00e0 travers l'Europe. Il a d'abord pass\u00e9 quelques ann\u00e9es \u00e0 Barcelone avant de finir \u00e0 Bruxelles Tandis qu'il s'int\u00e8gre dans divers projets musicaux, sa musique est le r\u00e9sultat de ces diverses influences et est tr\u00e8s particuli\u00e8re, ses textes \u00e9labor\u00e9s apportent profondeur, humour et esprit festif.","og_url":"https:\/\/www.sounds.brussels\/nl\/jazz-concert\/salsa-y-son\/","og_site_name":"Sounds Jazz Club","article_modified_time":"2024-10-26T17:30:16+00:00","og_image":[{"width":820,"height":820,"url":"https:\/\/www.sounds.brussels\/wp-content\/uploads\/2024\/10\/2024-10-26-salsa-y-son-1728920552.jpg","type":"image\/jpeg"}],"twitter_card":"summary_large_image","schema":{"@context":"https:\/\/schema.org","@graph":[{"@type":"WebPage","@id":"https:\/\/www.sounds.brussels\/nl\/jazz-concert\/salsa-y-son\/","url":"https:\/\/www.sounds.brussels\/nl\/jazz-concert\/salsa-y-son\/","name":"SALSA Y SON - Sounds Jazz Club","isPartOf":{"@id":"https:\/\/www.sounds.brussels\/nl\/#website"},"primaryImageOfPage":{"@id":"https:\/\/www.sounds.brussels\/nl\/jazz-concert\/salsa-y-son\/#primaryimage"},"image":{"@id":"https:\/\/www.sounds.brussels\/nl\/jazz-concert\/salsa-y-son\/#primaryimage"},"thumbnailUrl":"https:\/\/www.sounds.brussels\/wp-content\/uploads\/2024\/10\/2024-10-26-salsa-y-son-1728920552.jpg","datePublished":"2024-10-14T15:42:32+00:00","dateModified":"2024-10-26T17:30:16+00:00","breadcrumb":{"@id":"https:\/\/www.sounds.brussels\/nl\/jazz-concert\/salsa-y-son\/#breadcrumb"},"inLanguage":"nl-NL","potentialAction":[{"@type":"ReadAction","target":["https:\/\/www.sounds.brussels\/nl\/jazz-concert\/salsa-y-son\/"]}]},{"@type":"ImageObject","inLanguage":"nl-NL","@id":"https:\/\/www.sounds.brussels\/nl\/jazz-concert\/salsa-y-son\/#primaryimage","url":"https:\/\/www.sounds.brussels\/wp-content\/uploads\/2024\/10\/2024-10-26-salsa-y-son-1728920552.jpg","contentUrl":"https:\/\/www.sounds.brussels\/wp-content\/uploads\/2024\/10\/2024-10-26-salsa-y-son-1728920552.jpg","width":820,"height":820},{"@type":"BreadcrumbList","@id":"https:\/\/www.sounds.brussels\/nl\/jazz-concert\/salsa-y-son\/#breadcrumb","itemListElement":[{"@type":"ListItem","position":1,"name":"Accueil","item":"https:\/\/www.sounds.brussels\/nl\/"},{"@type":"ListItem","position":2,"name":"Producten","item":"https:\/\/www.sounds.brussels\/nl\/shop\/"},{"@type":"ListItem","position":3,"name":"SALSA Y SON"}]},{"@type":"WebSite","@id":"https:\/\/www.sounds.brussels\/nl\/#website","url":"https:\/\/www.sounds.brussels\/nl\/","name":"Sounds Jazz Club","description":"","publisher":{"@id":"https:\/\/www.sounds.brussels\/nl\/#organization"},"potentialAction":[{"@type":"SearchAction","target":{"@type":"EntryPoint","urlTemplate":"https:\/\/www.sounds.brussels\/nl\/?s={search_term_string}"},"query-input":{"@type":"PropertyValueSpecification","valueRequired":true,"valueName":"search_term_string"}}],"inLanguage":"nl-NL"},{"@type":"Organization","@id":"https:\/\/www.sounds.brussels\/nl\/#organization","name":"Sounds Jazz Club","url":"https:\/\/www.sounds.brussels\/nl\/","logo":{"@type":"ImageObject","inLanguage":"nl-NL","@id":"https:\/\/www.sounds.brussels\/nl\/#\/schema\/logo\/image\/","url":"https:\/\/www.sounds.brussels\/wp-content\/uploads\/2023\/09\/logo-sounds-BlackRed-RGB-scaled.jpg","contentUrl":"https:\/\/www.sounds.brussels\/wp-content\/uploads\/2023\/09\/logo-sounds-BlackRed-RGB-scaled.jpg","width":2048,"height":1428,"caption":"Sounds Jazz Club"},"image":{"@id":"https:\/\/www.sounds.brussels\/nl\/#\/schema\/logo\/image\/"}}]}},"_links":{"self":[{"href":"https:\/\/www.sounds.brussels\/nl\/wp-json\/wp\/v2\/product\/138909","targetHints":{"allow":["GET"]}}],"collection":[{"href":"https:\/\/www.sounds.brussels\/nl\/wp-json\/wp\/v2\/product"}],"about":[{"href":"https:\/\/www.sounds.brussels\/nl\/wp-json\/wp\/v2\/types\/product"}],"author":[{"embeddable":true,"href":"https:\/\/www.sounds.brussels\/nl\/wp-json\/wp\/v2\/users\/8382"}],"replies":[{"embeddable":true,"href":"https:\/\/www.sounds.brussels\/nl\/wp-json\/wp\/v2\/comments?post=138909"}],"wp:featuredmedia":[{"embeddable":true,"href":"https:\/\/www.sounds.brussels\/nl\/wp-json\/wp\/v2\/media\/138918"}],"wp:attachment":[{"href":"https:\/\/www.sounds.brussels\/nl\/wp-json\/wp\/v2\/media?parent=138909"}],"wp:term":[{"taxonomy":"product_brand","embeddable":true,"href":"https:\/\/www.sounds.brussels\/nl\/wp-json\/wp\/v2\/product_brand?post=138909"},{"taxonomy":"product_cat","embeddable":true,"href":"https:\/\/www.sounds.brussels\/nl\/wp-json\/wp\/v2\/product_cat?post=138909"},{"taxonomy":"product_tag","embeddable":true,"href":"https:\/\/www.sounds.brussels\/nl\/wp-json\/wp\/v2\/product_tag?post=138909"}],"curies":[{"name":"wp","href":"https:\/\/api.w.org\/{rel}","templated":true}]}}

<p>Canto pucho Diaz<br />
Piano pablo<br />
Bateria Danny<br />
Bajo Jose<br />
Trompeta Nico Sanchez</p>
<p>Pucho Diaz est un chanteur, compositeur et interprète autodidacte né à La Havane, il a fait ses premiers pas sur scène avec sa guitare dans le mouvement cubain appelé Nueva Trova, puis il se construit une base technique solide au conservatoire. Il a fondé plusieurs groupes dans sa ville natale qu&#8217;ont eu des grands succès.</p>
<p>Pucho part alors à l&#8217;aventure à travers l&#8217;Europe. Il a d&#8217;abord passé quelques années à Barcelone avant de finir à Bruxelles</p>
<p>Tandis qu&#8217;il s&#8217;intègre dans divers projets musicaux, sa musique est le résultat de ces diverses influences et est très particulière, ses textes élaborés apportent profondeur, humour et esprit festif.</p>

<!-- This site is optimized with the Yoast SEO plugin v26.9 - https://yoast.com/product/yoast-seo-wordpress/ -->
<title>SALSA Y SON - Sounds Jazz Club</title>
<meta name="robots" content="index, follow, max-snippet:-1, max-image-preview:large, max-video-preview:-1" />
<link rel="canonical" href="https://www.sounds.brussels/nl/jazz-concert/salsa-y-son/" />
<meta property="og:locale" content="nl_NL" />
<meta property="og:type" content="article" />
<meta property="og:title" content="SALSA Y SON - Sounds Jazz Club" />
<meta property="og:description" content="Canto pucho Diaz Piano pablo Bateria Danny Bajo Jose Trompeta Nico Sanchez Pucho Diaz est un chanteur, compositeur et interprète autodidacte né à La Havane, il a fait ses premiers pas sur scène avec sa guitare dans le mouvement cubain appelé Nueva Trova, puis il se construit une base technique solide au conservatoire. Il a fondé plusieurs groupes dans sa ville natale qu&#039;ont eu des grands succès.  Pucho part alors à l&#039;aventure à travers l&#039;Europe. Il a d&#039;abord passé quelques années à Barcelone avant de finir à Bruxelles Tandis qu&#039;il s&#039;intègre dans divers projets musicaux, sa musique est le résultat de ces diverses influences et est très particulière, ses textes élaborés apportent profondeur, humour et esprit festif." />
<meta property="og:url" content="https://www.sounds.brussels/nl/jazz-concert/salsa-y-son/" />
<meta property="og:site_name" content="Sounds Jazz Club" />
<meta property="article:modified_time" content="2024-10-26T17:30:16+00:00" />
<meta property="og:image" content="https://www.sounds.brussels/wp-content/uploads/2024/10/2024-10-26-salsa-y-son-1728920552.jpg" />
	<meta property="og:image:width" content="820" />
	<meta property="og:image:height" content="820" />
	<meta property="og:image:type" content="image/jpeg" />
<meta name="twitter:card" content="summary_large_image" />
<script type="application/ld+json" class="yoast-schema-graph">{"@context":"https://schema.org","@graph":[{"@type":"WebPage","@id":"https://www.sounds.brussels/nl/jazz-concert/salsa-y-son/","url":"https://www.sounds.brussels/nl/jazz-concert/salsa-y-son/","name":"SALSA Y SON - Sounds Jazz Club","isPartOf":{"@id":"https://www.sounds.brussels/nl/#website"},"primaryImageOfPage":{"@id":"https://www.sounds.brussels/nl/jazz-concert/salsa-y-son/#primaryimage"},"image":{"@id":"https://www.sounds.brussels/nl/jazz-concert/salsa-y-son/#primaryimage"},"thumbnailUrl":"https://www.sounds.brussels/wp-content/uploads/2024/10/2024-10-26-salsa-y-son-1728920552.jpg","datePublished":"2024-10-14T15:42:32+00:00","dateModified":"2024-10-26T17:30:16+00:00","breadcrumb":{"@id":"https://www.sounds.brussels/nl/jazz-concert/salsa-y-son/#breadcrumb"},"inLanguage":"nl-NL","potentialAction":[{"@type":"ReadAction","target":["https://www.sounds.brussels/nl/jazz-concert/salsa-y-son/"]}]},{"@type":"ImageObject","inLanguage":"nl-NL","@id":"https://www.sounds.brussels/nl/jazz-concert/salsa-y-son/#primaryimage","url":"https://www.sounds.brussels/wp-content/uploads/2024/10/2024-10-26-salsa-y-son-1728920552.jpg","contentUrl":"https://www.sounds.brussels/wp-content/uploads/2024/10/2024-10-26-salsa-y-son-1728920552.jpg","width":820,"height":820},{"@type":"BreadcrumbList","@id":"https://www.sounds.brussels/nl/jazz-concert/salsa-y-son/#breadcrumb","itemListElement":[{"@type":"ListItem","position":1,"name":"Accueil","item":"https://www.sounds.brussels/nl/"},{"@type":"ListItem","position":2,"name":"Producten","item":"https://www.sounds.brussels/nl/shop/"},{"@type":"ListItem","position":3,"name":"SALSA Y SON"}]},{"@type":"WebSite","@id":"https://www.sounds.brussels/nl/#website","url":"https://www.sounds.brussels/nl/","name":"Sounds Jazz Club","description":"","publisher":{"@id":"https://www.sounds.brussels/nl/#organization"},"potentialAction":[{"@type":"SearchAction","target":{"@type":"EntryPoint","urlTemplate":"https://www.sounds.brussels/nl/?s={search_term_string}"},"query-input":{"@type":"PropertyValueSpecification","valueRequired":true,"valueName":"search_term_string"}}],"inLanguage":"nl-NL"},{"@type":"Organization","@id":"https://www.sounds.brussels/nl/#organization","name":"Sounds Jazz Club","url":"https://www.sounds.brussels/nl/","logo":{"@type":"ImageObject","inLanguage":"nl-NL","@id":"https://www.sounds.brussels/nl/#/schema/logo/image/","url":"https://www.sounds.brussels/wp-content/uploads/2023/09/logo-sounds-BlackRed-RGB-scaled.jpg","contentUrl":"https://www.sounds.brussels/wp-content/uploads/2023/09/logo-sounds-BlackRed-RGB-scaled.jpg","width":2048,"height":1428,"caption":"Sounds Jazz Club"},"image":{"@id":"https://www.sounds.brussels/nl/#/schema/logo/image/"}}]}</script>
<!-- / Yoast SEO plugin. -->

Canto pucho Diaz Piano pablo Bateria Danny Bajo Jose Trompeta Nico Sanchez Pucho Diaz est un chanteur, compositeur et interprète autodidacte né à La Havane, il a fait ses premiers pas sur scène avec sa guitare dans le mouvement cubain appelé Nueva Trova, puis il se construit une base technique solide au conservatoire. Il a fondé plusieurs groupes dans sa ville natale qu'ont eu des grands succès.  Pucho part alors à l'aventure à travers l'Europe. Il a d'abord passé quelques années à Barcelone avant de finir à Bruxelles Tandis qu'il s'intègre dans divers projets musicaux, sa musique est le résultat de ces diverses influences et est très particulière, ses textes élaborés apportent profondeur, humour et esprit festif.
