{"id":137856,"date":"2024-09-22T20:50:11","date_gmt":"2024-09-22T18:50:11","guid":{"rendered":"https:\/\/www.sounds.brussels\/?post_type=product&#038;p=137856"},"modified":"2024-10-11T18:02:27","modified_gmt":"2024-10-11T16:02:27","slug":"mozaiko-alen-%c2%a7-ayllu","status":"publish","type":"product","link":"https:\/\/www.sounds.brussels\/nl\/jazz-concert\/mozaiko-alen-%c2%a7-ayllu\/","title":{"rendered":"MOZAIKO: ALEN \u00a7 AYLLU"},"content":{"rendered":"","protected":false},"excerpt":{"rendered":"<p>&#8220;C\u00e9sar Guzm\u00e1n, Guitares, violon, fl\u00fbtes et voix.<br \/>\nLuciana Guzman, percussions et voix.<br \/>\nEduardo Cavour, guitare et voix.<br \/>\nEdison Muenala, flutes et voix.<br \/>\nMarx Sanchez, fl\u00fbtes et voix.<br \/>\nDaniel Conejo, mandolin, violon, flutes et voix.&#8221;<\/p>\n","protected":false},"author":8382,"featured_media":137865,"comment_status":"closed","ping_status":"closed","template":"","meta":{"_acf_changed":false},"product_brand":[],"product_cat":[157],"product_tag":[],"class_list":{"0":"post-137856","1":"product","2":"type-product","3":"status-publish","4":"has-post-thumbnail","6":"product_cat-archived","8":"first","9":"instock","10":"shipping-taxable","11":"product-type-variable","12":"has-default-attributes","13":"nyp-product"},"acf":[],"yoast_head":"<!-- This site is optimized with the Yoast SEO plugin v26.9 - https:\/\/yoast.com\/product\/yoast-seo-wordpress\/ -->\n<title>MOZAIKO: ALEN \u00a7 AYLLU - Sounds Jazz Club<\/title>\n<meta name=\"robots\" content=\"index, follow, max-snippet:-1, max-image-preview:large, max-video-preview:-1\" \/>\n<link rel=\"canonical\" href=\"https:\/\/www.sounds.brussels\/nl\/jazz-concert\/mozaiko-alen-%c2%a7-ayllu\/\" \/>\n<meta property=\"og:locale\" content=\"nl_NL\" \/>\n<meta property=\"og:type\" content=\"article\" \/>\n<meta property=\"og:title\" content=\"MOZAIKO: ALEN \u00a7 AYLLU - Sounds Jazz Club\" \/>\n<meta property=\"og:description\" content=\"&quot;C\u00e9sar Guzm\u00e1n, Guitares, violon, fl\u00fbtes et voix. Luciana Guzman, percussions et voix. Eduardo Cavour, guitare et voix. Edison Muenala, flutes et voix. Marx Sanchez, fl\u00fbtes et voix. Daniel Conejo, mandolin, violon, flutes et voix.&quot;\" \/>\n<meta property=\"og:url\" content=\"https:\/\/www.sounds.brussels\/nl\/jazz-concert\/mozaiko-alen-%c2%a7-ayllu\/\" \/>\n<meta property=\"og:site_name\" content=\"Sounds Jazz Club\" \/>\n<meta property=\"article:modified_time\" content=\"2024-10-11T16:02:27+00:00\" \/>\n<meta property=\"og:image\" content=\"https:\/\/www.sounds.brussels\/wp-content\/uploads\/2024\/09\/2024-10-13-mozaiko-alen-ayllu-1727031012.jpg\" \/>\n\t<meta property=\"og:image:width\" content=\"1543\" \/>\n\t<meta property=\"og:image:height\" content=\"1600\" \/>\n\t<meta property=\"og:image:type\" content=\"image\/jpeg\" \/>\n<meta name=\"twitter:card\" content=\"summary_large_image\" \/>\n<script type=\"application\/ld+json\" class=\"yoast-schema-graph\">{\"@context\":\"https:\/\/schema.org\",\"@graph\":[{\"@type\":\"WebPage\",\"@id\":\"https:\/\/www.sounds.brussels\/nl\/jazz-concert\/mozaiko-alen-%c2%a7-ayllu\/\",\"url\":\"https:\/\/www.sounds.brussels\/nl\/jazz-concert\/mozaiko-alen-%c2%a7-ayllu\/\",\"name\":\"MOZAIKO: ALEN \u00a7 AYLLU - Sounds Jazz Club\",\"isPartOf\":{\"@id\":\"https:\/\/www.sounds.brussels\/nl\/#website\"},\"primaryImageOfPage\":{\"@id\":\"https:\/\/www.sounds.brussels\/nl\/jazz-concert\/mozaiko-alen-%c2%a7-ayllu\/#primaryimage\"},\"image\":{\"@id\":\"https:\/\/www.sounds.brussels\/nl\/jazz-concert\/mozaiko-alen-%c2%a7-ayllu\/#primaryimage\"},\"thumbnailUrl\":\"https:\/\/www.sounds.brussels\/wp-content\/uploads\/2024\/09\/2024-10-13-mozaiko-alen-ayllu-1727031012.jpg\",\"datePublished\":\"2024-09-22T18:50:11+00:00\",\"dateModified\":\"2024-10-11T16:02:27+00:00\",\"breadcrumb\":{\"@id\":\"https:\/\/www.sounds.brussels\/nl\/jazz-concert\/mozaiko-alen-%c2%a7-ayllu\/#breadcrumb\"},\"inLanguage\":\"nl-NL\",\"potentialAction\":[{\"@type\":\"ReadAction\",\"target\":[\"https:\/\/www.sounds.brussels\/nl\/jazz-concert\/mozaiko-alen-%c2%a7-ayllu\/\"]}]},{\"@type\":\"ImageObject\",\"inLanguage\":\"nl-NL\",\"@id\":\"https:\/\/www.sounds.brussels\/nl\/jazz-concert\/mozaiko-alen-%c2%a7-ayllu\/#primaryimage\",\"url\":\"https:\/\/www.sounds.brussels\/wp-content\/uploads\/2024\/09\/2024-10-13-mozaiko-alen-ayllu-1727031012.jpg\",\"contentUrl\":\"https:\/\/www.sounds.brussels\/wp-content\/uploads\/2024\/09\/2024-10-13-mozaiko-alen-ayllu-1727031012.jpg\",\"width\":1543,\"height\":1600},{\"@type\":\"BreadcrumbList\",\"@id\":\"https:\/\/www.sounds.brussels\/nl\/jazz-concert\/mozaiko-alen-%c2%a7-ayllu\/#breadcrumb\",\"itemListElement\":[{\"@type\":\"ListItem\",\"position\":1,\"name\":\"Accueil\",\"item\":\"https:\/\/www.sounds.brussels\/nl\/\"},{\"@type\":\"ListItem\",\"position\":2,\"name\":\"Producten\",\"item\":\"https:\/\/www.sounds.brussels\/nl\/shop\/\"},{\"@type\":\"ListItem\",\"position\":3,\"name\":\"MOZAIKO: ALEN \u00a7 AYLLU\"}]},{\"@type\":\"WebSite\",\"@id\":\"https:\/\/www.sounds.brussels\/nl\/#website\",\"url\":\"https:\/\/www.sounds.brussels\/nl\/\",\"name\":\"Sounds Jazz Club\",\"description\":\"\",\"publisher\":{\"@id\":\"https:\/\/www.sounds.brussels\/nl\/#organization\"},\"potentialAction\":[{\"@type\":\"SearchAction\",\"target\":{\"@type\":\"EntryPoint\",\"urlTemplate\":\"https:\/\/www.sounds.brussels\/nl\/?s={search_term_string}\"},\"query-input\":{\"@type\":\"PropertyValueSpecification\",\"valueRequired\":true,\"valueName\":\"search_term_string\"}}],\"inLanguage\":\"nl-NL\"},{\"@type\":\"Organization\",\"@id\":\"https:\/\/www.sounds.brussels\/nl\/#organization\",\"name\":\"Sounds Jazz Club\",\"url\":\"https:\/\/www.sounds.brussels\/nl\/\",\"logo\":{\"@type\":\"ImageObject\",\"inLanguage\":\"nl-NL\",\"@id\":\"https:\/\/www.sounds.brussels\/nl\/#\/schema\/logo\/image\/\",\"url\":\"https:\/\/www.sounds.brussels\/wp-content\/uploads\/2023\/09\/logo-sounds-BlackRed-RGB-scaled.jpg\",\"contentUrl\":\"https:\/\/www.sounds.brussels\/wp-content\/uploads\/2023\/09\/logo-sounds-BlackRed-RGB-scaled.jpg\",\"width\":2048,\"height\":1428,\"caption\":\"Sounds Jazz Club\"},\"image\":{\"@id\":\"https:\/\/www.sounds.brussels\/nl\/#\/schema\/logo\/image\/\"}}]}<\/script>\n<!-- \/ Yoast SEO plugin. -->","yoast_head_json":{"title":"MOZAIKO: ALEN \u00a7 AYLLU - Sounds Jazz Club","robots":{"index":"index","follow":"follow","max-snippet":"max-snippet:-1","max-image-preview":"max-image-preview:large","max-video-preview":"max-video-preview:-1"},"canonical":"https:\/\/www.sounds.brussels\/nl\/jazz-concert\/mozaiko-alen-%c2%a7-ayllu\/","og_locale":"nl_NL","og_type":"article","og_title":"MOZAIKO: ALEN \u00a7 AYLLU - Sounds Jazz Club","og_description":"\"C\u00e9sar Guzm\u00e1n, Guitares, violon, fl\u00fbtes et voix. Luciana Guzman, percussions et voix. Eduardo Cavour, guitare et voix. Edison Muenala, flutes et voix. Marx Sanchez, fl\u00fbtes et voix. Daniel Conejo, mandolin, violon, flutes et voix.\"","og_url":"https:\/\/www.sounds.brussels\/nl\/jazz-concert\/mozaiko-alen-%c2%a7-ayllu\/","og_site_name":"Sounds Jazz Club","article_modified_time":"2024-10-11T16:02:27+00:00","og_image":[{"width":1543,"height":1600,"url":"https:\/\/www.sounds.brussels\/wp-content\/uploads\/2024\/09\/2024-10-13-mozaiko-alen-ayllu-1727031012.jpg","type":"image\/jpeg"}],"twitter_card":"summary_large_image","schema":{"@context":"https:\/\/schema.org","@graph":[{"@type":"WebPage","@id":"https:\/\/www.sounds.brussels\/nl\/jazz-concert\/mozaiko-alen-%c2%a7-ayllu\/","url":"https:\/\/www.sounds.brussels\/nl\/jazz-concert\/mozaiko-alen-%c2%a7-ayllu\/","name":"MOZAIKO: ALEN \u00a7 AYLLU - Sounds Jazz Club","isPartOf":{"@id":"https:\/\/www.sounds.brussels\/nl\/#website"},"primaryImageOfPage":{"@id":"https:\/\/www.sounds.brussels\/nl\/jazz-concert\/mozaiko-alen-%c2%a7-ayllu\/#primaryimage"},"image":{"@id":"https:\/\/www.sounds.brussels\/nl\/jazz-concert\/mozaiko-alen-%c2%a7-ayllu\/#primaryimage"},"thumbnailUrl":"https:\/\/www.sounds.brussels\/wp-content\/uploads\/2024\/09\/2024-10-13-mozaiko-alen-ayllu-1727031012.jpg","datePublished":"2024-09-22T18:50:11+00:00","dateModified":"2024-10-11T16:02:27+00:00","breadcrumb":{"@id":"https:\/\/www.sounds.brussels\/nl\/jazz-concert\/mozaiko-alen-%c2%a7-ayllu\/#breadcrumb"},"inLanguage":"nl-NL","potentialAction":[{"@type":"ReadAction","target":["https:\/\/www.sounds.brussels\/nl\/jazz-concert\/mozaiko-alen-%c2%a7-ayllu\/"]}]},{"@type":"ImageObject","inLanguage":"nl-NL","@id":"https:\/\/www.sounds.brussels\/nl\/jazz-concert\/mozaiko-alen-%c2%a7-ayllu\/#primaryimage","url":"https:\/\/www.sounds.brussels\/wp-content\/uploads\/2024\/09\/2024-10-13-mozaiko-alen-ayllu-1727031012.jpg","contentUrl":"https:\/\/www.sounds.brussels\/wp-content\/uploads\/2024\/09\/2024-10-13-mozaiko-alen-ayllu-1727031012.jpg","width":1543,"height":1600},{"@type":"BreadcrumbList","@id":"https:\/\/www.sounds.brussels\/nl\/jazz-concert\/mozaiko-alen-%c2%a7-ayllu\/#breadcrumb","itemListElement":[{"@type":"ListItem","position":1,"name":"Accueil","item":"https:\/\/www.sounds.brussels\/nl\/"},{"@type":"ListItem","position":2,"name":"Producten","item":"https:\/\/www.sounds.brussels\/nl\/shop\/"},{"@type":"ListItem","position":3,"name":"MOZAIKO: ALEN \u00a7 AYLLU"}]},{"@type":"WebSite","@id":"https:\/\/www.sounds.brussels\/nl\/#website","url":"https:\/\/www.sounds.brussels\/nl\/","name":"Sounds Jazz Club","description":"","publisher":{"@id":"https:\/\/www.sounds.brussels\/nl\/#organization"},"potentialAction":[{"@type":"SearchAction","target":{"@type":"EntryPoint","urlTemplate":"https:\/\/www.sounds.brussels\/nl\/?s={search_term_string}"},"query-input":{"@type":"PropertyValueSpecification","valueRequired":true,"valueName":"search_term_string"}}],"inLanguage":"nl-NL"},{"@type":"Organization","@id":"https:\/\/www.sounds.brussels\/nl\/#organization","name":"Sounds Jazz Club","url":"https:\/\/www.sounds.brussels\/nl\/","logo":{"@type":"ImageObject","inLanguage":"nl-NL","@id":"https:\/\/www.sounds.brussels\/nl\/#\/schema\/logo\/image\/","url":"https:\/\/www.sounds.brussels\/wp-content\/uploads\/2023\/09\/logo-sounds-BlackRed-RGB-scaled.jpg","contentUrl":"https:\/\/www.sounds.brussels\/wp-content\/uploads\/2023\/09\/logo-sounds-BlackRed-RGB-scaled.jpg","width":2048,"height":1428,"caption":"Sounds Jazz Club"},"image":{"@id":"https:\/\/www.sounds.brussels\/nl\/#\/schema\/logo\/image\/"}}]}},"_links":{"self":[{"href":"https:\/\/www.sounds.brussels\/nl\/wp-json\/wp\/v2\/product\/137856","targetHints":{"allow":["GET"]}}],"collection":[{"href":"https:\/\/www.sounds.brussels\/nl\/wp-json\/wp\/v2\/product"}],"about":[{"href":"https:\/\/www.sounds.brussels\/nl\/wp-json\/wp\/v2\/types\/product"}],"author":[{"embeddable":true,"href":"https:\/\/www.sounds.brussels\/nl\/wp-json\/wp\/v2\/users\/8382"}],"replies":[{"embeddable":true,"href":"https:\/\/www.sounds.brussels\/nl\/wp-json\/wp\/v2\/comments?post=137856"}],"wp:featuredmedia":[{"embeddable":true,"href":"https:\/\/www.sounds.brussels\/nl\/wp-json\/wp\/v2\/media\/137865"}],"wp:attachment":[{"href":"https:\/\/www.sounds.brussels\/nl\/wp-json\/wp\/v2\/media?parent=137856"}],"wp:term":[{"taxonomy":"product_brand","embeddable":true,"href":"https:\/\/www.sounds.brussels\/nl\/wp-json\/wp\/v2\/product_brand?post=137856"},{"taxonomy":"product_cat","embeddable":true,"href":"https:\/\/www.sounds.brussels\/nl\/wp-json\/wp\/v2\/product_cat?post=137856"},{"taxonomy":"product_tag","embeddable":true,"href":"https:\/\/www.sounds.brussels\/nl\/wp-json\/wp\/v2\/product_tag?post=137856"}],"curies":[{"name":"wp","href":"https:\/\/api.w.org\/{rel}","templated":true}]}}

<p>&#8220;César Guzmán, Guitares, violon, flûtes et voix.<br />
Luciana Guzman, percussions et voix.<br />
Eduardo Cavour, guitare et voix.<br />
Edison Muenala, flutes et voix.<br />
Marx Sanchez, flûtes et voix.<br />
Daniel Conejo, mandolin, violon, flutes et voix.&#8221;</p>

<!-- This site is optimized with the Yoast SEO plugin v26.9 - https://yoast.com/product/yoast-seo-wordpress/ -->
<title>MOZAIKO: ALEN § AYLLU - Sounds Jazz Club</title>
<meta name="robots" content="index, follow, max-snippet:-1, max-image-preview:large, max-video-preview:-1" />
<link rel="canonical" href="https://www.sounds.brussels/nl/jazz-concert/mozaiko-alen-%c2%a7-ayllu/" />
<meta property="og:locale" content="nl_NL" />
<meta property="og:type" content="article" />
<meta property="og:title" content="MOZAIKO: ALEN § AYLLU - Sounds Jazz Club" />
<meta property="og:description" content="&quot;César Guzmán, Guitares, violon, flûtes et voix. Luciana Guzman, percussions et voix. Eduardo Cavour, guitare et voix. Edison Muenala, flutes et voix. Marx Sanchez, flûtes et voix. Daniel Conejo, mandolin, violon, flutes et voix.&quot;" />
<meta property="og:url" content="https://www.sounds.brussels/nl/jazz-concert/mozaiko-alen-%c2%a7-ayllu/" />
<meta property="og:site_name" content="Sounds Jazz Club" />
<meta property="article:modified_time" content="2024-10-11T16:02:27+00:00" />
<meta property="og:image" content="https://www.sounds.brussels/wp-content/uploads/2024/09/2024-10-13-mozaiko-alen-ayllu-1727031012.jpg" />
	<meta property="og:image:width" content="1543" />
	<meta property="og:image:height" content="1600" />
	<meta property="og:image:type" content="image/jpeg" />
<meta name="twitter:card" content="summary_large_image" />
<script type="application/ld+json" class="yoast-schema-graph">{"@context":"https://schema.org","@graph":[{"@type":"WebPage","@id":"https://www.sounds.brussels/nl/jazz-concert/mozaiko-alen-%c2%a7-ayllu/","url":"https://www.sounds.brussels/nl/jazz-concert/mozaiko-alen-%c2%a7-ayllu/","name":"MOZAIKO: ALEN § AYLLU - Sounds Jazz Club","isPartOf":{"@id":"https://www.sounds.brussels/nl/#website"},"primaryImageOfPage":{"@id":"https://www.sounds.brussels/nl/jazz-concert/mozaiko-alen-%c2%a7-ayllu/#primaryimage"},"image":{"@id":"https://www.sounds.brussels/nl/jazz-concert/mozaiko-alen-%c2%a7-ayllu/#primaryimage"},"thumbnailUrl":"https://www.sounds.brussels/wp-content/uploads/2024/09/2024-10-13-mozaiko-alen-ayllu-1727031012.jpg","datePublished":"2024-09-22T18:50:11+00:00","dateModified":"2024-10-11T16:02:27+00:00","breadcrumb":{"@id":"https://www.sounds.brussels/nl/jazz-concert/mozaiko-alen-%c2%a7-ayllu/#breadcrumb"},"inLanguage":"nl-NL","potentialAction":[{"@type":"ReadAction","target":["https://www.sounds.brussels/nl/jazz-concert/mozaiko-alen-%c2%a7-ayllu/"]}]},{"@type":"ImageObject","inLanguage":"nl-NL","@id":"https://www.sounds.brussels/nl/jazz-concert/mozaiko-alen-%c2%a7-ayllu/#primaryimage","url":"https://www.sounds.brussels/wp-content/uploads/2024/09/2024-10-13-mozaiko-alen-ayllu-1727031012.jpg","contentUrl":"https://www.sounds.brussels/wp-content/uploads/2024/09/2024-10-13-mozaiko-alen-ayllu-1727031012.jpg","width":1543,"height":1600},{"@type":"BreadcrumbList","@id":"https://www.sounds.brussels/nl/jazz-concert/mozaiko-alen-%c2%a7-ayllu/#breadcrumb","itemListElement":[{"@type":"ListItem","position":1,"name":"Accueil","item":"https://www.sounds.brussels/nl/"},{"@type":"ListItem","position":2,"name":"Producten","item":"https://www.sounds.brussels/nl/shop/"},{"@type":"ListItem","position":3,"name":"MOZAIKO: ALEN § AYLLU"}]},{"@type":"WebSite","@id":"https://www.sounds.brussels/nl/#website","url":"https://www.sounds.brussels/nl/","name":"Sounds Jazz Club","description":"","publisher":{"@id":"https://www.sounds.brussels/nl/#organization"},"potentialAction":[{"@type":"SearchAction","target":{"@type":"EntryPoint","urlTemplate":"https://www.sounds.brussels/nl/?s={search_term_string}"},"query-input":{"@type":"PropertyValueSpecification","valueRequired":true,"valueName":"search_term_string"}}],"inLanguage":"nl-NL"},{"@type":"Organization","@id":"https://www.sounds.brussels/nl/#organization","name":"Sounds Jazz Club","url":"https://www.sounds.brussels/nl/","logo":{"@type":"ImageObject","inLanguage":"nl-NL","@id":"https://www.sounds.brussels/nl/#/schema/logo/image/","url":"https://www.sounds.brussels/wp-content/uploads/2023/09/logo-sounds-BlackRed-RGB-scaled.jpg","contentUrl":"https://www.sounds.brussels/wp-content/uploads/2023/09/logo-sounds-BlackRed-RGB-scaled.jpg","width":2048,"height":1428,"caption":"Sounds Jazz Club"},"image":{"@id":"https://www.sounds.brussels/nl/#/schema/logo/image/"}}]}</script>
<!-- / Yoast SEO plugin. -->

"César Guzmán, Guitares, violon, flûtes et voix. Luciana Guzman, percussions et voix. Eduardo Cavour, guitare et voix. Edison Muenala, flutes et voix. Marx Sanchez, flûtes et voix. Daniel Conejo, mandolin, violon, flutes et voix."
