{"id":157625,"date":"2025-12-02T19:03:27","date_gmt":"2025-12-02T18:03:27","guid":{"rendered":"https:\/\/www.sounds.brussels\/?post_type=product&#038;p=157625"},"modified":"2026-01-27T18:36:34","modified_gmt":"2026-01-27T17:36:34","slug":"alfanamenco-jam","status":"publish","type":"product","link":"https:\/\/www.sounds.brussels\/fr\/jazz-concert\/alfanamenco-jam\/","title":{"rendered":"AL&rsquo;FANAMENCO + JAM"},"content":{"rendered":"","protected":false},"excerpt":{"rendered":"<p>Vanesa Diaz Gil &#038; La\u00efla Amezian, chant<br \/>\nAdil Benhsain, oud &#038; alto<br \/>\nRaul Corredor, guitare<br \/>\nAna\u00efs Moffarts, contrebasse<br \/>\nRomain Duyckaerts, percussions<br \/>\nPatrice Hardy, ing\u00e9nieur son<\/p>\n","protected":false},"author":8382,"featured_media":157634,"comment_status":"closed","ping_status":"closed","template":"","meta":{"_acf_changed":false},"product_brand":[],"product_cat":[157],"product_tag":[],"class_list":{"0":"post-157625","1":"product","2":"type-product","3":"status-publish","4":"has-post-thumbnail","6":"product_cat-archived","8":"first","9":"instock","10":"shipping-taxable","11":"product-type-variable","12":"has-default-attributes","13":"nyp-product"},"acf":[],"yoast_head":"<!-- This site is optimized with the Yoast SEO plugin v26.9 - https:\/\/yoast.com\/product\/yoast-seo-wordpress\/ -->\n<title>AL&#039;FANAMENCO + JAM - Sounds Jazz Club<\/title>\n<meta name=\"robots\" content=\"index, follow, max-snippet:-1, max-image-preview:large, max-video-preview:-1\" \/>\n<link rel=\"canonical\" href=\"https:\/\/www.sounds.brussels\/fr\/jazz-concert\/alfanamenco-jam\/\" \/>\n<meta property=\"og:locale\" content=\"fr_FR\" \/>\n<meta property=\"og:type\" content=\"article\" \/>\n<meta property=\"og:title\" content=\"AL&#039;FANAMENCO + JAM - Sounds Jazz Club\" \/>\n<meta property=\"og:description\" content=\"Vanesa Diaz Gil &amp; La\u00efla Amezian, chant Adil Benhsain, oud &amp; alto Raul Corredor, guitare Ana\u00efs Moffarts, contrebasse Romain Duyckaerts, percussions Patrice Hardy, ing\u00e9nieur son\" \/>\n<meta property=\"og:url\" content=\"https:\/\/www.sounds.brussels\/fr\/jazz-concert\/alfanamenco-jam\/\" \/>\n<meta property=\"og:site_name\" content=\"Sounds Jazz Club\" \/>\n<meta property=\"article:modified_time\" content=\"2026-01-27T17:36:34+00:00\" \/>\n<meta property=\"og:image\" content=\"https:\/\/www.sounds.brussels\/wp-content\/uploads\/2025\/12\/2026-01-27-al-fanamenco-jam-1764698608.jpg\" \/>\n\t<meta property=\"og:image:width\" content=\"1705\" \/>\n\t<meta property=\"og:image:height\" content=\"1920\" \/>\n\t<meta property=\"og:image:type\" content=\"image\/jpeg\" \/>\n<meta name=\"twitter:card\" content=\"summary_large_image\" \/>\n<script type=\"application\/ld+json\" class=\"yoast-schema-graph\">{\"@context\":\"https:\/\/schema.org\",\"@graph\":[{\"@type\":\"WebPage\",\"@id\":\"https:\/\/www.sounds.brussels\/fr\/jazz-concert\/alfanamenco-jam\/\",\"url\":\"https:\/\/www.sounds.brussels\/fr\/jazz-concert\/alfanamenco-jam\/\",\"name\":\"AL'FANAMENCO + JAM - Sounds Jazz Club\",\"isPartOf\":{\"@id\":\"https:\/\/www.sounds.brussels\/fr\/#website\"},\"primaryImageOfPage\":{\"@id\":\"https:\/\/www.sounds.brussels\/fr\/jazz-concert\/alfanamenco-jam\/#primaryimage\"},\"image\":{\"@id\":\"https:\/\/www.sounds.brussels\/fr\/jazz-concert\/alfanamenco-jam\/#primaryimage\"},\"thumbnailUrl\":\"https:\/\/www.sounds.brussels\/wp-content\/uploads\/2025\/12\/2026-01-27-al-fanamenco-jam-1764698608.jpg\",\"datePublished\":\"2025-12-02T18:03:27+00:00\",\"dateModified\":\"2026-01-27T17:36:34+00:00\",\"breadcrumb\":{\"@id\":\"https:\/\/www.sounds.brussels\/fr\/jazz-concert\/alfanamenco-jam\/#breadcrumb\"},\"inLanguage\":\"fr-FR\",\"potentialAction\":[{\"@type\":\"ReadAction\",\"target\":[\"https:\/\/www.sounds.brussels\/fr\/jazz-concert\/alfanamenco-jam\/\"]}]},{\"@type\":\"ImageObject\",\"inLanguage\":\"fr-FR\",\"@id\":\"https:\/\/www.sounds.brussels\/fr\/jazz-concert\/alfanamenco-jam\/#primaryimage\",\"url\":\"https:\/\/www.sounds.brussels\/wp-content\/uploads\/2025\/12\/2026-01-27-al-fanamenco-jam-1764698608.jpg\",\"contentUrl\":\"https:\/\/www.sounds.brussels\/wp-content\/uploads\/2025\/12\/2026-01-27-al-fanamenco-jam-1764698608.jpg\",\"width\":1705,\"height\":1920},{\"@type\":\"BreadcrumbList\",\"@id\":\"https:\/\/www.sounds.brussels\/fr\/jazz-concert\/alfanamenco-jam\/#breadcrumb\",\"itemListElement\":[{\"@type\":\"ListItem\",\"position\":1,\"name\":\"Accueil\",\"item\":\"https:\/\/www.sounds.brussels\/fr\/\"},{\"@type\":\"ListItem\",\"position\":2,\"name\":\"Produits\",\"item\":\"https:\/\/www.sounds.brussels\/fr\/shop\/\"},{\"@type\":\"ListItem\",\"position\":3,\"name\":\"AL&#8217;FANAMENCO + JAM\"}]},{\"@type\":\"WebSite\",\"@id\":\"https:\/\/www.sounds.brussels\/fr\/#website\",\"url\":\"https:\/\/www.sounds.brussels\/fr\/\",\"name\":\"Sounds Jazz Club\",\"description\":\"\",\"publisher\":{\"@id\":\"https:\/\/www.sounds.brussels\/fr\/#organization\"},\"potentialAction\":[{\"@type\":\"SearchAction\",\"target\":{\"@type\":\"EntryPoint\",\"urlTemplate\":\"https:\/\/www.sounds.brussels\/fr\/?s={search_term_string}\"},\"query-input\":{\"@type\":\"PropertyValueSpecification\",\"valueRequired\":true,\"valueName\":\"search_term_string\"}}],\"inLanguage\":\"fr-FR\"},{\"@type\":\"Organization\",\"@id\":\"https:\/\/www.sounds.brussels\/fr\/#organization\",\"name\":\"Sounds Jazz Club\",\"url\":\"https:\/\/www.sounds.brussels\/fr\/\",\"logo\":{\"@type\":\"ImageObject\",\"inLanguage\":\"fr-FR\",\"@id\":\"https:\/\/www.sounds.brussels\/fr\/#\/schema\/logo\/image\/\",\"url\":\"https:\/\/www.sounds.brussels\/wp-content\/uploads\/2023\/09\/logo-sounds-BlackRed-RGB-scaled.jpg\",\"contentUrl\":\"https:\/\/www.sounds.brussels\/wp-content\/uploads\/2023\/09\/logo-sounds-BlackRed-RGB-scaled.jpg\",\"width\":2048,\"height\":1428,\"caption\":\"Sounds Jazz Club\"},\"image\":{\"@id\":\"https:\/\/www.sounds.brussels\/fr\/#\/schema\/logo\/image\/\"}}]}<\/script>\n<!-- \/ Yoast SEO plugin. -->","yoast_head_json":{"title":"AL'FANAMENCO + JAM - Sounds Jazz Club","robots":{"index":"index","follow":"follow","max-snippet":"max-snippet:-1","max-image-preview":"max-image-preview:large","max-video-preview":"max-video-preview:-1"},"canonical":"https:\/\/www.sounds.brussels\/fr\/jazz-concert\/alfanamenco-jam\/","og_locale":"fr_FR","og_type":"article","og_title":"AL'FANAMENCO + JAM - Sounds Jazz Club","og_description":"Vanesa Diaz Gil & La\u00efla Amezian, chant Adil Benhsain, oud & alto Raul Corredor, guitare Ana\u00efs Moffarts, contrebasse Romain Duyckaerts, percussions Patrice Hardy, ing\u00e9nieur son","og_url":"https:\/\/www.sounds.brussels\/fr\/jazz-concert\/alfanamenco-jam\/","og_site_name":"Sounds Jazz Club","article_modified_time":"2026-01-27T17:36:34+00:00","og_image":[{"width":1705,"height":1920,"url":"https:\/\/www.sounds.brussels\/wp-content\/uploads\/2025\/12\/2026-01-27-al-fanamenco-jam-1764698608.jpg","type":"image\/jpeg"}],"twitter_card":"summary_large_image","schema":{"@context":"https:\/\/schema.org","@graph":[{"@type":"WebPage","@id":"https:\/\/www.sounds.brussels\/fr\/jazz-concert\/alfanamenco-jam\/","url":"https:\/\/www.sounds.brussels\/fr\/jazz-concert\/alfanamenco-jam\/","name":"AL'FANAMENCO + JAM - Sounds Jazz Club","isPartOf":{"@id":"https:\/\/www.sounds.brussels\/fr\/#website"},"primaryImageOfPage":{"@id":"https:\/\/www.sounds.brussels\/fr\/jazz-concert\/alfanamenco-jam\/#primaryimage"},"image":{"@id":"https:\/\/www.sounds.brussels\/fr\/jazz-concert\/alfanamenco-jam\/#primaryimage"},"thumbnailUrl":"https:\/\/www.sounds.brussels\/wp-content\/uploads\/2025\/12\/2026-01-27-al-fanamenco-jam-1764698608.jpg","datePublished":"2025-12-02T18:03:27+00:00","dateModified":"2026-01-27T17:36:34+00:00","breadcrumb":{"@id":"https:\/\/www.sounds.brussels\/fr\/jazz-concert\/alfanamenco-jam\/#breadcrumb"},"inLanguage":"fr-FR","potentialAction":[{"@type":"ReadAction","target":["https:\/\/www.sounds.brussels\/fr\/jazz-concert\/alfanamenco-jam\/"]}]},{"@type":"ImageObject","inLanguage":"fr-FR","@id":"https:\/\/www.sounds.brussels\/fr\/jazz-concert\/alfanamenco-jam\/#primaryimage","url":"https:\/\/www.sounds.brussels\/wp-content\/uploads\/2025\/12\/2026-01-27-al-fanamenco-jam-1764698608.jpg","contentUrl":"https:\/\/www.sounds.brussels\/wp-content\/uploads\/2025\/12\/2026-01-27-al-fanamenco-jam-1764698608.jpg","width":1705,"height":1920},{"@type":"BreadcrumbList","@id":"https:\/\/www.sounds.brussels\/fr\/jazz-concert\/alfanamenco-jam\/#breadcrumb","itemListElement":[{"@type":"ListItem","position":1,"name":"Accueil","item":"https:\/\/www.sounds.brussels\/fr\/"},{"@type":"ListItem","position":2,"name":"Produits","item":"https:\/\/www.sounds.brussels\/fr\/shop\/"},{"@type":"ListItem","position":3,"name":"AL&#8217;FANAMENCO + JAM"}]},{"@type":"WebSite","@id":"https:\/\/www.sounds.brussels\/fr\/#website","url":"https:\/\/www.sounds.brussels\/fr\/","name":"Sounds Jazz Club","description":"","publisher":{"@id":"https:\/\/www.sounds.brussels\/fr\/#organization"},"potentialAction":[{"@type":"SearchAction","target":{"@type":"EntryPoint","urlTemplate":"https:\/\/www.sounds.brussels\/fr\/?s={search_term_string}"},"query-input":{"@type":"PropertyValueSpecification","valueRequired":true,"valueName":"search_term_string"}}],"inLanguage":"fr-FR"},{"@type":"Organization","@id":"https:\/\/www.sounds.brussels\/fr\/#organization","name":"Sounds Jazz Club","url":"https:\/\/www.sounds.brussels\/fr\/","logo":{"@type":"ImageObject","inLanguage":"fr-FR","@id":"https:\/\/www.sounds.brussels\/fr\/#\/schema\/logo\/image\/","url":"https:\/\/www.sounds.brussels\/wp-content\/uploads\/2023\/09\/logo-sounds-BlackRed-RGB-scaled.jpg","contentUrl":"https:\/\/www.sounds.brussels\/wp-content\/uploads\/2023\/09\/logo-sounds-BlackRed-RGB-scaled.jpg","width":2048,"height":1428,"caption":"Sounds Jazz Club"},"image":{"@id":"https:\/\/www.sounds.brussels\/fr\/#\/schema\/logo\/image\/"}}]}},"_links":{"self":[{"href":"https:\/\/www.sounds.brussels\/fr\/wp-json\/wp\/v2\/product\/157625","targetHints":{"allow":["GET"]}}],"collection":[{"href":"https:\/\/www.sounds.brussels\/fr\/wp-json\/wp\/v2\/product"}],"about":[{"href":"https:\/\/www.sounds.brussels\/fr\/wp-json\/wp\/v2\/types\/product"}],"author":[{"embeddable":true,"href":"https:\/\/www.sounds.brussels\/fr\/wp-json\/wp\/v2\/users\/8382"}],"replies":[{"embeddable":true,"href":"https:\/\/www.sounds.brussels\/fr\/wp-json\/wp\/v2\/comments?post=157625"}],"wp:featuredmedia":[{"embeddable":true,"href":"https:\/\/www.sounds.brussels\/fr\/wp-json\/wp\/v2\/media\/157634"}],"wp:attachment":[{"href":"https:\/\/www.sounds.brussels\/fr\/wp-json\/wp\/v2\/media?parent=157625"}],"wp:term":[{"taxonomy":"product_brand","embeddable":true,"href":"https:\/\/www.sounds.brussels\/fr\/wp-json\/wp\/v2\/product_brand?post=157625"},{"taxonomy":"product_cat","embeddable":true,"href":"https:\/\/www.sounds.brussels\/fr\/wp-json\/wp\/v2\/product_cat?post=157625"},{"taxonomy":"product_tag","embeddable":true,"href":"https:\/\/www.sounds.brussels\/fr\/wp-json\/wp\/v2\/product_tag?post=157625"}],"curies":[{"name":"wp","href":"https:\/\/api.w.org\/{rel}","templated":true}]}}

<p>Vanesa Diaz Gil &#038; Laïla Amezian, chant<br />
Adil Benhsain, oud &#038; alto<br />
Raul Corredor, guitare<br />
Anaïs Moffarts, contrebasse<br />
Romain Duyckaerts, percussions<br />
Patrice Hardy, ingénieur son</p>

<!-- This site is optimized with the Yoast SEO plugin v26.9 - https://yoast.com/product/yoast-seo-wordpress/ -->
<title>AL&#039;FANAMENCO + JAM - Sounds Jazz Club</title>
<meta name="robots" content="index, follow, max-snippet:-1, max-image-preview:large, max-video-preview:-1" />
<link rel="canonical" href="https://www.sounds.brussels/fr/jazz-concert/alfanamenco-jam/" />
<meta property="og:locale" content="fr_FR" />
<meta property="og:type" content="article" />
<meta property="og:title" content="AL&#039;FANAMENCO + JAM - Sounds Jazz Club" />
<meta property="og:description" content="Vanesa Diaz Gil &amp; Laïla Amezian, chant Adil Benhsain, oud &amp; alto Raul Corredor, guitare Anaïs Moffarts, contrebasse Romain Duyckaerts, percussions Patrice Hardy, ingénieur son" />
<meta property="og:url" content="https://www.sounds.brussels/fr/jazz-concert/alfanamenco-jam/" />
<meta property="og:site_name" content="Sounds Jazz Club" />
<meta property="article:modified_time" content="2026-01-27T17:36:34+00:00" />
<meta property="og:image" content="https://www.sounds.brussels/wp-content/uploads/2025/12/2026-01-27-al-fanamenco-jam-1764698608.jpg" />
	<meta property="og:image:width" content="1705" />
	<meta property="og:image:height" content="1920" />
	<meta property="og:image:type" content="image/jpeg" />
<meta name="twitter:card" content="summary_large_image" />
<script type="application/ld+json" class="yoast-schema-graph">{"@context":"https://schema.org","@graph":[{"@type":"WebPage","@id":"https://www.sounds.brussels/fr/jazz-concert/alfanamenco-jam/","url":"https://www.sounds.brussels/fr/jazz-concert/alfanamenco-jam/","name":"AL'FANAMENCO + JAM - Sounds Jazz Club","isPartOf":{"@id":"https://www.sounds.brussels/fr/#website"},"primaryImageOfPage":{"@id":"https://www.sounds.brussels/fr/jazz-concert/alfanamenco-jam/#primaryimage"},"image":{"@id":"https://www.sounds.brussels/fr/jazz-concert/alfanamenco-jam/#primaryimage"},"thumbnailUrl":"https://www.sounds.brussels/wp-content/uploads/2025/12/2026-01-27-al-fanamenco-jam-1764698608.jpg","datePublished":"2025-12-02T18:03:27+00:00","dateModified":"2026-01-27T17:36:34+00:00","breadcrumb":{"@id":"https://www.sounds.brussels/fr/jazz-concert/alfanamenco-jam/#breadcrumb"},"inLanguage":"fr-FR","potentialAction":[{"@type":"ReadAction","target":["https://www.sounds.brussels/fr/jazz-concert/alfanamenco-jam/"]}]},{"@type":"ImageObject","inLanguage":"fr-FR","@id":"https://www.sounds.brussels/fr/jazz-concert/alfanamenco-jam/#primaryimage","url":"https://www.sounds.brussels/wp-content/uploads/2025/12/2026-01-27-al-fanamenco-jam-1764698608.jpg","contentUrl":"https://www.sounds.brussels/wp-content/uploads/2025/12/2026-01-27-al-fanamenco-jam-1764698608.jpg","width":1705,"height":1920},{"@type":"BreadcrumbList","@id":"https://www.sounds.brussels/fr/jazz-concert/alfanamenco-jam/#breadcrumb","itemListElement":[{"@type":"ListItem","position":1,"name":"Accueil","item":"https://www.sounds.brussels/fr/"},{"@type":"ListItem","position":2,"name":"Produits","item":"https://www.sounds.brussels/fr/shop/"},{"@type":"ListItem","position":3,"name":"AL&#8217;FANAMENCO + JAM"}]},{"@type":"WebSite","@id":"https://www.sounds.brussels/fr/#website","url":"https://www.sounds.brussels/fr/","name":"Sounds Jazz Club","description":"","publisher":{"@id":"https://www.sounds.brussels/fr/#organization"},"potentialAction":[{"@type":"SearchAction","target":{"@type":"EntryPoint","urlTemplate":"https://www.sounds.brussels/fr/?s={search_term_string}"},"query-input":{"@type":"PropertyValueSpecification","valueRequired":true,"valueName":"search_term_string"}}],"inLanguage":"fr-FR"},{"@type":"Organization","@id":"https://www.sounds.brussels/fr/#organization","name":"Sounds Jazz Club","url":"https://www.sounds.brussels/fr/","logo":{"@type":"ImageObject","inLanguage":"fr-FR","@id":"https://www.sounds.brussels/fr/#/schema/logo/image/","url":"https://www.sounds.brussels/wp-content/uploads/2023/09/logo-sounds-BlackRed-RGB-scaled.jpg","contentUrl":"https://www.sounds.brussels/wp-content/uploads/2023/09/logo-sounds-BlackRed-RGB-scaled.jpg","width":2048,"height":1428,"caption":"Sounds Jazz Club"},"image":{"@id":"https://www.sounds.brussels/fr/#/schema/logo/image/"}}]}</script>
<!-- / Yoast SEO plugin. -->

Vanesa Diaz Gil & Laïla Amezian, chant Adil Benhsain, oud & alto Raul Corredor, guitare Anaïs Moffarts, contrebasse Romain Duyckaerts, percussions Patrice Hardy, ingénieur son
