{"id":156429,"date":"2025-11-12T15:25:28","date_gmt":"2025-11-12T14:25:28","guid":{"rendered":"https:\/\/www.sounds.brussels\/?post_type=product&#038;p=156429"},"modified":"2025-12-21T16:26:01","modified_gmt":"2025-12-21T15:26:01","slug":"day-martinez-y-helene-lacrosse-lapero-du-sounds-vallenatos-y-cumbias","status":"publish","type":"product","link":"https:\/\/www.sounds.brussels\/fr\/jazz-concert\/day-martinez-y-helene-lacrosse-lapero-du-sounds-vallenatos-y-cumbias\/","title":{"rendered":"DAY MARTINEZ Y H\u00c9L\u00c8NE LACROSSE \/ L&rsquo;APERO DU SOUNDS (VALLENATOS Y CUMBIAS)"},"content":{"rendered":"","protected":false},"excerpt":{"rendered":"<p>DAY MARTINEZ &#8211; accord\u00e9on et voix<br \/>\nH\u00e9l\u00e8ne LACROSSE &#8211; voix<br \/>\nFernando Martinez &#8211; voix<br \/>\nJairo Mu\u00f1oz &#8211; basse<br \/>\nDiego Perdomo &#8211; guacharaca<br \/>\nEliecer Narvaez &#8211; caja vallenata<\/p>\n","protected":false},"author":8382,"featured_media":156469,"comment_status":"closed","ping_status":"closed","template":"","meta":{"_acf_changed":false},"product_brand":[],"product_cat":[157],"product_tag":[],"class_list":{"0":"post-156429","1":"product","2":"type-product","3":"status-publish","4":"has-post-thumbnail","6":"product_cat-archived","8":"first","9":"instock","10":"shipping-taxable","11":"product-type-variable","12":"has-default-attributes","13":"nyp-product"},"acf":[],"yoast_head":"<!-- This site is optimized with the Yoast SEO plugin v26.9 - https:\/\/yoast.com\/product\/yoast-seo-wordpress\/ -->\n<title>DAY MARTINEZ Y H\u00c9L\u00c8NE LACROSSE \/ L&#039;APERO DU SOUNDS (VALLENATOS Y CUMBIAS) - Sounds Jazz Club<\/title>\n<meta name=\"robots\" content=\"index, follow, max-snippet:-1, max-image-preview:large, max-video-preview:-1\" \/>\n<link rel=\"canonical\" href=\"https:\/\/www.sounds.brussels\/fr\/jazz-concert\/day-martinez-y-helene-lacrosse-lapero-du-sounds-vallenatos-y-cumbias\/\" \/>\n<meta property=\"og:locale\" content=\"fr_FR\" \/>\n<meta property=\"og:type\" content=\"article\" \/>\n<meta property=\"og:title\" content=\"DAY MARTINEZ Y H\u00c9L\u00c8NE LACROSSE \/ L&#039;APERO DU SOUNDS (VALLENATOS Y CUMBIAS) - Sounds Jazz Club\" \/>\n<meta property=\"og:description\" content=\"DAY MARTINEZ - accord\u00e9on et voix H\u00e9l\u00e8ne LACROSSE - voix  Fernando Martinez - voix Jairo Mu\u00f1oz - basse  Diego Perdomo - guacharaca  Eliecer Narvaez - caja vallenata\" \/>\n<meta property=\"og:url\" content=\"https:\/\/www.sounds.brussels\/fr\/jazz-concert\/day-martinez-y-helene-lacrosse-lapero-du-sounds-vallenatos-y-cumbias\/\" \/>\n<meta property=\"og:site_name\" content=\"Sounds Jazz Club\" \/>\n<meta property=\"article:modified_time\" content=\"2025-12-21T15:26:01+00:00\" \/>\n<meta property=\"og:image\" content=\"https:\/\/www.sounds.brussels\/wp-content\/uploads\/2025\/11\/day-martinez-scaled.jpg\" \/>\n\t<meta property=\"og:image:width\" content=\"2048\" \/>\n\t<meta property=\"og:image:height\" content=\"1365\" \/>\n\t<meta property=\"og:image:type\" content=\"image\/jpeg\" \/>\n<meta name=\"twitter:card\" content=\"summary_large_image\" \/>\n<meta name=\"twitter:label1\" content=\"Dur\u00e9e de lecture estim\u00e9e\" \/>\n\t<meta name=\"twitter:data1\" content=\"1 minute\" \/>\n<script type=\"application\/ld+json\" class=\"yoast-schema-graph\">{\"@context\":\"https:\/\/schema.org\",\"@graph\":[{\"@type\":\"WebPage\",\"@id\":\"https:\/\/www.sounds.brussels\/fr\/jazz-concert\/day-martinez-y-helene-lacrosse-lapero-du-sounds-vallenatos-y-cumbias\/\",\"url\":\"https:\/\/www.sounds.brussels\/fr\/jazz-concert\/day-martinez-y-helene-lacrosse-lapero-du-sounds-vallenatos-y-cumbias\/\",\"name\":\"DAY MARTINEZ Y H\u00c9L\u00c8NE LACROSSE \/ L'APERO DU SOUNDS (VALLENATOS Y CUMBIAS) - Sounds Jazz Club\",\"isPartOf\":{\"@id\":\"https:\/\/www.sounds.brussels\/fr\/#website\"},\"primaryImageOfPage\":{\"@id\":\"https:\/\/www.sounds.brussels\/fr\/jazz-concert\/day-martinez-y-helene-lacrosse-lapero-du-sounds-vallenatos-y-cumbias\/#primaryimage\"},\"image\":{\"@id\":\"https:\/\/www.sounds.brussels\/fr\/jazz-concert\/day-martinez-y-helene-lacrosse-lapero-du-sounds-vallenatos-y-cumbias\/#primaryimage\"},\"thumbnailUrl\":\"https:\/\/www.sounds.brussels\/wp-content\/uploads\/2025\/11\/day-martinez-scaled.jpg\",\"datePublished\":\"2025-11-12T14:25:28+00:00\",\"dateModified\":\"2025-12-21T15:26:01+00:00\",\"breadcrumb\":{\"@id\":\"https:\/\/www.sounds.brussels\/fr\/jazz-concert\/day-martinez-y-helene-lacrosse-lapero-du-sounds-vallenatos-y-cumbias\/#breadcrumb\"},\"inLanguage\":\"fr-FR\",\"potentialAction\":[{\"@type\":\"ReadAction\",\"target\":[\"https:\/\/www.sounds.brussels\/fr\/jazz-concert\/day-martinez-y-helene-lacrosse-lapero-du-sounds-vallenatos-y-cumbias\/\"]}]},{\"@type\":\"ImageObject\",\"inLanguage\":\"fr-FR\",\"@id\":\"https:\/\/www.sounds.brussels\/fr\/jazz-concert\/day-martinez-y-helene-lacrosse-lapero-du-sounds-vallenatos-y-cumbias\/#primaryimage\",\"url\":\"https:\/\/www.sounds.brussels\/wp-content\/uploads\/2025\/11\/day-martinez-scaled.jpg\",\"contentUrl\":\"https:\/\/www.sounds.brussels\/wp-content\/uploads\/2025\/11\/day-martinez-scaled.jpg\",\"width\":2048,\"height\":1365},{\"@type\":\"BreadcrumbList\",\"@id\":\"https:\/\/www.sounds.brussels\/fr\/jazz-concert\/day-martinez-y-helene-lacrosse-lapero-du-sounds-vallenatos-y-cumbias\/#breadcrumb\",\"itemListElement\":[{\"@type\":\"ListItem\",\"position\":1,\"name\":\"Accueil\",\"item\":\"https:\/\/www.sounds.brussels\/fr\/\"},{\"@type\":\"ListItem\",\"position\":2,\"name\":\"Produits\",\"item\":\"https:\/\/www.sounds.brussels\/fr\/shop\/\"},{\"@type\":\"ListItem\",\"position\":3,\"name\":\"DAY MARTINEZ Y H\u00c9L\u00c8NE LACROSSE \/ L&#8217;APERO DU SOUNDS (VALLENATOS Y CUMBIAS)\"}]},{\"@type\":\"WebSite\",\"@id\":\"https:\/\/www.sounds.brussels\/fr\/#website\",\"url\":\"https:\/\/www.sounds.brussels\/fr\/\",\"name\":\"Sounds Jazz Club\",\"description\":\"\",\"publisher\":{\"@id\":\"https:\/\/www.sounds.brussels\/fr\/#organization\"},\"potentialAction\":[{\"@type\":\"SearchAction\",\"target\":{\"@type\":\"EntryPoint\",\"urlTemplate\":\"https:\/\/www.sounds.brussels\/fr\/?s={search_term_string}\"},\"query-input\":{\"@type\":\"PropertyValueSpecification\",\"valueRequired\":true,\"valueName\":\"search_term_string\"}}],\"inLanguage\":\"fr-FR\"},{\"@type\":\"Organization\",\"@id\":\"https:\/\/www.sounds.brussels\/fr\/#organization\",\"name\":\"Sounds Jazz Club\",\"url\":\"https:\/\/www.sounds.brussels\/fr\/\",\"logo\":{\"@type\":\"ImageObject\",\"inLanguage\":\"fr-FR\",\"@id\":\"https:\/\/www.sounds.brussels\/fr\/#\/schema\/logo\/image\/\",\"url\":\"https:\/\/www.sounds.brussels\/wp-content\/uploads\/2023\/09\/logo-sounds-BlackRed-RGB-scaled.jpg\",\"contentUrl\":\"https:\/\/www.sounds.brussels\/wp-content\/uploads\/2023\/09\/logo-sounds-BlackRed-RGB-scaled.jpg\",\"width\":2048,\"height\":1428,\"caption\":\"Sounds Jazz Club\"},\"image\":{\"@id\":\"https:\/\/www.sounds.brussels\/fr\/#\/schema\/logo\/image\/\"}}]}<\/script>\n<!-- \/ Yoast SEO plugin. -->","yoast_head_json":{"title":"DAY MARTINEZ Y H\u00c9L\u00c8NE LACROSSE \/ L'APERO DU SOUNDS (VALLENATOS Y CUMBIAS) - Sounds Jazz Club","robots":{"index":"index","follow":"follow","max-snippet":"max-snippet:-1","max-image-preview":"max-image-preview:large","max-video-preview":"max-video-preview:-1"},"canonical":"https:\/\/www.sounds.brussels\/fr\/jazz-concert\/day-martinez-y-helene-lacrosse-lapero-du-sounds-vallenatos-y-cumbias\/","og_locale":"fr_FR","og_type":"article","og_title":"DAY MARTINEZ Y H\u00c9L\u00c8NE LACROSSE \/ L'APERO DU SOUNDS (VALLENATOS Y CUMBIAS) - Sounds Jazz Club","og_description":"DAY MARTINEZ - accord\u00e9on et voix H\u00e9l\u00e8ne LACROSSE - voix  Fernando Martinez - voix Jairo Mu\u00f1oz - basse  Diego Perdomo - guacharaca  Eliecer Narvaez - caja vallenata","og_url":"https:\/\/www.sounds.brussels\/fr\/jazz-concert\/day-martinez-y-helene-lacrosse-lapero-du-sounds-vallenatos-y-cumbias\/","og_site_name":"Sounds Jazz Club","article_modified_time":"2025-12-21T15:26:01+00:00","og_image":[{"width":2048,"height":1365,"url":"https:\/\/www.sounds.brussels\/wp-content\/uploads\/2025\/11\/day-martinez-scaled.jpg","type":"image\/jpeg"}],"twitter_card":"summary_large_image","twitter_misc":{"Dur\u00e9e de lecture estim\u00e9e":"1 minute"},"schema":{"@context":"https:\/\/schema.org","@graph":[{"@type":"WebPage","@id":"https:\/\/www.sounds.brussels\/fr\/jazz-concert\/day-martinez-y-helene-lacrosse-lapero-du-sounds-vallenatos-y-cumbias\/","url":"https:\/\/www.sounds.brussels\/fr\/jazz-concert\/day-martinez-y-helene-lacrosse-lapero-du-sounds-vallenatos-y-cumbias\/","name":"DAY MARTINEZ Y H\u00c9L\u00c8NE LACROSSE \/ L'APERO DU SOUNDS (VALLENATOS Y CUMBIAS) - Sounds Jazz Club","isPartOf":{"@id":"https:\/\/www.sounds.brussels\/fr\/#website"},"primaryImageOfPage":{"@id":"https:\/\/www.sounds.brussels\/fr\/jazz-concert\/day-martinez-y-helene-lacrosse-lapero-du-sounds-vallenatos-y-cumbias\/#primaryimage"},"image":{"@id":"https:\/\/www.sounds.brussels\/fr\/jazz-concert\/day-martinez-y-helene-lacrosse-lapero-du-sounds-vallenatos-y-cumbias\/#primaryimage"},"thumbnailUrl":"https:\/\/www.sounds.brussels\/wp-content\/uploads\/2025\/11\/day-martinez-scaled.jpg","datePublished":"2025-11-12T14:25:28+00:00","dateModified":"2025-12-21T15:26:01+00:00","breadcrumb":{"@id":"https:\/\/www.sounds.brussels\/fr\/jazz-concert\/day-martinez-y-helene-lacrosse-lapero-du-sounds-vallenatos-y-cumbias\/#breadcrumb"},"inLanguage":"fr-FR","potentialAction":[{"@type":"ReadAction","target":["https:\/\/www.sounds.brussels\/fr\/jazz-concert\/day-martinez-y-helene-lacrosse-lapero-du-sounds-vallenatos-y-cumbias\/"]}]},{"@type":"ImageObject","inLanguage":"fr-FR","@id":"https:\/\/www.sounds.brussels\/fr\/jazz-concert\/day-martinez-y-helene-lacrosse-lapero-du-sounds-vallenatos-y-cumbias\/#primaryimage","url":"https:\/\/www.sounds.brussels\/wp-content\/uploads\/2025\/11\/day-martinez-scaled.jpg","contentUrl":"https:\/\/www.sounds.brussels\/wp-content\/uploads\/2025\/11\/day-martinez-scaled.jpg","width":2048,"height":1365},{"@type":"BreadcrumbList","@id":"https:\/\/www.sounds.brussels\/fr\/jazz-concert\/day-martinez-y-helene-lacrosse-lapero-du-sounds-vallenatos-y-cumbias\/#breadcrumb","itemListElement":[{"@type":"ListItem","position":1,"name":"Accueil","item":"https:\/\/www.sounds.brussels\/fr\/"},{"@type":"ListItem","position":2,"name":"Produits","item":"https:\/\/www.sounds.brussels\/fr\/shop\/"},{"@type":"ListItem","position":3,"name":"DAY MARTINEZ Y H\u00c9L\u00c8NE LACROSSE \/ L&#8217;APERO DU SOUNDS (VALLENATOS Y CUMBIAS)"}]},{"@type":"WebSite","@id":"https:\/\/www.sounds.brussels\/fr\/#website","url":"https:\/\/www.sounds.brussels\/fr\/","name":"Sounds Jazz Club","description":"","publisher":{"@id":"https:\/\/www.sounds.brussels\/fr\/#organization"},"potentialAction":[{"@type":"SearchAction","target":{"@type":"EntryPoint","urlTemplate":"https:\/\/www.sounds.brussels\/fr\/?s={search_term_string}"},"query-input":{"@type":"PropertyValueSpecification","valueRequired":true,"valueName":"search_term_string"}}],"inLanguage":"fr-FR"},{"@type":"Organization","@id":"https:\/\/www.sounds.brussels\/fr\/#organization","name":"Sounds Jazz Club","url":"https:\/\/www.sounds.brussels\/fr\/","logo":{"@type":"ImageObject","inLanguage":"fr-FR","@id":"https:\/\/www.sounds.brussels\/fr\/#\/schema\/logo\/image\/","url":"https:\/\/www.sounds.brussels\/wp-content\/uploads\/2023\/09\/logo-sounds-BlackRed-RGB-scaled.jpg","contentUrl":"https:\/\/www.sounds.brussels\/wp-content\/uploads\/2023\/09\/logo-sounds-BlackRed-RGB-scaled.jpg","width":2048,"height":1428,"caption":"Sounds Jazz Club"},"image":{"@id":"https:\/\/www.sounds.brussels\/fr\/#\/schema\/logo\/image\/"}}]}},"_links":{"self":[{"href":"https:\/\/www.sounds.brussels\/fr\/wp-json\/wp\/v2\/product\/156429","targetHints":{"allow":["GET"]}}],"collection":[{"href":"https:\/\/www.sounds.brussels\/fr\/wp-json\/wp\/v2\/product"}],"about":[{"href":"https:\/\/www.sounds.brussels\/fr\/wp-json\/wp\/v2\/types\/product"}],"author":[{"embeddable":true,"href":"https:\/\/www.sounds.brussels\/fr\/wp-json\/wp\/v2\/users\/8382"}],"replies":[{"embeddable":true,"href":"https:\/\/www.sounds.brussels\/fr\/wp-json\/wp\/v2\/comments?post=156429"}],"wp:featuredmedia":[{"embeddable":true,"href":"https:\/\/www.sounds.brussels\/fr\/wp-json\/wp\/v2\/media\/156469"}],"wp:attachment":[{"href":"https:\/\/www.sounds.brussels\/fr\/wp-json\/wp\/v2\/media?parent=156429"}],"wp:term":[{"taxonomy":"product_brand","embeddable":true,"href":"https:\/\/www.sounds.brussels\/fr\/wp-json\/wp\/v2\/product_brand?post=156429"},{"taxonomy":"product_cat","embeddable":true,"href":"https:\/\/www.sounds.brussels\/fr\/wp-json\/wp\/v2\/product_cat?post=156429"},{"taxonomy":"product_tag","embeddable":true,"href":"https:\/\/www.sounds.brussels\/fr\/wp-json\/wp\/v2\/product_tag?post=156429"}],"curies":[{"name":"wp","href":"https:\/\/api.w.org\/{rel}","templated":true}]}}

DAY MARTINEZ Y HÉLÈNE LACROSSE / L&rsquo;APERO DU SOUNDS (VALLENATOS Y CUMBIAS)

<p>DAY MARTINEZ &#8211; accordéon et voix<br />
Hélène LACROSSE &#8211; voix<br />
Fernando Martinez &#8211; voix<br />
Jairo Muñoz &#8211; basse<br />
Diego Perdomo &#8211; guacharaca<br />
Eliecer Narvaez &#8211; caja vallenata</p>

<!-- This site is optimized with the Yoast SEO plugin v26.9 - https://yoast.com/product/yoast-seo-wordpress/ -->
<title>DAY MARTINEZ Y HÉLÈNE LACROSSE / L&#039;APERO DU SOUNDS (VALLENATOS Y CUMBIAS) - Sounds Jazz Club</title>
<meta name="robots" content="index, follow, max-snippet:-1, max-image-preview:large, max-video-preview:-1" />
<link rel="canonical" href="https://www.sounds.brussels/fr/jazz-concert/day-martinez-y-helene-lacrosse-lapero-du-sounds-vallenatos-y-cumbias/" />
<meta property="og:locale" content="fr_FR" />
<meta property="og:type" content="article" />
<meta property="og:title" content="DAY MARTINEZ Y HÉLÈNE LACROSSE / L&#039;APERO DU SOUNDS (VALLENATOS Y CUMBIAS) - Sounds Jazz Club" />
<meta property="og:description" content="DAY MARTINEZ - accordéon et voix Hélène LACROSSE - voix  Fernando Martinez - voix Jairo Muñoz - basse  Diego Perdomo - guacharaca  Eliecer Narvaez - caja vallenata" />
<meta property="og:url" content="https://www.sounds.brussels/fr/jazz-concert/day-martinez-y-helene-lacrosse-lapero-du-sounds-vallenatos-y-cumbias/" />
<meta property="og:site_name" content="Sounds Jazz Club" />
<meta property="article:modified_time" content="2025-12-21T15:26:01+00:00" />
<meta property="og:image" content="https://www.sounds.brussels/wp-content/uploads/2025/11/day-martinez-scaled.jpg" />
	<meta property="og:image:width" content="2048" />
	<meta property="og:image:height" content="1365" />
	<meta property="og:image:type" content="image/jpeg" />
<meta name="twitter:card" content="summary_large_image" />
<meta name="twitter:label1" content="Durée de lecture estimée" />
	<meta name="twitter:data1" content="1 minute" />
<script type="application/ld+json" class="yoast-schema-graph">{"@context":"https://schema.org","@graph":[{"@type":"WebPage","@id":"https://www.sounds.brussels/fr/jazz-concert/day-martinez-y-helene-lacrosse-lapero-du-sounds-vallenatos-y-cumbias/","url":"https://www.sounds.brussels/fr/jazz-concert/day-martinez-y-helene-lacrosse-lapero-du-sounds-vallenatos-y-cumbias/","name":"DAY MARTINEZ Y HÉLÈNE LACROSSE / L'APERO DU SOUNDS (VALLENATOS Y CUMBIAS) - Sounds Jazz Club","isPartOf":{"@id":"https://www.sounds.brussels/fr/#website"},"primaryImageOfPage":{"@id":"https://www.sounds.brussels/fr/jazz-concert/day-martinez-y-helene-lacrosse-lapero-du-sounds-vallenatos-y-cumbias/#primaryimage"},"image":{"@id":"https://www.sounds.brussels/fr/jazz-concert/day-martinez-y-helene-lacrosse-lapero-du-sounds-vallenatos-y-cumbias/#primaryimage"},"thumbnailUrl":"https://www.sounds.brussels/wp-content/uploads/2025/11/day-martinez-scaled.jpg","datePublished":"2025-11-12T14:25:28+00:00","dateModified":"2025-12-21T15:26:01+00:00","breadcrumb":{"@id":"https://www.sounds.brussels/fr/jazz-concert/day-martinez-y-helene-lacrosse-lapero-du-sounds-vallenatos-y-cumbias/#breadcrumb"},"inLanguage":"fr-FR","potentialAction":[{"@type":"ReadAction","target":["https://www.sounds.brussels/fr/jazz-concert/day-martinez-y-helene-lacrosse-lapero-du-sounds-vallenatos-y-cumbias/"]}]},{"@type":"ImageObject","inLanguage":"fr-FR","@id":"https://www.sounds.brussels/fr/jazz-concert/day-martinez-y-helene-lacrosse-lapero-du-sounds-vallenatos-y-cumbias/#primaryimage","url":"https://www.sounds.brussels/wp-content/uploads/2025/11/day-martinez-scaled.jpg","contentUrl":"https://www.sounds.brussels/wp-content/uploads/2025/11/day-martinez-scaled.jpg","width":2048,"height":1365},{"@type":"BreadcrumbList","@id":"https://www.sounds.brussels/fr/jazz-concert/day-martinez-y-helene-lacrosse-lapero-du-sounds-vallenatos-y-cumbias/#breadcrumb","itemListElement":[{"@type":"ListItem","position":1,"name":"Accueil","item":"https://www.sounds.brussels/fr/"},{"@type":"ListItem","position":2,"name":"Produits","item":"https://www.sounds.brussels/fr/shop/"},{"@type":"ListItem","position":3,"name":"DAY MARTINEZ Y HÉLÈNE LACROSSE / L&#8217;APERO DU SOUNDS (VALLENATOS Y CUMBIAS)"}]},{"@type":"WebSite","@id":"https://www.sounds.brussels/fr/#website","url":"https://www.sounds.brussels/fr/","name":"Sounds Jazz Club","description":"","publisher":{"@id":"https://www.sounds.brussels/fr/#organization"},"potentialAction":[{"@type":"SearchAction","target":{"@type":"EntryPoint","urlTemplate":"https://www.sounds.brussels/fr/?s={search_term_string}"},"query-input":{"@type":"PropertyValueSpecification","valueRequired":true,"valueName":"search_term_string"}}],"inLanguage":"fr-FR"},{"@type":"Organization","@id":"https://www.sounds.brussels/fr/#organization","name":"Sounds Jazz Club","url":"https://www.sounds.brussels/fr/","logo":{"@type":"ImageObject","inLanguage":"fr-FR","@id":"https://www.sounds.brussels/fr/#/schema/logo/image/","url":"https://www.sounds.brussels/wp-content/uploads/2023/09/logo-sounds-BlackRed-RGB-scaled.jpg","contentUrl":"https://www.sounds.brussels/wp-content/uploads/2023/09/logo-sounds-BlackRed-RGB-scaled.jpg","width":2048,"height":1428,"caption":"Sounds Jazz Club"},"image":{"@id":"https://www.sounds.brussels/fr/#/schema/logo/image/"}}]}</script>
<!-- / Yoast SEO plugin. -->

DAY MARTINEZ Y HÉLÈNE LACROSSE / L'APERO DU SOUNDS (VALLENATOS Y CUMBIAS) - Sounds Jazz Club

DAY MARTINEZ - accordéon et voix Hélène LACROSSE - voix  Fernando Martinez - voix Jairo Muñoz - basse  Diego Perdomo - guacharaca  Eliecer Narvaez - caja vallenata

DAY MARTINEZ Y HÉLÈNE LACROSSE / L&#8217;APERO DU SOUNDS (VALLENATOS Y CUMBIAS)
