{"id":154087,"date":"2025-10-09T12:07:46","date_gmt":"2025-10-09T10:07:46","guid":{"rendered":"https:\/\/www.sounds.brussels\/?post_type=product&#038;p=154087"},"modified":"2025-11-30T16:07:44","modified_gmt":"2025-11-30T15:07:44","slug":"lapero-du-sounds-papayazz","status":"publish","type":"product","link":"https:\/\/www.sounds.brussels\/fr\/jazz-concert\/lapero-du-sounds-papayazz\/","title":{"rendered":"L&rsquo;APERO DU SOUNDS \/ PAPAYAZZ"},"content":{"rendered":"","protected":false},"excerpt":{"rendered":"<p>Marcela Boh\u00f3rquez. Chant<br \/>\nPierre Malempr\u00e9.Trompette<br \/>\nArtie Cortes. Basse et chant<br \/>\nSt\u00e9phane martini. Guitare<br \/>\nBruno Herzet. Sax et fl\u00fbte<br \/>\nFred (el pulpo)-percussions<br \/>\nGilberto\u00a0\u00bb el cubano\u00a0\u00bb percussionniste<\/p>\n","protected":false},"author":8382,"featured_media":154096,"comment_status":"closed","ping_status":"closed","template":"","meta":{"_acf_changed":false},"product_brand":[],"product_cat":[157],"product_tag":[],"class_list":{"0":"post-154087","1":"product","2":"type-product","3":"status-publish","4":"has-post-thumbnail","6":"product_cat-archived","8":"first","9":"instock","10":"shipping-taxable","11":"product-type-variable","12":"has-default-attributes","13":"nyp-product"},"acf":[],"yoast_head":"<!-- This site is optimized with the Yoast SEO plugin v26.9 - https:\/\/yoast.com\/product\/yoast-seo-wordpress\/ -->\n<title>L&#039;APERO DU SOUNDS \/ PAPAYAZZ - Sounds Jazz Club<\/title>\n<meta name=\"robots\" content=\"index, follow, max-snippet:-1, max-image-preview:large, max-video-preview:-1\" \/>\n<link rel=\"canonical\" href=\"https:\/\/www.sounds.brussels\/fr\/jazz-concert\/lapero-du-sounds-papayazz\/\" \/>\n<meta property=\"og:locale\" content=\"fr_FR\" \/>\n<meta property=\"og:type\" content=\"article\" \/>\n<meta property=\"og:title\" content=\"L&#039;APERO DU SOUNDS \/ PAPAYAZZ - Sounds Jazz Club\" \/>\n<meta property=\"og:description\" content=\"Marcela Boh\u00f3rquez. Chant Pierre Malempr\u00e9.Trompette Artie Cortes. Basse et chant St\u00e9phane martini. Guitare Bruno Herzet. Sax et fl\u00fbte Fred (el pulpo)-percussions Gilberto&quot; el cubano&quot; percussionniste\" \/>\n<meta property=\"og:url\" content=\"https:\/\/www.sounds.brussels\/fr\/jazz-concert\/lapero-du-sounds-papayazz\/\" \/>\n<meta property=\"og:site_name\" content=\"Sounds Jazz Club\" \/>\n<meta property=\"article:modified_time\" content=\"2025-11-30T15:07:44+00:00\" \/>\n<meta property=\"og:image\" content=\"https:\/\/www.sounds.brussels\/wp-content\/uploads\/2025\/10\/2025-11-30-l-apero-du-sounds-papayazz-1760004467.jpg\" \/>\n\t<meta property=\"og:image:width\" content=\"1319\" \/>\n\t<meta property=\"og:image:height\" content=\"778\" \/>\n\t<meta property=\"og:image:type\" content=\"image\/jpeg\" \/>\n<meta name=\"twitter:card\" content=\"summary_large_image\" \/>\n<script type=\"application\/ld+json\" class=\"yoast-schema-graph\">{\"@context\":\"https:\/\/schema.org\",\"@graph\":[{\"@type\":\"WebPage\",\"@id\":\"https:\/\/www.sounds.brussels\/fr\/jazz-concert\/lapero-du-sounds-papayazz\/\",\"url\":\"https:\/\/www.sounds.brussels\/fr\/jazz-concert\/lapero-du-sounds-papayazz\/\",\"name\":\"L'APERO DU SOUNDS \/ PAPAYAZZ - Sounds Jazz Club\",\"isPartOf\":{\"@id\":\"https:\/\/www.sounds.brussels\/fr\/#website\"},\"primaryImageOfPage\":{\"@id\":\"https:\/\/www.sounds.brussels\/fr\/jazz-concert\/lapero-du-sounds-papayazz\/#primaryimage\"},\"image\":{\"@id\":\"https:\/\/www.sounds.brussels\/fr\/jazz-concert\/lapero-du-sounds-papayazz\/#primaryimage\"},\"thumbnailUrl\":\"https:\/\/www.sounds.brussels\/wp-content\/uploads\/2025\/10\/2025-11-30-l-apero-du-sounds-papayazz-1760004467.jpg\",\"datePublished\":\"2025-10-09T10:07:46+00:00\",\"dateModified\":\"2025-11-30T15:07:44+00:00\",\"breadcrumb\":{\"@id\":\"https:\/\/www.sounds.brussels\/fr\/jazz-concert\/lapero-du-sounds-papayazz\/#breadcrumb\"},\"inLanguage\":\"fr-FR\",\"potentialAction\":[{\"@type\":\"ReadAction\",\"target\":[\"https:\/\/www.sounds.brussels\/fr\/jazz-concert\/lapero-du-sounds-papayazz\/\"]}]},{\"@type\":\"ImageObject\",\"inLanguage\":\"fr-FR\",\"@id\":\"https:\/\/www.sounds.brussels\/fr\/jazz-concert\/lapero-du-sounds-papayazz\/#primaryimage\",\"url\":\"https:\/\/www.sounds.brussels\/wp-content\/uploads\/2025\/10\/2025-11-30-l-apero-du-sounds-papayazz-1760004467.jpg\",\"contentUrl\":\"https:\/\/www.sounds.brussels\/wp-content\/uploads\/2025\/10\/2025-11-30-l-apero-du-sounds-papayazz-1760004467.jpg\",\"width\":1319,\"height\":778},{\"@type\":\"BreadcrumbList\",\"@id\":\"https:\/\/www.sounds.brussels\/fr\/jazz-concert\/lapero-du-sounds-papayazz\/#breadcrumb\",\"itemListElement\":[{\"@type\":\"ListItem\",\"position\":1,\"name\":\"Accueil\",\"item\":\"https:\/\/www.sounds.brussels\/fr\/\"},{\"@type\":\"ListItem\",\"position\":2,\"name\":\"Produits\",\"item\":\"https:\/\/www.sounds.brussels\/fr\/shop\/\"},{\"@type\":\"ListItem\",\"position\":3,\"name\":\"L&#8217;APERO DU SOUNDS \/ PAPAYAZZ\"}]},{\"@type\":\"WebSite\",\"@id\":\"https:\/\/www.sounds.brussels\/fr\/#website\",\"url\":\"https:\/\/www.sounds.brussels\/fr\/\",\"name\":\"Sounds Jazz Club\",\"description\":\"\",\"publisher\":{\"@id\":\"https:\/\/www.sounds.brussels\/fr\/#organization\"},\"potentialAction\":[{\"@type\":\"SearchAction\",\"target\":{\"@type\":\"EntryPoint\",\"urlTemplate\":\"https:\/\/www.sounds.brussels\/fr\/?s={search_term_string}\"},\"query-input\":{\"@type\":\"PropertyValueSpecification\",\"valueRequired\":true,\"valueName\":\"search_term_string\"}}],\"inLanguage\":\"fr-FR\"},{\"@type\":\"Organization\",\"@id\":\"https:\/\/www.sounds.brussels\/fr\/#organization\",\"name\":\"Sounds Jazz Club\",\"url\":\"https:\/\/www.sounds.brussels\/fr\/\",\"logo\":{\"@type\":\"ImageObject\",\"inLanguage\":\"fr-FR\",\"@id\":\"https:\/\/www.sounds.brussels\/fr\/#\/schema\/logo\/image\/\",\"url\":\"https:\/\/www.sounds.brussels\/wp-content\/uploads\/2023\/09\/logo-sounds-BlackRed-RGB-scaled.jpg\",\"contentUrl\":\"https:\/\/www.sounds.brussels\/wp-content\/uploads\/2023\/09\/logo-sounds-BlackRed-RGB-scaled.jpg\",\"width\":2048,\"height\":1428,\"caption\":\"Sounds Jazz Club\"},\"image\":{\"@id\":\"https:\/\/www.sounds.brussels\/fr\/#\/schema\/logo\/image\/\"}}]}<\/script>\n<!-- \/ Yoast SEO plugin. -->","yoast_head_json":{"title":"L'APERO DU SOUNDS \/ PAPAYAZZ - Sounds Jazz Club","robots":{"index":"index","follow":"follow","max-snippet":"max-snippet:-1","max-image-preview":"max-image-preview:large","max-video-preview":"max-video-preview:-1"},"canonical":"https:\/\/www.sounds.brussels\/fr\/jazz-concert\/lapero-du-sounds-papayazz\/","og_locale":"fr_FR","og_type":"article","og_title":"L'APERO DU SOUNDS \/ PAPAYAZZ - Sounds Jazz Club","og_description":"Marcela Boh\u00f3rquez. Chant Pierre Malempr\u00e9.Trompette Artie Cortes. Basse et chant St\u00e9phane martini. Guitare Bruno Herzet. Sax et fl\u00fbte Fred (el pulpo)-percussions Gilberto\" el cubano\" percussionniste","og_url":"https:\/\/www.sounds.brussels\/fr\/jazz-concert\/lapero-du-sounds-papayazz\/","og_site_name":"Sounds Jazz Club","article_modified_time":"2025-11-30T15:07:44+00:00","og_image":[{"width":1319,"height":778,"url":"https:\/\/www.sounds.brussels\/wp-content\/uploads\/2025\/10\/2025-11-30-l-apero-du-sounds-papayazz-1760004467.jpg","type":"image\/jpeg"}],"twitter_card":"summary_large_image","schema":{"@context":"https:\/\/schema.org","@graph":[{"@type":"WebPage","@id":"https:\/\/www.sounds.brussels\/fr\/jazz-concert\/lapero-du-sounds-papayazz\/","url":"https:\/\/www.sounds.brussels\/fr\/jazz-concert\/lapero-du-sounds-papayazz\/","name":"L'APERO DU SOUNDS \/ PAPAYAZZ - Sounds Jazz Club","isPartOf":{"@id":"https:\/\/www.sounds.brussels\/fr\/#website"},"primaryImageOfPage":{"@id":"https:\/\/www.sounds.brussels\/fr\/jazz-concert\/lapero-du-sounds-papayazz\/#primaryimage"},"image":{"@id":"https:\/\/www.sounds.brussels\/fr\/jazz-concert\/lapero-du-sounds-papayazz\/#primaryimage"},"thumbnailUrl":"https:\/\/www.sounds.brussels\/wp-content\/uploads\/2025\/10\/2025-11-30-l-apero-du-sounds-papayazz-1760004467.jpg","datePublished":"2025-10-09T10:07:46+00:00","dateModified":"2025-11-30T15:07:44+00:00","breadcrumb":{"@id":"https:\/\/www.sounds.brussels\/fr\/jazz-concert\/lapero-du-sounds-papayazz\/#breadcrumb"},"inLanguage":"fr-FR","potentialAction":[{"@type":"ReadAction","target":["https:\/\/www.sounds.brussels\/fr\/jazz-concert\/lapero-du-sounds-papayazz\/"]}]},{"@type":"ImageObject","inLanguage":"fr-FR","@id":"https:\/\/www.sounds.brussels\/fr\/jazz-concert\/lapero-du-sounds-papayazz\/#primaryimage","url":"https:\/\/www.sounds.brussels\/wp-content\/uploads\/2025\/10\/2025-11-30-l-apero-du-sounds-papayazz-1760004467.jpg","contentUrl":"https:\/\/www.sounds.brussels\/wp-content\/uploads\/2025\/10\/2025-11-30-l-apero-du-sounds-papayazz-1760004467.jpg","width":1319,"height":778},{"@type":"BreadcrumbList","@id":"https:\/\/www.sounds.brussels\/fr\/jazz-concert\/lapero-du-sounds-papayazz\/#breadcrumb","itemListElement":[{"@type":"ListItem","position":1,"name":"Accueil","item":"https:\/\/www.sounds.brussels\/fr\/"},{"@type":"ListItem","position":2,"name":"Produits","item":"https:\/\/www.sounds.brussels\/fr\/shop\/"},{"@type":"ListItem","position":3,"name":"L&#8217;APERO DU SOUNDS \/ PAPAYAZZ"}]},{"@type":"WebSite","@id":"https:\/\/www.sounds.brussels\/fr\/#website","url":"https:\/\/www.sounds.brussels\/fr\/","name":"Sounds Jazz Club","description":"","publisher":{"@id":"https:\/\/www.sounds.brussels\/fr\/#organization"},"potentialAction":[{"@type":"SearchAction","target":{"@type":"EntryPoint","urlTemplate":"https:\/\/www.sounds.brussels\/fr\/?s={search_term_string}"},"query-input":{"@type":"PropertyValueSpecification","valueRequired":true,"valueName":"search_term_string"}}],"inLanguage":"fr-FR"},{"@type":"Organization","@id":"https:\/\/www.sounds.brussels\/fr\/#organization","name":"Sounds Jazz Club","url":"https:\/\/www.sounds.brussels\/fr\/","logo":{"@type":"ImageObject","inLanguage":"fr-FR","@id":"https:\/\/www.sounds.brussels\/fr\/#\/schema\/logo\/image\/","url":"https:\/\/www.sounds.brussels\/wp-content\/uploads\/2023\/09\/logo-sounds-BlackRed-RGB-scaled.jpg","contentUrl":"https:\/\/www.sounds.brussels\/wp-content\/uploads\/2023\/09\/logo-sounds-BlackRed-RGB-scaled.jpg","width":2048,"height":1428,"caption":"Sounds Jazz Club"},"image":{"@id":"https:\/\/www.sounds.brussels\/fr\/#\/schema\/logo\/image\/"}}]}},"_links":{"self":[{"href":"https:\/\/www.sounds.brussels\/fr\/wp-json\/wp\/v2\/product\/154087","targetHints":{"allow":["GET"]}}],"collection":[{"href":"https:\/\/www.sounds.brussels\/fr\/wp-json\/wp\/v2\/product"}],"about":[{"href":"https:\/\/www.sounds.brussels\/fr\/wp-json\/wp\/v2\/types\/product"}],"author":[{"embeddable":true,"href":"https:\/\/www.sounds.brussels\/fr\/wp-json\/wp\/v2\/users\/8382"}],"replies":[{"embeddable":true,"href":"https:\/\/www.sounds.brussels\/fr\/wp-json\/wp\/v2\/comments?post=154087"}],"wp:featuredmedia":[{"embeddable":true,"href":"https:\/\/www.sounds.brussels\/fr\/wp-json\/wp\/v2\/media\/154096"}],"wp:attachment":[{"href":"https:\/\/www.sounds.brussels\/fr\/wp-json\/wp\/v2\/media?parent=154087"}],"wp:term":[{"taxonomy":"product_brand","embeddable":true,"href":"https:\/\/www.sounds.brussels\/fr\/wp-json\/wp\/v2\/product_brand?post=154087"},{"taxonomy":"product_cat","embeddable":true,"href":"https:\/\/www.sounds.brussels\/fr\/wp-json\/wp\/v2\/product_cat?post=154087"},{"taxonomy":"product_tag","embeddable":true,"href":"https:\/\/www.sounds.brussels\/fr\/wp-json\/wp\/v2\/product_tag?post=154087"}],"curies":[{"name":"wp","href":"https:\/\/api.w.org\/{rel}","templated":true}]}}

<p>Marcela Bohórquez. Chant<br />
Pierre Malempré.Trompette<br />
Artie Cortes. Basse et chant<br />
Stéphane martini. Guitare<br />
Bruno Herzet. Sax et flûte<br />
Fred (el pulpo)-percussions<br />
Gilberto » el cubano » percussionniste</p>

<!-- This site is optimized with the Yoast SEO plugin v26.9 - https://yoast.com/product/yoast-seo-wordpress/ -->
<title>L&#039;APERO DU SOUNDS / PAPAYAZZ - Sounds Jazz Club</title>
<meta name="robots" content="index, follow, max-snippet:-1, max-image-preview:large, max-video-preview:-1" />
<link rel="canonical" href="https://www.sounds.brussels/fr/jazz-concert/lapero-du-sounds-papayazz/" />
<meta property="og:locale" content="fr_FR" />
<meta property="og:type" content="article" />
<meta property="og:title" content="L&#039;APERO DU SOUNDS / PAPAYAZZ - Sounds Jazz Club" />
<meta property="og:description" content="Marcela Bohórquez. Chant Pierre Malempré.Trompette Artie Cortes. Basse et chant Stéphane martini. Guitare Bruno Herzet. Sax et flûte Fred (el pulpo)-percussions Gilberto&quot; el cubano&quot; percussionniste" />
<meta property="og:url" content="https://www.sounds.brussels/fr/jazz-concert/lapero-du-sounds-papayazz/" />
<meta property="og:site_name" content="Sounds Jazz Club" />
<meta property="article:modified_time" content="2025-11-30T15:07:44+00:00" />
<meta property="og:image" content="https://www.sounds.brussels/wp-content/uploads/2025/10/2025-11-30-l-apero-du-sounds-papayazz-1760004467.jpg" />
	<meta property="og:image:width" content="1319" />
	<meta property="og:image:height" content="778" />
	<meta property="og:image:type" content="image/jpeg" />
<meta name="twitter:card" content="summary_large_image" />
<script type="application/ld+json" class="yoast-schema-graph">{"@context":"https://schema.org","@graph":[{"@type":"WebPage","@id":"https://www.sounds.brussels/fr/jazz-concert/lapero-du-sounds-papayazz/","url":"https://www.sounds.brussels/fr/jazz-concert/lapero-du-sounds-papayazz/","name":"L'APERO DU SOUNDS / PAPAYAZZ - Sounds Jazz Club","isPartOf":{"@id":"https://www.sounds.brussels/fr/#website"},"primaryImageOfPage":{"@id":"https://www.sounds.brussels/fr/jazz-concert/lapero-du-sounds-papayazz/#primaryimage"},"image":{"@id":"https://www.sounds.brussels/fr/jazz-concert/lapero-du-sounds-papayazz/#primaryimage"},"thumbnailUrl":"https://www.sounds.brussels/wp-content/uploads/2025/10/2025-11-30-l-apero-du-sounds-papayazz-1760004467.jpg","datePublished":"2025-10-09T10:07:46+00:00","dateModified":"2025-11-30T15:07:44+00:00","breadcrumb":{"@id":"https://www.sounds.brussels/fr/jazz-concert/lapero-du-sounds-papayazz/#breadcrumb"},"inLanguage":"fr-FR","potentialAction":[{"@type":"ReadAction","target":["https://www.sounds.brussels/fr/jazz-concert/lapero-du-sounds-papayazz/"]}]},{"@type":"ImageObject","inLanguage":"fr-FR","@id":"https://www.sounds.brussels/fr/jazz-concert/lapero-du-sounds-papayazz/#primaryimage","url":"https://www.sounds.brussels/wp-content/uploads/2025/10/2025-11-30-l-apero-du-sounds-papayazz-1760004467.jpg","contentUrl":"https://www.sounds.brussels/wp-content/uploads/2025/10/2025-11-30-l-apero-du-sounds-papayazz-1760004467.jpg","width":1319,"height":778},{"@type":"BreadcrumbList","@id":"https://www.sounds.brussels/fr/jazz-concert/lapero-du-sounds-papayazz/#breadcrumb","itemListElement":[{"@type":"ListItem","position":1,"name":"Accueil","item":"https://www.sounds.brussels/fr/"},{"@type":"ListItem","position":2,"name":"Produits","item":"https://www.sounds.brussels/fr/shop/"},{"@type":"ListItem","position":3,"name":"L&#8217;APERO DU SOUNDS / PAPAYAZZ"}]},{"@type":"WebSite","@id":"https://www.sounds.brussels/fr/#website","url":"https://www.sounds.brussels/fr/","name":"Sounds Jazz Club","description":"","publisher":{"@id":"https://www.sounds.brussels/fr/#organization"},"potentialAction":[{"@type":"SearchAction","target":{"@type":"EntryPoint","urlTemplate":"https://www.sounds.brussels/fr/?s={search_term_string}"},"query-input":{"@type":"PropertyValueSpecification","valueRequired":true,"valueName":"search_term_string"}}],"inLanguage":"fr-FR"},{"@type":"Organization","@id":"https://www.sounds.brussels/fr/#organization","name":"Sounds Jazz Club","url":"https://www.sounds.brussels/fr/","logo":{"@type":"ImageObject","inLanguage":"fr-FR","@id":"https://www.sounds.brussels/fr/#/schema/logo/image/","url":"https://www.sounds.brussels/wp-content/uploads/2023/09/logo-sounds-BlackRed-RGB-scaled.jpg","contentUrl":"https://www.sounds.brussels/wp-content/uploads/2023/09/logo-sounds-BlackRed-RGB-scaled.jpg","width":2048,"height":1428,"caption":"Sounds Jazz Club"},"image":{"@id":"https://www.sounds.brussels/fr/#/schema/logo/image/"}}]}</script>
<!-- / Yoast SEO plugin. -->

Marcela Bohórquez. Chant Pierre Malempré.Trompette Artie Cortes. Basse et chant Stéphane martini. Guitare Bruno Herzet. Sax et flûte Fred (el pulpo)-percussions Gilberto" el cubano" percussionniste
