{"id":152107,"date":"2025-09-02T15:21:23","date_gmt":"2025-09-02T13:21:23","guid":{"rendered":"https:\/\/www.sounds.brussels\/?post_type=product&#038;p=152107"},"modified":"2025-10-12T17:19:56","modified_gmt":"2025-10-12T15:19:56","slug":"memoria-del-fuego-1492-cesar-nikanor","status":"publish","type":"product","link":"https:\/\/www.sounds.brussels\/fr\/jazz-concert\/memoria-del-fuego-1492-cesar-nikanor\/","title":{"rendered":"MEMORIA DEL FUEGO 1492 \/ C\u00c9SAR &#038; NIKANOR"},"content":{"rendered":"","protected":false},"excerpt":{"rendered":"<p>Ximicas : Invit\u00e9 sp\u00e9cial (Guitare-voix)<\/p>\n<p>Tony Avila + Shakira Torna: Voix guitare + percussion <\/p>\n<p>C\u00c9SAR: Guitare, charango, fl\u00fbtes, chant<br \/>\nLulu: percussion<br \/>\nFabricio Cely: clavier, piano<br \/>\nLuc Vasseur: Violon<br \/>\nDaniel Conejo: Guitare<\/p>\n<p>Nikanor:<br \/>\nAlfredo: Quelopana: Bass<br \/>\nCarlos Rios: percussion<br \/>\nMarx Sanchez: Voix, percussion<br \/>\nPilo Marx: Guitare electrique<br \/>\nNiels: Guitare electrique<\/p>\n","protected":false},"author":8382,"featured_media":152132,"comment_status":"closed","ping_status":"closed","template":"","meta":{"_acf_changed":false},"product_brand":[],"product_cat":[157],"product_tag":[],"class_list":{"0":"post-152107","1":"product","2":"type-product","3":"status-publish","4":"has-post-thumbnail","6":"product_cat-archived","8":"first","9":"instock","10":"shipping-taxable","11":"product-type-variable","12":"has-default-attributes","13":"nyp-product"},"acf":[],"yoast_head":"<!-- This site is optimized with the Yoast SEO plugin v26.9 - https:\/\/yoast.com\/product\/yoast-seo-wordpress\/ -->\n<title>MEMORIA DEL FUEGO 1492 \/ C\u00c9SAR &amp; NIKANOR - Sounds Jazz Club<\/title>\n<meta name=\"robots\" content=\"index, follow, max-snippet:-1, max-image-preview:large, max-video-preview:-1\" \/>\n<link rel=\"canonical\" href=\"https:\/\/www.sounds.brussels\/fr\/jazz-concert\/memoria-del-fuego-1492-cesar-nikanor\/\" \/>\n<meta property=\"og:locale\" content=\"fr_FR\" \/>\n<meta property=\"og:type\" content=\"article\" \/>\n<meta property=\"og:title\" content=\"MEMORIA DEL FUEGO 1492 \/ C\u00c9SAR &amp; NIKANOR - Sounds Jazz Club\" \/>\n<meta property=\"og:description\" content=\"Ximicas : Invit\u00e9 sp\u00e9cial (Guitare-voix) Tony Avila + Shakira Torna: Voix guitare + percussion  C\u00c9SAR: Guitare, charango, fl\u00fbtes, chant Lulu: percussion Fabricio Cely: clavier, piano Luc Vasseur: Violon Daniel Conejo: Guitare Nikanor: Alfredo: Quelopana: Bass Carlos Rios: percussion Marx Sanchez: Voix, percussion Pilo Marx: Guitare electrique Niels: Guitare electrique\" \/>\n<meta property=\"og:url\" content=\"https:\/\/www.sounds.brussels\/fr\/jazz-concert\/memoria-del-fuego-1492-cesar-nikanor\/\" \/>\n<meta property=\"og:site_name\" content=\"Sounds Jazz Club\" \/>\n<meta property=\"article:modified_time\" content=\"2025-10-12T15:19:56+00:00\" \/>\n<meta property=\"og:image\" content=\"https:\/\/www.sounds.brussels\/wp-content\/uploads\/2025\/09\/12-oct-Sounds.png\" \/>\n\t<meta property=\"og:image:width\" content=\"960\" \/>\n\t<meta property=\"og:image:height\" content=\"720\" \/>\n\t<meta property=\"og:image:type\" content=\"image\/png\" \/>\n<meta name=\"twitter:card\" content=\"summary_large_image\" \/>\n<meta name=\"twitter:label1\" content=\"Dur\u00e9e de lecture estim\u00e9e\" \/>\n\t<meta name=\"twitter:data1\" content=\"1 minute\" \/>\n<script type=\"application\/ld+json\" class=\"yoast-schema-graph\">{\"@context\":\"https:\/\/schema.org\",\"@graph\":[{\"@type\":\"WebPage\",\"@id\":\"https:\/\/www.sounds.brussels\/fr\/jazz-concert\/memoria-del-fuego-1492-cesar-nikanor\/\",\"url\":\"https:\/\/www.sounds.brussels\/fr\/jazz-concert\/memoria-del-fuego-1492-cesar-nikanor\/\",\"name\":\"MEMORIA DEL FUEGO 1492 \/ C\u00c9SAR & NIKANOR - Sounds Jazz Club\",\"isPartOf\":{\"@id\":\"https:\/\/www.sounds.brussels\/fr\/#website\"},\"primaryImageOfPage\":{\"@id\":\"https:\/\/www.sounds.brussels\/fr\/jazz-concert\/memoria-del-fuego-1492-cesar-nikanor\/#primaryimage\"},\"image\":{\"@id\":\"https:\/\/www.sounds.brussels\/fr\/jazz-concert\/memoria-del-fuego-1492-cesar-nikanor\/#primaryimage\"},\"thumbnailUrl\":\"https:\/\/www.sounds.brussels\/wp-content\/uploads\/2025\/09\/12-oct-Sounds.png\",\"datePublished\":\"2025-09-02T13:21:23+00:00\",\"dateModified\":\"2025-10-12T15:19:56+00:00\",\"breadcrumb\":{\"@id\":\"https:\/\/www.sounds.brussels\/fr\/jazz-concert\/memoria-del-fuego-1492-cesar-nikanor\/#breadcrumb\"},\"inLanguage\":\"fr-FR\",\"potentialAction\":[{\"@type\":\"ReadAction\",\"target\":[\"https:\/\/www.sounds.brussels\/fr\/jazz-concert\/memoria-del-fuego-1492-cesar-nikanor\/\"]}]},{\"@type\":\"ImageObject\",\"inLanguage\":\"fr-FR\",\"@id\":\"https:\/\/www.sounds.brussels\/fr\/jazz-concert\/memoria-del-fuego-1492-cesar-nikanor\/#primaryimage\",\"url\":\"https:\/\/www.sounds.brussels\/wp-content\/uploads\/2025\/09\/12-oct-Sounds.png\",\"contentUrl\":\"https:\/\/www.sounds.brussels\/wp-content\/uploads\/2025\/09\/12-oct-Sounds.png\",\"width\":960,\"height\":720},{\"@type\":\"BreadcrumbList\",\"@id\":\"https:\/\/www.sounds.brussels\/fr\/jazz-concert\/memoria-del-fuego-1492-cesar-nikanor\/#breadcrumb\",\"itemListElement\":[{\"@type\":\"ListItem\",\"position\":1,\"name\":\"Accueil\",\"item\":\"https:\/\/www.sounds.brussels\/fr\/\"},{\"@type\":\"ListItem\",\"position\":2,\"name\":\"Produits\",\"item\":\"https:\/\/www.sounds.brussels\/fr\/shop\/\"},{\"@type\":\"ListItem\",\"position\":3,\"name\":\"MEMORIA DEL FUEGO 1492 \/ C\u00c9SAR &#038; NIKANOR\"}]},{\"@type\":\"WebSite\",\"@id\":\"https:\/\/www.sounds.brussels\/fr\/#website\",\"url\":\"https:\/\/www.sounds.brussels\/fr\/\",\"name\":\"Sounds Jazz Club\",\"description\":\"\",\"publisher\":{\"@id\":\"https:\/\/www.sounds.brussels\/fr\/#organization\"},\"potentialAction\":[{\"@type\":\"SearchAction\",\"target\":{\"@type\":\"EntryPoint\",\"urlTemplate\":\"https:\/\/www.sounds.brussels\/fr\/?s={search_term_string}\"},\"query-input\":{\"@type\":\"PropertyValueSpecification\",\"valueRequired\":true,\"valueName\":\"search_term_string\"}}],\"inLanguage\":\"fr-FR\"},{\"@type\":\"Organization\",\"@id\":\"https:\/\/www.sounds.brussels\/fr\/#organization\",\"name\":\"Sounds Jazz Club\",\"url\":\"https:\/\/www.sounds.brussels\/fr\/\",\"logo\":{\"@type\":\"ImageObject\",\"inLanguage\":\"fr-FR\",\"@id\":\"https:\/\/www.sounds.brussels\/fr\/#\/schema\/logo\/image\/\",\"url\":\"https:\/\/www.sounds.brussels\/wp-content\/uploads\/2023\/09\/logo-sounds-BlackRed-RGB-scaled.jpg\",\"contentUrl\":\"https:\/\/www.sounds.brussels\/wp-content\/uploads\/2023\/09\/logo-sounds-BlackRed-RGB-scaled.jpg\",\"width\":2048,\"height\":1428,\"caption\":\"Sounds Jazz Club\"},\"image\":{\"@id\":\"https:\/\/www.sounds.brussels\/fr\/#\/schema\/logo\/image\/\"}}]}<\/script>\n<!-- \/ Yoast SEO plugin. -->","yoast_head_json":{"title":"MEMORIA DEL FUEGO 1492 \/ C\u00c9SAR & NIKANOR - Sounds Jazz Club","robots":{"index":"index","follow":"follow","max-snippet":"max-snippet:-1","max-image-preview":"max-image-preview:large","max-video-preview":"max-video-preview:-1"},"canonical":"https:\/\/www.sounds.brussels\/fr\/jazz-concert\/memoria-del-fuego-1492-cesar-nikanor\/","og_locale":"fr_FR","og_type":"article","og_title":"MEMORIA DEL FUEGO 1492 \/ C\u00c9SAR & NIKANOR - Sounds Jazz Club","og_description":"Ximicas : Invit\u00e9 sp\u00e9cial (Guitare-voix) Tony Avila + Shakira Torna: Voix guitare + percussion  C\u00c9SAR: Guitare, charango, fl\u00fbtes, chant Lulu: percussion Fabricio Cely: clavier, piano Luc Vasseur: Violon Daniel Conejo: Guitare Nikanor: Alfredo: Quelopana: Bass Carlos Rios: percussion Marx Sanchez: Voix, percussion Pilo Marx: Guitare electrique Niels: Guitare electrique","og_url":"https:\/\/www.sounds.brussels\/fr\/jazz-concert\/memoria-del-fuego-1492-cesar-nikanor\/","og_site_name":"Sounds Jazz Club","article_modified_time":"2025-10-12T15:19:56+00:00","og_image":[{"width":960,"height":720,"url":"https:\/\/www.sounds.brussels\/wp-content\/uploads\/2025\/09\/12-oct-Sounds.png","type":"image\/png"}],"twitter_card":"summary_large_image","twitter_misc":{"Dur\u00e9e de lecture estim\u00e9e":"1 minute"},"schema":{"@context":"https:\/\/schema.org","@graph":[{"@type":"WebPage","@id":"https:\/\/www.sounds.brussels\/fr\/jazz-concert\/memoria-del-fuego-1492-cesar-nikanor\/","url":"https:\/\/www.sounds.brussels\/fr\/jazz-concert\/memoria-del-fuego-1492-cesar-nikanor\/","name":"MEMORIA DEL FUEGO 1492 \/ C\u00c9SAR & NIKANOR - Sounds Jazz Club","isPartOf":{"@id":"https:\/\/www.sounds.brussels\/fr\/#website"},"primaryImageOfPage":{"@id":"https:\/\/www.sounds.brussels\/fr\/jazz-concert\/memoria-del-fuego-1492-cesar-nikanor\/#primaryimage"},"image":{"@id":"https:\/\/www.sounds.brussels\/fr\/jazz-concert\/memoria-del-fuego-1492-cesar-nikanor\/#primaryimage"},"thumbnailUrl":"https:\/\/www.sounds.brussels\/wp-content\/uploads\/2025\/09\/12-oct-Sounds.png","datePublished":"2025-09-02T13:21:23+00:00","dateModified":"2025-10-12T15:19:56+00:00","breadcrumb":{"@id":"https:\/\/www.sounds.brussels\/fr\/jazz-concert\/memoria-del-fuego-1492-cesar-nikanor\/#breadcrumb"},"inLanguage":"fr-FR","potentialAction":[{"@type":"ReadAction","target":["https:\/\/www.sounds.brussels\/fr\/jazz-concert\/memoria-del-fuego-1492-cesar-nikanor\/"]}]},{"@type":"ImageObject","inLanguage":"fr-FR","@id":"https:\/\/www.sounds.brussels\/fr\/jazz-concert\/memoria-del-fuego-1492-cesar-nikanor\/#primaryimage","url":"https:\/\/www.sounds.brussels\/wp-content\/uploads\/2025\/09\/12-oct-Sounds.png","contentUrl":"https:\/\/www.sounds.brussels\/wp-content\/uploads\/2025\/09\/12-oct-Sounds.png","width":960,"height":720},{"@type":"BreadcrumbList","@id":"https:\/\/www.sounds.brussels\/fr\/jazz-concert\/memoria-del-fuego-1492-cesar-nikanor\/#breadcrumb","itemListElement":[{"@type":"ListItem","position":1,"name":"Accueil","item":"https:\/\/www.sounds.brussels\/fr\/"},{"@type":"ListItem","position":2,"name":"Produits","item":"https:\/\/www.sounds.brussels\/fr\/shop\/"},{"@type":"ListItem","position":3,"name":"MEMORIA DEL FUEGO 1492 \/ C\u00c9SAR &#038; NIKANOR"}]},{"@type":"WebSite","@id":"https:\/\/www.sounds.brussels\/fr\/#website","url":"https:\/\/www.sounds.brussels\/fr\/","name":"Sounds Jazz Club","description":"","publisher":{"@id":"https:\/\/www.sounds.brussels\/fr\/#organization"},"potentialAction":[{"@type":"SearchAction","target":{"@type":"EntryPoint","urlTemplate":"https:\/\/www.sounds.brussels\/fr\/?s={search_term_string}"},"query-input":{"@type":"PropertyValueSpecification","valueRequired":true,"valueName":"search_term_string"}}],"inLanguage":"fr-FR"},{"@type":"Organization","@id":"https:\/\/www.sounds.brussels\/fr\/#organization","name":"Sounds Jazz Club","url":"https:\/\/www.sounds.brussels\/fr\/","logo":{"@type":"ImageObject","inLanguage":"fr-FR","@id":"https:\/\/www.sounds.brussels\/fr\/#\/schema\/logo\/image\/","url":"https:\/\/www.sounds.brussels\/wp-content\/uploads\/2023\/09\/logo-sounds-BlackRed-RGB-scaled.jpg","contentUrl":"https:\/\/www.sounds.brussels\/wp-content\/uploads\/2023\/09\/logo-sounds-BlackRed-RGB-scaled.jpg","width":2048,"height":1428,"caption":"Sounds Jazz Club"},"image":{"@id":"https:\/\/www.sounds.brussels\/fr\/#\/schema\/logo\/image\/"}}]}},"_links":{"self":[{"href":"https:\/\/www.sounds.brussels\/fr\/wp-json\/wp\/v2\/product\/152107","targetHints":{"allow":["GET"]}}],"collection":[{"href":"https:\/\/www.sounds.brussels\/fr\/wp-json\/wp\/v2\/product"}],"about":[{"href":"https:\/\/www.sounds.brussels\/fr\/wp-json\/wp\/v2\/types\/product"}],"author":[{"embeddable":true,"href":"https:\/\/www.sounds.brussels\/fr\/wp-json\/wp\/v2\/users\/8382"}],"replies":[{"embeddable":true,"href":"https:\/\/www.sounds.brussels\/fr\/wp-json\/wp\/v2\/comments?post=152107"}],"wp:featuredmedia":[{"embeddable":true,"href":"https:\/\/www.sounds.brussels\/fr\/wp-json\/wp\/v2\/media\/152132"}],"wp:attachment":[{"href":"https:\/\/www.sounds.brussels\/fr\/wp-json\/wp\/v2\/media?parent=152107"}],"wp:term":[{"taxonomy":"product_brand","embeddable":true,"href":"https:\/\/www.sounds.brussels\/fr\/wp-json\/wp\/v2\/product_brand?post=152107"},{"taxonomy":"product_cat","embeddable":true,"href":"https:\/\/www.sounds.brussels\/fr\/wp-json\/wp\/v2\/product_cat?post=152107"},{"taxonomy":"product_tag","embeddable":true,"href":"https:\/\/www.sounds.brussels\/fr\/wp-json\/wp\/v2\/product_tag?post=152107"}],"curies":[{"name":"wp","href":"https:\/\/api.w.org\/{rel}","templated":true}]}}

MEMORIA DEL FUEGO 1492 / CÉSAR &#038; NIKANOR

<p>Ximicas : Invité spécial (Guitare-voix)</p>
<p>Tony Avila + Shakira Torna: Voix guitare + percussion </p>
<p>CÉSAR: Guitare, charango, flûtes, chant<br />
Lulu: percussion<br />
Fabricio Cely: clavier, piano<br />
Luc Vasseur: Violon<br />
Daniel Conejo: Guitare</p>
<p>Nikanor:<br />
Alfredo: Quelopana: Bass<br />
Carlos Rios: percussion<br />
Marx Sanchez: Voix, percussion<br />
Pilo Marx: Guitare electrique<br />
Niels: Guitare electrique</p>

<!-- This site is optimized with the Yoast SEO plugin v26.9 - https://yoast.com/product/yoast-seo-wordpress/ -->
<title>MEMORIA DEL FUEGO 1492 / CÉSAR &amp; NIKANOR - Sounds Jazz Club</title>
<meta name="robots" content="index, follow, max-snippet:-1, max-image-preview:large, max-video-preview:-1" />
<link rel="canonical" href="https://www.sounds.brussels/fr/jazz-concert/memoria-del-fuego-1492-cesar-nikanor/" />
<meta property="og:locale" content="fr_FR" />
<meta property="og:type" content="article" />
<meta property="og:title" content="MEMORIA DEL FUEGO 1492 / CÉSAR &amp; NIKANOR - Sounds Jazz Club" />
<meta property="og:description" content="Ximicas : Invité spécial (Guitare-voix) Tony Avila + Shakira Torna: Voix guitare + percussion  CÉSAR: Guitare, charango, flûtes, chant Lulu: percussion Fabricio Cely: clavier, piano Luc Vasseur: Violon Daniel Conejo: Guitare Nikanor: Alfredo: Quelopana: Bass Carlos Rios: percussion Marx Sanchez: Voix, percussion Pilo Marx: Guitare electrique Niels: Guitare electrique" />
<meta property="og:url" content="https://www.sounds.brussels/fr/jazz-concert/memoria-del-fuego-1492-cesar-nikanor/" />
<meta property="og:site_name" content="Sounds Jazz Club" />
<meta property="article:modified_time" content="2025-10-12T15:19:56+00:00" />
<meta property="og:image" content="https://www.sounds.brussels/wp-content/uploads/2025/09/12-oct-Sounds.png" />
	<meta property="og:image:width" content="960" />
	<meta property="og:image:height" content="720" />
	<meta property="og:image:type" content="image/png" />
<meta name="twitter:card" content="summary_large_image" />
<meta name="twitter:label1" content="Durée de lecture estimée" />
	<meta name="twitter:data1" content="1 minute" />
<script type="application/ld+json" class="yoast-schema-graph">{"@context":"https://schema.org","@graph":[{"@type":"WebPage","@id":"https://www.sounds.brussels/fr/jazz-concert/memoria-del-fuego-1492-cesar-nikanor/","url":"https://www.sounds.brussels/fr/jazz-concert/memoria-del-fuego-1492-cesar-nikanor/","name":"MEMORIA DEL FUEGO 1492 / CÉSAR & NIKANOR - Sounds Jazz Club","isPartOf":{"@id":"https://www.sounds.brussels/fr/#website"},"primaryImageOfPage":{"@id":"https://www.sounds.brussels/fr/jazz-concert/memoria-del-fuego-1492-cesar-nikanor/#primaryimage"},"image":{"@id":"https://www.sounds.brussels/fr/jazz-concert/memoria-del-fuego-1492-cesar-nikanor/#primaryimage"},"thumbnailUrl":"https://www.sounds.brussels/wp-content/uploads/2025/09/12-oct-Sounds.png","datePublished":"2025-09-02T13:21:23+00:00","dateModified":"2025-10-12T15:19:56+00:00","breadcrumb":{"@id":"https://www.sounds.brussels/fr/jazz-concert/memoria-del-fuego-1492-cesar-nikanor/#breadcrumb"},"inLanguage":"fr-FR","potentialAction":[{"@type":"ReadAction","target":["https://www.sounds.brussels/fr/jazz-concert/memoria-del-fuego-1492-cesar-nikanor/"]}]},{"@type":"ImageObject","inLanguage":"fr-FR","@id":"https://www.sounds.brussels/fr/jazz-concert/memoria-del-fuego-1492-cesar-nikanor/#primaryimage","url":"https://www.sounds.brussels/wp-content/uploads/2025/09/12-oct-Sounds.png","contentUrl":"https://www.sounds.brussels/wp-content/uploads/2025/09/12-oct-Sounds.png","width":960,"height":720},{"@type":"BreadcrumbList","@id":"https://www.sounds.brussels/fr/jazz-concert/memoria-del-fuego-1492-cesar-nikanor/#breadcrumb","itemListElement":[{"@type":"ListItem","position":1,"name":"Accueil","item":"https://www.sounds.brussels/fr/"},{"@type":"ListItem","position":2,"name":"Produits","item":"https://www.sounds.brussels/fr/shop/"},{"@type":"ListItem","position":3,"name":"MEMORIA DEL FUEGO 1492 / CÉSAR &#038; NIKANOR"}]},{"@type":"WebSite","@id":"https://www.sounds.brussels/fr/#website","url":"https://www.sounds.brussels/fr/","name":"Sounds Jazz Club","description":"","publisher":{"@id":"https://www.sounds.brussels/fr/#organization"},"potentialAction":[{"@type":"SearchAction","target":{"@type":"EntryPoint","urlTemplate":"https://www.sounds.brussels/fr/?s={search_term_string}"},"query-input":{"@type":"PropertyValueSpecification","valueRequired":true,"valueName":"search_term_string"}}],"inLanguage":"fr-FR"},{"@type":"Organization","@id":"https://www.sounds.brussels/fr/#organization","name":"Sounds Jazz Club","url":"https://www.sounds.brussels/fr/","logo":{"@type":"ImageObject","inLanguage":"fr-FR","@id":"https://www.sounds.brussels/fr/#/schema/logo/image/","url":"https://www.sounds.brussels/wp-content/uploads/2023/09/logo-sounds-BlackRed-RGB-scaled.jpg","contentUrl":"https://www.sounds.brussels/wp-content/uploads/2023/09/logo-sounds-BlackRed-RGB-scaled.jpg","width":2048,"height":1428,"caption":"Sounds Jazz Club"},"image":{"@id":"https://www.sounds.brussels/fr/#/schema/logo/image/"}}]}</script>
<!-- / Yoast SEO plugin. -->

MEMORIA DEL FUEGO 1492 / CÉSAR & NIKANOR - Sounds Jazz Club

Ximicas : Invité spécial (Guitare-voix) Tony Avila + Shakira Torna: Voix guitare + percussion  CÉSAR: Guitare, charango, flûtes, chant Lulu: percussion Fabricio Cely: clavier, piano Luc Vasseur: Violon Daniel Conejo: Guitare Nikanor: Alfredo: Quelopana: Bass Carlos Rios: percussion Marx Sanchez: Voix, percussion Pilo Marx: Guitare electrique Niels: Guitare electrique
