{"id":148954,"date":"2025-05-17T19:24:51","date_gmt":"2025-05-17T17:24:51","guid":{"rendered":"https:\/\/www.sounds.brussels\/?post_type=product&#038;p=148954"},"modified":"2025-06-24T18:42:11","modified_gmt":"2025-06-24T16:42:11","slug":"marimbea-workshop-concert-jam","status":"publish","type":"product","link":"https:\/\/www.sounds.brussels\/fr\/jazz-concert\/marimbea-workshop-concert-jam\/","title":{"rendered":"MARIMBEA \/ WORKSHOP &#8211; CONCERT + JAM"},"content":{"rendered":"","protected":false},"excerpt":{"rendered":"<p>Leading the musical direction is Adri\u00e1n Sabogal, founder of Marimbea, and a musician-researcher who has spent over 14 years exploring Pacific traditions and their fusion with jazz. He also founded Redil Cuarteto and Pambil, projects known for their experimental depth.<br \/>\nFrom Guapi, Jessianber (Jessica Anchico) brings her legacy as a marimbera, singer, and percussionist, passed down from her grandmother, Mar\u00eda Caicedo Arag\u00f3n\u2014a pillar of Pacific music. She currently performs with Reincarnation of the Pacific.<br \/>\nCristian Mina, grandson of marimba icon Silvino Mina, represents a powerful new voice in the tradition. He\u2019s part of Semblanzas del R\u00edo Guapi and teaches local youth through its foundation.<br \/>\nJaritza Narv\u00e1ez, a rising percussionist, challenges gender norms in Pacific music. As a member of Renacer del Pac\u00edfico, she helped win the Petronio \u00c1lvarez Festival, the most important Afro-Latin music event in the region.<\/p>\n","protected":false},"author":8382,"featured_media":148969,"comment_status":"closed","ping_status":"closed","template":"","meta":{"_acf_changed":false},"product_brand":[],"product_cat":[157],"product_tag":[],"class_list":{"0":"post-148954","1":"product","2":"type-product","3":"status-publish","4":"has-post-thumbnail","6":"product_cat-archived","8":"first","9":"instock","10":"shipping-taxable","11":"product-type-variable","12":"has-default-attributes","13":"nyp-product"},"acf":[],"yoast_head":"<!-- This site is optimized with the Yoast SEO plugin v26.9 - https:\/\/yoast.com\/product\/yoast-seo-wordpress\/ -->\n<title>MARIMBEA \/ WORKSHOP - CONCERT + JAM - Sounds Jazz Club<\/title>\n<meta name=\"robots\" content=\"index, follow, max-snippet:-1, max-image-preview:large, max-video-preview:-1\" \/>\n<link rel=\"canonical\" href=\"https:\/\/www.sounds.brussels\/fr\/jazz-concert\/marimbea-workshop-concert-jam\/\" \/>\n<meta property=\"og:locale\" content=\"fr_FR\" \/>\n<meta property=\"og:type\" content=\"article\" \/>\n<meta property=\"og:title\" content=\"MARIMBEA \/ WORKSHOP - CONCERT + JAM - Sounds Jazz Club\" \/>\n<meta property=\"og:description\" content=\"Leading the musical direction is Adri\u00e1n Sabogal, founder of Marimbea, and a musician-researcher who has spent over 14 years exploring Pacific traditions and their fusion with jazz. He also founded Redil Cuarteto and Pambil, projects known for their experimental depth. From Guapi, Jessianber (Jessica Anchico) brings her legacy as a marimbera, singer, and percussionist, passed down from her grandmother, Mar\u00eda Caicedo Arag\u00f3n\u2014a pillar of Pacific music. She currently performs with Reincarnation of the Pacific. Cristian Mina, grandson of marimba icon Silvino Mina, represents a powerful new voice in the tradition. He\u2019s part of Semblanzas del R\u00edo Guapi and teaches local youth through its foundation. Jaritza Narv\u00e1ez, a rising percussionist, challenges gender norms in Pacific music. As a member of Renacer del Pac\u00edfico, she helped win the Petronio \u00c1lvarez Festival, the most important Afro-Latin music event in the region.\" \/>\n<meta property=\"og:url\" content=\"https:\/\/www.sounds.brussels\/fr\/jazz-concert\/marimbea-workshop-concert-jam\/\" \/>\n<meta property=\"og:site_name\" content=\"Sounds Jazz Club\" \/>\n<meta property=\"article:modified_time\" content=\"2025-06-24T16:42:11+00:00\" \/>\n<meta property=\"og:image\" content=\"https:\/\/www.sounds.brussels\/wp-content\/uploads\/2025\/05\/marimbea-scaled.jpg\" \/>\n\t<meta property=\"og:image:width\" content=\"2048\" \/>\n\t<meta property=\"og:image:height\" content=\"1536\" \/>\n\t<meta property=\"og:image:type\" content=\"image\/jpeg\" \/>\n<meta name=\"twitter:card\" content=\"summary_large_image\" \/>\n<meta name=\"twitter:label1\" content=\"Dur\u00e9e de lecture estim\u00e9e\" \/>\n\t<meta name=\"twitter:data1\" content=\"1 minute\" \/>\n<script type=\"application\/ld+json\" class=\"yoast-schema-graph\">{\"@context\":\"https:\/\/schema.org\",\"@graph\":[{\"@type\":\"WebPage\",\"@id\":\"https:\/\/www.sounds.brussels\/fr\/jazz-concert\/marimbea-workshop-concert-jam\/\",\"url\":\"https:\/\/www.sounds.brussels\/fr\/jazz-concert\/marimbea-workshop-concert-jam\/\",\"name\":\"MARIMBEA \/ WORKSHOP - CONCERT + JAM - Sounds Jazz Club\",\"isPartOf\":{\"@id\":\"https:\/\/www.sounds.brussels\/fr\/#website\"},\"primaryImageOfPage\":{\"@id\":\"https:\/\/www.sounds.brussels\/fr\/jazz-concert\/marimbea-workshop-concert-jam\/#primaryimage\"},\"image\":{\"@id\":\"https:\/\/www.sounds.brussels\/fr\/jazz-concert\/marimbea-workshop-concert-jam\/#primaryimage\"},\"thumbnailUrl\":\"https:\/\/www.sounds.brussels\/wp-content\/uploads\/2025\/05\/marimbea-scaled.jpg\",\"datePublished\":\"2025-05-17T17:24:51+00:00\",\"dateModified\":\"2025-06-24T16:42:11+00:00\",\"breadcrumb\":{\"@id\":\"https:\/\/www.sounds.brussels\/fr\/jazz-concert\/marimbea-workshop-concert-jam\/#breadcrumb\"},\"inLanguage\":\"fr-FR\",\"potentialAction\":[{\"@type\":\"ReadAction\",\"target\":[\"https:\/\/www.sounds.brussels\/fr\/jazz-concert\/marimbea-workshop-concert-jam\/\"]}]},{\"@type\":\"ImageObject\",\"inLanguage\":\"fr-FR\",\"@id\":\"https:\/\/www.sounds.brussels\/fr\/jazz-concert\/marimbea-workshop-concert-jam\/#primaryimage\",\"url\":\"https:\/\/www.sounds.brussels\/wp-content\/uploads\/2025\/05\/marimbea-scaled.jpg\",\"contentUrl\":\"https:\/\/www.sounds.brussels\/wp-content\/uploads\/2025\/05\/marimbea-scaled.jpg\",\"width\":2048,\"height\":1536},{\"@type\":\"BreadcrumbList\",\"@id\":\"https:\/\/www.sounds.brussels\/fr\/jazz-concert\/marimbea-workshop-concert-jam\/#breadcrumb\",\"itemListElement\":[{\"@type\":\"ListItem\",\"position\":1,\"name\":\"Accueil\",\"item\":\"https:\/\/www.sounds.brussels\/fr\/\"},{\"@type\":\"ListItem\",\"position\":2,\"name\":\"Produits\",\"item\":\"https:\/\/www.sounds.brussels\/fr\/shop\/\"},{\"@type\":\"ListItem\",\"position\":3,\"name\":\"MARIMBEA \/ WORKSHOP &#8211; CONCERT + JAM\"}]},{\"@type\":\"WebSite\",\"@id\":\"https:\/\/www.sounds.brussels\/fr\/#website\",\"url\":\"https:\/\/www.sounds.brussels\/fr\/\",\"name\":\"Sounds Jazz Club\",\"description\":\"\",\"publisher\":{\"@id\":\"https:\/\/www.sounds.brussels\/fr\/#organization\"},\"potentialAction\":[{\"@type\":\"SearchAction\",\"target\":{\"@type\":\"EntryPoint\",\"urlTemplate\":\"https:\/\/www.sounds.brussels\/fr\/?s={search_term_string}\"},\"query-input\":{\"@type\":\"PropertyValueSpecification\",\"valueRequired\":true,\"valueName\":\"search_term_string\"}}],\"inLanguage\":\"fr-FR\"},{\"@type\":\"Organization\",\"@id\":\"https:\/\/www.sounds.brussels\/fr\/#organization\",\"name\":\"Sounds Jazz Club\",\"url\":\"https:\/\/www.sounds.brussels\/fr\/\",\"logo\":{\"@type\":\"ImageObject\",\"inLanguage\":\"fr-FR\",\"@id\":\"https:\/\/www.sounds.brussels\/fr\/#\/schema\/logo\/image\/\",\"url\":\"https:\/\/www.sounds.brussels\/wp-content\/uploads\/2023\/09\/logo-sounds-BlackRed-RGB-scaled.jpg\",\"contentUrl\":\"https:\/\/www.sounds.brussels\/wp-content\/uploads\/2023\/09\/logo-sounds-BlackRed-RGB-scaled.jpg\",\"width\":2048,\"height\":1428,\"caption\":\"Sounds Jazz Club\"},\"image\":{\"@id\":\"https:\/\/www.sounds.brussels\/fr\/#\/schema\/logo\/image\/\"}}]}<\/script>\n<!-- \/ Yoast SEO plugin. -->","yoast_head_json":{"title":"MARIMBEA \/ WORKSHOP - CONCERT + JAM - Sounds Jazz Club","robots":{"index":"index","follow":"follow","max-snippet":"max-snippet:-1","max-image-preview":"max-image-preview:large","max-video-preview":"max-video-preview:-1"},"canonical":"https:\/\/www.sounds.brussels\/fr\/jazz-concert\/marimbea-workshop-concert-jam\/","og_locale":"fr_FR","og_type":"article","og_title":"MARIMBEA \/ WORKSHOP - CONCERT + JAM - Sounds Jazz Club","og_description":"Leading the musical direction is Adri\u00e1n Sabogal, founder of Marimbea, and a musician-researcher who has spent over 14 years exploring Pacific traditions and their fusion with jazz. He also founded Redil Cuarteto and Pambil, projects known for their experimental depth. From Guapi, Jessianber (Jessica Anchico) brings her legacy as a marimbera, singer, and percussionist, passed down from her grandmother, Mar\u00eda Caicedo Arag\u00f3n\u2014a pillar of Pacific music. She currently performs with Reincarnation of the Pacific. Cristian Mina, grandson of marimba icon Silvino Mina, represents a powerful new voice in the tradition. He\u2019s part of Semblanzas del R\u00edo Guapi and teaches local youth through its foundation. Jaritza Narv\u00e1ez, a rising percussionist, challenges gender norms in Pacific music. As a member of Renacer del Pac\u00edfico, she helped win the Petronio \u00c1lvarez Festival, the most important Afro-Latin music event in the region.","og_url":"https:\/\/www.sounds.brussels\/fr\/jazz-concert\/marimbea-workshop-concert-jam\/","og_site_name":"Sounds Jazz Club","article_modified_time":"2025-06-24T16:42:11+00:00","og_image":[{"width":2048,"height":1536,"url":"https:\/\/www.sounds.brussels\/wp-content\/uploads\/2025\/05\/marimbea-scaled.jpg","type":"image\/jpeg"}],"twitter_card":"summary_large_image","twitter_misc":{"Dur\u00e9e de lecture estim\u00e9e":"1 minute"},"schema":{"@context":"https:\/\/schema.org","@graph":[{"@type":"WebPage","@id":"https:\/\/www.sounds.brussels\/fr\/jazz-concert\/marimbea-workshop-concert-jam\/","url":"https:\/\/www.sounds.brussels\/fr\/jazz-concert\/marimbea-workshop-concert-jam\/","name":"MARIMBEA \/ WORKSHOP - CONCERT + JAM - Sounds Jazz Club","isPartOf":{"@id":"https:\/\/www.sounds.brussels\/fr\/#website"},"primaryImageOfPage":{"@id":"https:\/\/www.sounds.brussels\/fr\/jazz-concert\/marimbea-workshop-concert-jam\/#primaryimage"},"image":{"@id":"https:\/\/www.sounds.brussels\/fr\/jazz-concert\/marimbea-workshop-concert-jam\/#primaryimage"},"thumbnailUrl":"https:\/\/www.sounds.brussels\/wp-content\/uploads\/2025\/05\/marimbea-scaled.jpg","datePublished":"2025-05-17T17:24:51+00:00","dateModified":"2025-06-24T16:42:11+00:00","breadcrumb":{"@id":"https:\/\/www.sounds.brussels\/fr\/jazz-concert\/marimbea-workshop-concert-jam\/#breadcrumb"},"inLanguage":"fr-FR","potentialAction":[{"@type":"ReadAction","target":["https:\/\/www.sounds.brussels\/fr\/jazz-concert\/marimbea-workshop-concert-jam\/"]}]},{"@type":"ImageObject","inLanguage":"fr-FR","@id":"https:\/\/www.sounds.brussels\/fr\/jazz-concert\/marimbea-workshop-concert-jam\/#primaryimage","url":"https:\/\/www.sounds.brussels\/wp-content\/uploads\/2025\/05\/marimbea-scaled.jpg","contentUrl":"https:\/\/www.sounds.brussels\/wp-content\/uploads\/2025\/05\/marimbea-scaled.jpg","width":2048,"height":1536},{"@type":"BreadcrumbList","@id":"https:\/\/www.sounds.brussels\/fr\/jazz-concert\/marimbea-workshop-concert-jam\/#breadcrumb","itemListElement":[{"@type":"ListItem","position":1,"name":"Accueil","item":"https:\/\/www.sounds.brussels\/fr\/"},{"@type":"ListItem","position":2,"name":"Produits","item":"https:\/\/www.sounds.brussels\/fr\/shop\/"},{"@type":"ListItem","position":3,"name":"MARIMBEA \/ WORKSHOP &#8211; CONCERT + JAM"}]},{"@type":"WebSite","@id":"https:\/\/www.sounds.brussels\/fr\/#website","url":"https:\/\/www.sounds.brussels\/fr\/","name":"Sounds Jazz Club","description":"","publisher":{"@id":"https:\/\/www.sounds.brussels\/fr\/#organization"},"potentialAction":[{"@type":"SearchAction","target":{"@type":"EntryPoint","urlTemplate":"https:\/\/www.sounds.brussels\/fr\/?s={search_term_string}"},"query-input":{"@type":"PropertyValueSpecification","valueRequired":true,"valueName":"search_term_string"}}],"inLanguage":"fr-FR"},{"@type":"Organization","@id":"https:\/\/www.sounds.brussels\/fr\/#organization","name":"Sounds Jazz Club","url":"https:\/\/www.sounds.brussels\/fr\/","logo":{"@type":"ImageObject","inLanguage":"fr-FR","@id":"https:\/\/www.sounds.brussels\/fr\/#\/schema\/logo\/image\/","url":"https:\/\/www.sounds.brussels\/wp-content\/uploads\/2023\/09\/logo-sounds-BlackRed-RGB-scaled.jpg","contentUrl":"https:\/\/www.sounds.brussels\/wp-content\/uploads\/2023\/09\/logo-sounds-BlackRed-RGB-scaled.jpg","width":2048,"height":1428,"caption":"Sounds Jazz Club"},"image":{"@id":"https:\/\/www.sounds.brussels\/fr\/#\/schema\/logo\/image\/"}}]}},"_links":{"self":[{"href":"https:\/\/www.sounds.brussels\/fr\/wp-json\/wp\/v2\/product\/148954","targetHints":{"allow":["GET"]}}],"collection":[{"href":"https:\/\/www.sounds.brussels\/fr\/wp-json\/wp\/v2\/product"}],"about":[{"href":"https:\/\/www.sounds.brussels\/fr\/wp-json\/wp\/v2\/types\/product"}],"author":[{"embeddable":true,"href":"https:\/\/www.sounds.brussels\/fr\/wp-json\/wp\/v2\/users\/8382"}],"replies":[{"embeddable":true,"href":"https:\/\/www.sounds.brussels\/fr\/wp-json\/wp\/v2\/comments?post=148954"}],"wp:featuredmedia":[{"embeddable":true,"href":"https:\/\/www.sounds.brussels\/fr\/wp-json\/wp\/v2\/media\/148969"}],"wp:attachment":[{"href":"https:\/\/www.sounds.brussels\/fr\/wp-json\/wp\/v2\/media?parent=148954"}],"wp:term":[{"taxonomy":"product_brand","embeddable":true,"href":"https:\/\/www.sounds.brussels\/fr\/wp-json\/wp\/v2\/product_brand?post=148954"},{"taxonomy":"product_cat","embeddable":true,"href":"https:\/\/www.sounds.brussels\/fr\/wp-json\/wp\/v2\/product_cat?post=148954"},{"taxonomy":"product_tag","embeddable":true,"href":"https:\/\/www.sounds.brussels\/fr\/wp-json\/wp\/v2\/product_tag?post=148954"}],"curies":[{"name":"wp","href":"https:\/\/api.w.org\/{rel}","templated":true}]}}

<p>Leading the musical direction is Adrián Sabogal, founder of Marimbea, and a musician-researcher who has spent over 14 years exploring Pacific traditions and their fusion with jazz. He also founded Redil Cuarteto and Pambil, projects known for their experimental depth.<br />
From Guapi, Jessianber (Jessica Anchico) brings her legacy as a marimbera, singer, and percussionist, passed down from her grandmother, María Caicedo Aragón—a pillar of Pacific music. She currently performs with Reincarnation of the Pacific.<br />
Cristian Mina, grandson of marimba icon Silvino Mina, represents a powerful new voice in the tradition. He’s part of Semblanzas del Río Guapi and teaches local youth through its foundation.<br />
Jaritza Narváez, a rising percussionist, challenges gender norms in Pacific music. As a member of Renacer del Pacífico, she helped win the Petronio Álvarez Festival, the most important Afro-Latin music event in the region.</p>

<!-- This site is optimized with the Yoast SEO plugin v26.9 - https://yoast.com/product/yoast-seo-wordpress/ -->
<title>MARIMBEA / WORKSHOP - CONCERT + JAM - Sounds Jazz Club</title>
<meta name="robots" content="index, follow, max-snippet:-1, max-image-preview:large, max-video-preview:-1" />
<link rel="canonical" href="https://www.sounds.brussels/fr/jazz-concert/marimbea-workshop-concert-jam/" />
<meta property="og:locale" content="fr_FR" />
<meta property="og:type" content="article" />
<meta property="og:title" content="MARIMBEA / WORKSHOP - CONCERT + JAM - Sounds Jazz Club" />
<meta property="og:description" content="Leading the musical direction is Adrián Sabogal, founder of Marimbea, and a musician-researcher who has spent over 14 years exploring Pacific traditions and their fusion with jazz. He also founded Redil Cuarteto and Pambil, projects known for their experimental depth. From Guapi, Jessianber (Jessica Anchico) brings her legacy as a marimbera, singer, and percussionist, passed down from her grandmother, María Caicedo Aragón—a pillar of Pacific music. She currently performs with Reincarnation of the Pacific. Cristian Mina, grandson of marimba icon Silvino Mina, represents a powerful new voice in the tradition. He’s part of Semblanzas del Río Guapi and teaches local youth through its foundation. Jaritza Narváez, a rising percussionist, challenges gender norms in Pacific music. As a member of Renacer del Pacífico, she helped win the Petronio Álvarez Festival, the most important Afro-Latin music event in the region." />
<meta property="og:url" content="https://www.sounds.brussels/fr/jazz-concert/marimbea-workshop-concert-jam/" />
<meta property="og:site_name" content="Sounds Jazz Club" />
<meta property="article:modified_time" content="2025-06-24T16:42:11+00:00" />
<meta property="og:image" content="https://www.sounds.brussels/wp-content/uploads/2025/05/marimbea-scaled.jpg" />
	<meta property="og:image:width" content="2048" />
	<meta property="og:image:height" content="1536" />
	<meta property="og:image:type" content="image/jpeg" />
<meta name="twitter:card" content="summary_large_image" />
<meta name="twitter:label1" content="Durée de lecture estimée" />
	<meta name="twitter:data1" content="1 minute" />
<script type="application/ld+json" class="yoast-schema-graph">{"@context":"https://schema.org","@graph":[{"@type":"WebPage","@id":"https://www.sounds.brussels/fr/jazz-concert/marimbea-workshop-concert-jam/","url":"https://www.sounds.brussels/fr/jazz-concert/marimbea-workshop-concert-jam/","name":"MARIMBEA / WORKSHOP - CONCERT + JAM - Sounds Jazz Club","isPartOf":{"@id":"https://www.sounds.brussels/fr/#website"},"primaryImageOfPage":{"@id":"https://www.sounds.brussels/fr/jazz-concert/marimbea-workshop-concert-jam/#primaryimage"},"image":{"@id":"https://www.sounds.brussels/fr/jazz-concert/marimbea-workshop-concert-jam/#primaryimage"},"thumbnailUrl":"https://www.sounds.brussels/wp-content/uploads/2025/05/marimbea-scaled.jpg","datePublished":"2025-05-17T17:24:51+00:00","dateModified":"2025-06-24T16:42:11+00:00","breadcrumb":{"@id":"https://www.sounds.brussels/fr/jazz-concert/marimbea-workshop-concert-jam/#breadcrumb"},"inLanguage":"fr-FR","potentialAction":[{"@type":"ReadAction","target":["https://www.sounds.brussels/fr/jazz-concert/marimbea-workshop-concert-jam/"]}]},{"@type":"ImageObject","inLanguage":"fr-FR","@id":"https://www.sounds.brussels/fr/jazz-concert/marimbea-workshop-concert-jam/#primaryimage","url":"https://www.sounds.brussels/wp-content/uploads/2025/05/marimbea-scaled.jpg","contentUrl":"https://www.sounds.brussels/wp-content/uploads/2025/05/marimbea-scaled.jpg","width":2048,"height":1536},{"@type":"BreadcrumbList","@id":"https://www.sounds.brussels/fr/jazz-concert/marimbea-workshop-concert-jam/#breadcrumb","itemListElement":[{"@type":"ListItem","position":1,"name":"Accueil","item":"https://www.sounds.brussels/fr/"},{"@type":"ListItem","position":2,"name":"Produits","item":"https://www.sounds.brussels/fr/shop/"},{"@type":"ListItem","position":3,"name":"MARIMBEA / WORKSHOP &#8211; CONCERT + JAM"}]},{"@type":"WebSite","@id":"https://www.sounds.brussels/fr/#website","url":"https://www.sounds.brussels/fr/","name":"Sounds Jazz Club","description":"","publisher":{"@id":"https://www.sounds.brussels/fr/#organization"},"potentialAction":[{"@type":"SearchAction","target":{"@type":"EntryPoint","urlTemplate":"https://www.sounds.brussels/fr/?s={search_term_string}"},"query-input":{"@type":"PropertyValueSpecification","valueRequired":true,"valueName":"search_term_string"}}],"inLanguage":"fr-FR"},{"@type":"Organization","@id":"https://www.sounds.brussels/fr/#organization","name":"Sounds Jazz Club","url":"https://www.sounds.brussels/fr/","logo":{"@type":"ImageObject","inLanguage":"fr-FR","@id":"https://www.sounds.brussels/fr/#/schema/logo/image/","url":"https://www.sounds.brussels/wp-content/uploads/2023/09/logo-sounds-BlackRed-RGB-scaled.jpg","contentUrl":"https://www.sounds.brussels/wp-content/uploads/2023/09/logo-sounds-BlackRed-RGB-scaled.jpg","width":2048,"height":1428,"caption":"Sounds Jazz Club"},"image":{"@id":"https://www.sounds.brussels/fr/#/schema/logo/image/"}}]}</script>
<!-- / Yoast SEO plugin. -->

Leading the musical direction is Adrián Sabogal, founder of Marimbea, and a musician-researcher who has spent over 14 years exploring Pacific traditions and their fusion with jazz. He also founded Redil Cuarteto and Pambil, projects known for their experimental depth. From Guapi, Jessianber (Jessica Anchico) brings her legacy as a marimbera, singer, and percussionist, passed down from her grandmother, María Caicedo Aragón—a pillar of Pacific music. She currently performs with Reincarnation of the Pacific. Cristian Mina, grandson of marimba icon Silvino Mina, represents a powerful new voice in the tradition. He’s part of Semblanzas del Río Guapi and teaches local youth through its foundation. Jaritza Narváez, a rising percussionist, challenges gender norms in Pacific music. As a member of Renacer del Pacífico, she helped win the Petronio Álvarez Festival, the most important Afro-Latin music event in the region.
