{"id":148743,"date":"2025-05-15T14:49:22","date_gmt":"2025-05-15T12:49:22","guid":{"rendered":"https:\/\/www.sounds.brussels\/?post_type=product&#038;p=148743"},"modified":"2025-06-28T10:46:24","modified_gmt":"2025-06-28T08:46:24","slug":"los-pueblos-unidos-rencontre-populaire-latino-americaine","status":"publish","type":"product","link":"https:\/\/www.sounds.brussels\/fr\/jazz-concert\/los-pueblos-unidos-rencontre-populaire-latino-americaine\/","title":{"rendered":"LOS PUEBLOS UNIDOS \/ RENCONTRE POPULAIRE LATINO-AM\u00c9RICAINE"},"content":{"rendered":"","protected":false},"excerpt":{"rendered":"<p>Atelier de murga porte\u00f1a<\/p>\n<p>DUO SURCO (Felisa Cereceda Parra et Gonzalo Munoz Tapia) &#8211; Musique populaire chilienne<\/p>\n<p>Monserrat Olavarr\u00eda Balmaceda &#8211; Th\u00e9\u00e2tre musical engag\u00e9<\/p>\n<p>Intal America Latina : Repas au b\u00e9n\u00e9fice des peuples originaires v\u00e9n\u00e9zu\u00e9liens<\/p>\n","protected":false},"author":8382,"featured_media":148965,"comment_status":"closed","ping_status":"closed","template":"","meta":{"_acf_changed":false},"product_brand":[],"product_cat":[157],"product_tag":[],"class_list":{"0":"post-148743","1":"product","2":"type-product","3":"status-publish","4":"has-post-thumbnail","6":"product_cat-archived","8":"first","9":"instock","10":"shipping-taxable","11":"product-type-variable","12":"has-default-attributes","13":"nyp-product"},"acf":[],"yoast_head":"<!-- This site is optimized with the Yoast SEO plugin v26.9 - https:\/\/yoast.com\/product\/yoast-seo-wordpress\/ -->\n<title>LOS PUEBLOS UNIDOS \/ RENCONTRE POPULAIRE LATINO-AM\u00c9RICAINE - Sounds Jazz Club<\/title>\n<meta name=\"robots\" content=\"index, follow, max-snippet:-1, max-image-preview:large, max-video-preview:-1\" \/>\n<link rel=\"canonical\" href=\"https:\/\/www.sounds.brussels\/fr\/jazz-concert\/los-pueblos-unidos-rencontre-populaire-latino-americaine\/\" \/>\n<meta property=\"og:locale\" content=\"fr_FR\" \/>\n<meta property=\"og:type\" content=\"article\" \/>\n<meta property=\"og:title\" content=\"LOS PUEBLOS UNIDOS \/ RENCONTRE POPULAIRE LATINO-AM\u00c9RICAINE - Sounds Jazz Club\" \/>\n<meta property=\"og:description\" content=\"Atelier de murga porte\u00f1a DUO SURCO (Felisa Cereceda Parra et Gonzalo Munoz Tapia) - Musique populaire chilienne Monserrat Olavarr\u00eda Balmaceda - Th\u00e9\u00e2tre musical engag\u00e9 Intal America Latina : Repas au b\u00e9n\u00e9fice des peuples originaires v\u00e9n\u00e9zu\u00e9liens\" \/>\n<meta property=\"og:url\" content=\"https:\/\/www.sounds.brussels\/fr\/jazz-concert\/los-pueblos-unidos-rencontre-populaire-latino-americaine\/\" \/>\n<meta property=\"og:site_name\" content=\"Sounds Jazz Club\" \/>\n<meta property=\"article:modified_time\" content=\"2025-06-28T08:46:24+00:00\" \/>\n<meta name=\"twitter:card\" content=\"summary_large_image\" \/>\n<script type=\"application\/ld+json\" class=\"yoast-schema-graph\">{\"@context\":\"https:\/\/schema.org\",\"@graph\":[{\"@type\":\"WebPage\",\"@id\":\"https:\/\/www.sounds.brussels\/fr\/jazz-concert\/los-pueblos-unidos-rencontre-populaire-latino-americaine\/\",\"url\":\"https:\/\/www.sounds.brussels\/fr\/jazz-concert\/los-pueblos-unidos-rencontre-populaire-latino-americaine\/\",\"name\":\"LOS PUEBLOS UNIDOS \/ RENCONTRE POPULAIRE LATINO-AM\u00c9RICAINE - Sounds Jazz Club\",\"isPartOf\":{\"@id\":\"https:\/\/www.sounds.brussels\/fr\/#website\"},\"primaryImageOfPage\":{\"@id\":\"https:\/\/www.sounds.brussels\/fr\/jazz-concert\/los-pueblos-unidos-rencontre-populaire-latino-americaine\/#primaryimage\"},\"image\":{\"@id\":\"https:\/\/www.sounds.brussels\/fr\/jazz-concert\/los-pueblos-unidos-rencontre-populaire-latino-americaine\/#primaryimage\"},\"thumbnailUrl\":\"https:\/\/www.sounds.brussels\/wp-content\/uploads\/2025\/05\/2025-06-29-los-pueblos-unidos-rencontre-populaire-latino-am-ricaine-1747502737.jpg\",\"datePublished\":\"2025-05-15T12:49:22+00:00\",\"dateModified\":\"2025-06-28T08:46:24+00:00\",\"breadcrumb\":{\"@id\":\"https:\/\/www.sounds.brussels\/fr\/jazz-concert\/los-pueblos-unidos-rencontre-populaire-latino-americaine\/#breadcrumb\"},\"inLanguage\":\"fr-FR\",\"potentialAction\":[{\"@type\":\"ReadAction\",\"target\":[\"https:\/\/www.sounds.brussels\/fr\/jazz-concert\/los-pueblos-unidos-rencontre-populaire-latino-americaine\/\"]}]},{\"@type\":\"ImageObject\",\"inLanguage\":\"fr-FR\",\"@id\":\"https:\/\/www.sounds.brussels\/fr\/jazz-concert\/los-pueblos-unidos-rencontre-populaire-latino-americaine\/#primaryimage\",\"url\":\"https:\/\/www.sounds.brussels\/wp-content\/uploads\/2025\/05\/2025-06-29-los-pueblos-unidos-rencontre-populaire-latino-am-ricaine-1747502737.jpg\",\"contentUrl\":\"https:\/\/www.sounds.brussels\/wp-content\/uploads\/2025\/05\/2025-06-29-los-pueblos-unidos-rencontre-populaire-latino-am-ricaine-1747502737.jpg\",\"width\":1920,\"height\":886},{\"@type\":\"BreadcrumbList\",\"@id\":\"https:\/\/www.sounds.brussels\/fr\/jazz-concert\/los-pueblos-unidos-rencontre-populaire-latino-americaine\/#breadcrumb\",\"itemListElement\":[{\"@type\":\"ListItem\",\"position\":1,\"name\":\"Accueil\",\"item\":\"https:\/\/www.sounds.brussels\/fr\/\"},{\"@type\":\"ListItem\",\"position\":2,\"name\":\"Produits\",\"item\":\"https:\/\/www.sounds.brussels\/fr\/shop\/\"},{\"@type\":\"ListItem\",\"position\":3,\"name\":\"LOS PUEBLOS UNIDOS \/ RENCONTRE POPULAIRE LATINO-AM\u00c9RICAINE\"}]},{\"@type\":\"WebSite\",\"@id\":\"https:\/\/www.sounds.brussels\/fr\/#website\",\"url\":\"https:\/\/www.sounds.brussels\/fr\/\",\"name\":\"Sounds Jazz Club\",\"description\":\"\",\"publisher\":{\"@id\":\"https:\/\/www.sounds.brussels\/fr\/#organization\"},\"potentialAction\":[{\"@type\":\"SearchAction\",\"target\":{\"@type\":\"EntryPoint\",\"urlTemplate\":\"https:\/\/www.sounds.brussels\/fr\/?s={search_term_string}\"},\"query-input\":{\"@type\":\"PropertyValueSpecification\",\"valueRequired\":true,\"valueName\":\"search_term_string\"}}],\"inLanguage\":\"fr-FR\"},{\"@type\":\"Organization\",\"@id\":\"https:\/\/www.sounds.brussels\/fr\/#organization\",\"name\":\"Sounds Jazz Club\",\"url\":\"https:\/\/www.sounds.brussels\/fr\/\",\"logo\":{\"@type\":\"ImageObject\",\"inLanguage\":\"fr-FR\",\"@id\":\"https:\/\/www.sounds.brussels\/fr\/#\/schema\/logo\/image\/\",\"url\":\"https:\/\/www.sounds.brussels\/wp-content\/uploads\/2023\/09\/logo-sounds-BlackRed-RGB-scaled.jpg\",\"contentUrl\":\"https:\/\/www.sounds.brussels\/wp-content\/uploads\/2023\/09\/logo-sounds-BlackRed-RGB-scaled.jpg\",\"width\":2048,\"height\":1428,\"caption\":\"Sounds Jazz Club\"},\"image\":{\"@id\":\"https:\/\/www.sounds.brussels\/fr\/#\/schema\/logo\/image\/\"}}]}<\/script>\n<!-- \/ Yoast SEO plugin. -->","yoast_head_json":{"title":"LOS PUEBLOS UNIDOS \/ RENCONTRE POPULAIRE LATINO-AM\u00c9RICAINE - Sounds Jazz Club","robots":{"index":"index","follow":"follow","max-snippet":"max-snippet:-1","max-image-preview":"max-image-preview:large","max-video-preview":"max-video-preview:-1"},"canonical":"https:\/\/www.sounds.brussels\/fr\/jazz-concert\/los-pueblos-unidos-rencontre-populaire-latino-americaine\/","og_locale":"fr_FR","og_type":"article","og_title":"LOS PUEBLOS UNIDOS \/ RENCONTRE POPULAIRE LATINO-AM\u00c9RICAINE - Sounds Jazz Club","og_description":"Atelier de murga porte\u00f1a DUO SURCO (Felisa Cereceda Parra et Gonzalo Munoz Tapia) - Musique populaire chilienne Monserrat Olavarr\u00eda Balmaceda - Th\u00e9\u00e2tre musical engag\u00e9 Intal America Latina : Repas au b\u00e9n\u00e9fice des peuples originaires v\u00e9n\u00e9zu\u00e9liens","og_url":"https:\/\/www.sounds.brussels\/fr\/jazz-concert\/los-pueblos-unidos-rencontre-populaire-latino-americaine\/","og_site_name":"Sounds Jazz Club","article_modified_time":"2025-06-28T08:46:24+00:00","twitter_card":"summary_large_image","schema":{"@context":"https:\/\/schema.org","@graph":[{"@type":"WebPage","@id":"https:\/\/www.sounds.brussels\/fr\/jazz-concert\/los-pueblos-unidos-rencontre-populaire-latino-americaine\/","url":"https:\/\/www.sounds.brussels\/fr\/jazz-concert\/los-pueblos-unidos-rencontre-populaire-latino-americaine\/","name":"LOS PUEBLOS UNIDOS \/ RENCONTRE POPULAIRE LATINO-AM\u00c9RICAINE - Sounds Jazz Club","isPartOf":{"@id":"https:\/\/www.sounds.brussels\/fr\/#website"},"primaryImageOfPage":{"@id":"https:\/\/www.sounds.brussels\/fr\/jazz-concert\/los-pueblos-unidos-rencontre-populaire-latino-americaine\/#primaryimage"},"image":{"@id":"https:\/\/www.sounds.brussels\/fr\/jazz-concert\/los-pueblos-unidos-rencontre-populaire-latino-americaine\/#primaryimage"},"thumbnailUrl":"https:\/\/www.sounds.brussels\/wp-content\/uploads\/2025\/05\/2025-06-29-los-pueblos-unidos-rencontre-populaire-latino-am-ricaine-1747502737.jpg","datePublished":"2025-05-15T12:49:22+00:00","dateModified":"2025-06-28T08:46:24+00:00","breadcrumb":{"@id":"https:\/\/www.sounds.brussels\/fr\/jazz-concert\/los-pueblos-unidos-rencontre-populaire-latino-americaine\/#breadcrumb"},"inLanguage":"fr-FR","potentialAction":[{"@type":"ReadAction","target":["https:\/\/www.sounds.brussels\/fr\/jazz-concert\/los-pueblos-unidos-rencontre-populaire-latino-americaine\/"]}]},{"@type":"ImageObject","inLanguage":"fr-FR","@id":"https:\/\/www.sounds.brussels\/fr\/jazz-concert\/los-pueblos-unidos-rencontre-populaire-latino-americaine\/#primaryimage","url":"https:\/\/www.sounds.brussels\/wp-content\/uploads\/2025\/05\/2025-06-29-los-pueblos-unidos-rencontre-populaire-latino-am-ricaine-1747502737.jpg","contentUrl":"https:\/\/www.sounds.brussels\/wp-content\/uploads\/2025\/05\/2025-06-29-los-pueblos-unidos-rencontre-populaire-latino-am-ricaine-1747502737.jpg","width":1920,"height":886},{"@type":"BreadcrumbList","@id":"https:\/\/www.sounds.brussels\/fr\/jazz-concert\/los-pueblos-unidos-rencontre-populaire-latino-americaine\/#breadcrumb","itemListElement":[{"@type":"ListItem","position":1,"name":"Accueil","item":"https:\/\/www.sounds.brussels\/fr\/"},{"@type":"ListItem","position":2,"name":"Produits","item":"https:\/\/www.sounds.brussels\/fr\/shop\/"},{"@type":"ListItem","position":3,"name":"LOS PUEBLOS UNIDOS \/ RENCONTRE POPULAIRE LATINO-AM\u00c9RICAINE"}]},{"@type":"WebSite","@id":"https:\/\/www.sounds.brussels\/fr\/#website","url":"https:\/\/www.sounds.brussels\/fr\/","name":"Sounds Jazz Club","description":"","publisher":{"@id":"https:\/\/www.sounds.brussels\/fr\/#organization"},"potentialAction":[{"@type":"SearchAction","target":{"@type":"EntryPoint","urlTemplate":"https:\/\/www.sounds.brussels\/fr\/?s={search_term_string}"},"query-input":{"@type":"PropertyValueSpecification","valueRequired":true,"valueName":"search_term_string"}}],"inLanguage":"fr-FR"},{"@type":"Organization","@id":"https:\/\/www.sounds.brussels\/fr\/#organization","name":"Sounds Jazz Club","url":"https:\/\/www.sounds.brussels\/fr\/","logo":{"@type":"ImageObject","inLanguage":"fr-FR","@id":"https:\/\/www.sounds.brussels\/fr\/#\/schema\/logo\/image\/","url":"https:\/\/www.sounds.brussels\/wp-content\/uploads\/2023\/09\/logo-sounds-BlackRed-RGB-scaled.jpg","contentUrl":"https:\/\/www.sounds.brussels\/wp-content\/uploads\/2023\/09\/logo-sounds-BlackRed-RGB-scaled.jpg","width":2048,"height":1428,"caption":"Sounds Jazz Club"},"image":{"@id":"https:\/\/www.sounds.brussels\/fr\/#\/schema\/logo\/image\/"}}]}},"_links":{"self":[{"href":"https:\/\/www.sounds.brussels\/fr\/wp-json\/wp\/v2\/product\/148743","targetHints":{"allow":["GET"]}}],"collection":[{"href":"https:\/\/www.sounds.brussels\/fr\/wp-json\/wp\/v2\/product"}],"about":[{"href":"https:\/\/www.sounds.brussels\/fr\/wp-json\/wp\/v2\/types\/product"}],"author":[{"embeddable":true,"href":"https:\/\/www.sounds.brussels\/fr\/wp-json\/wp\/v2\/users\/8382"}],"replies":[{"embeddable":true,"href":"https:\/\/www.sounds.brussels\/fr\/wp-json\/wp\/v2\/comments?post=148743"}],"wp:featuredmedia":[{"embeddable":true,"href":"https:\/\/www.sounds.brussels\/fr\/wp-json\/wp\/v2\/media\/148965"}],"wp:attachment":[{"href":"https:\/\/www.sounds.brussels\/fr\/wp-json\/wp\/v2\/media?parent=148743"}],"wp:term":[{"taxonomy":"product_brand","embeddable":true,"href":"https:\/\/www.sounds.brussels\/fr\/wp-json\/wp\/v2\/product_brand?post=148743"},{"taxonomy":"product_cat","embeddable":true,"href":"https:\/\/www.sounds.brussels\/fr\/wp-json\/wp\/v2\/product_cat?post=148743"},{"taxonomy":"product_tag","embeddable":true,"href":"https:\/\/www.sounds.brussels\/fr\/wp-json\/wp\/v2\/product_tag?post=148743"}],"curies":[{"name":"wp","href":"https:\/\/api.w.org\/{rel}","templated":true}]}}

LOS PUEBLOS UNIDOS / RENCONTRE POPULAIRE LATINO-AMÉRICAINE

<p>Atelier de murga porteña</p>
<p>DUO SURCO (Felisa Cereceda Parra et Gonzalo Munoz Tapia) &#8211; Musique populaire chilienne</p>
<p>Monserrat Olavarría Balmaceda &#8211; Théâtre musical engagé</p>
<p>Intal America Latina : Repas au bénéfice des peuples originaires vénézuéliens</p>

<!-- This site is optimized with the Yoast SEO plugin v26.9 - https://yoast.com/product/yoast-seo-wordpress/ -->
<title>LOS PUEBLOS UNIDOS / RENCONTRE POPULAIRE LATINO-AMÉRICAINE - Sounds Jazz Club</title>
<meta name="robots" content="index, follow, max-snippet:-1, max-image-preview:large, max-video-preview:-1" />
<link rel="canonical" href="https://www.sounds.brussels/fr/jazz-concert/los-pueblos-unidos-rencontre-populaire-latino-americaine/" />
<meta property="og:locale" content="fr_FR" />
<meta property="og:type" content="article" />
<meta property="og:title" content="LOS PUEBLOS UNIDOS / RENCONTRE POPULAIRE LATINO-AMÉRICAINE - Sounds Jazz Club" />
<meta property="og:description" content="Atelier de murga porteña DUO SURCO (Felisa Cereceda Parra et Gonzalo Munoz Tapia) - Musique populaire chilienne Monserrat Olavarría Balmaceda - Théâtre musical engagé Intal America Latina : Repas au bénéfice des peuples originaires vénézuéliens" />
<meta property="og:url" content="https://www.sounds.brussels/fr/jazz-concert/los-pueblos-unidos-rencontre-populaire-latino-americaine/" />
<meta property="og:site_name" content="Sounds Jazz Club" />
<meta property="article:modified_time" content="2025-06-28T08:46:24+00:00" />
<meta name="twitter:card" content="summary_large_image" />
<script type="application/ld+json" class="yoast-schema-graph">{"@context":"https://schema.org","@graph":[{"@type":"WebPage","@id":"https://www.sounds.brussels/fr/jazz-concert/los-pueblos-unidos-rencontre-populaire-latino-americaine/","url":"https://www.sounds.brussels/fr/jazz-concert/los-pueblos-unidos-rencontre-populaire-latino-americaine/","name":"LOS PUEBLOS UNIDOS / RENCONTRE POPULAIRE LATINO-AMÉRICAINE - Sounds Jazz Club","isPartOf":{"@id":"https://www.sounds.brussels/fr/#website"},"primaryImageOfPage":{"@id":"https://www.sounds.brussels/fr/jazz-concert/los-pueblos-unidos-rencontre-populaire-latino-americaine/#primaryimage"},"image":{"@id":"https://www.sounds.brussels/fr/jazz-concert/los-pueblos-unidos-rencontre-populaire-latino-americaine/#primaryimage"},"thumbnailUrl":"https://www.sounds.brussels/wp-content/uploads/2025/05/2025-06-29-los-pueblos-unidos-rencontre-populaire-latino-am-ricaine-1747502737.jpg","datePublished":"2025-05-15T12:49:22+00:00","dateModified":"2025-06-28T08:46:24+00:00","breadcrumb":{"@id":"https://www.sounds.brussels/fr/jazz-concert/los-pueblos-unidos-rencontre-populaire-latino-americaine/#breadcrumb"},"inLanguage":"fr-FR","potentialAction":[{"@type":"ReadAction","target":["https://www.sounds.brussels/fr/jazz-concert/los-pueblos-unidos-rencontre-populaire-latino-americaine/"]}]},{"@type":"ImageObject","inLanguage":"fr-FR","@id":"https://www.sounds.brussels/fr/jazz-concert/los-pueblos-unidos-rencontre-populaire-latino-americaine/#primaryimage","url":"https://www.sounds.brussels/wp-content/uploads/2025/05/2025-06-29-los-pueblos-unidos-rencontre-populaire-latino-am-ricaine-1747502737.jpg","contentUrl":"https://www.sounds.brussels/wp-content/uploads/2025/05/2025-06-29-los-pueblos-unidos-rencontre-populaire-latino-am-ricaine-1747502737.jpg","width":1920,"height":886},{"@type":"BreadcrumbList","@id":"https://www.sounds.brussels/fr/jazz-concert/los-pueblos-unidos-rencontre-populaire-latino-americaine/#breadcrumb","itemListElement":[{"@type":"ListItem","position":1,"name":"Accueil","item":"https://www.sounds.brussels/fr/"},{"@type":"ListItem","position":2,"name":"Produits","item":"https://www.sounds.brussels/fr/shop/"},{"@type":"ListItem","position":3,"name":"LOS PUEBLOS UNIDOS / RENCONTRE POPULAIRE LATINO-AMÉRICAINE"}]},{"@type":"WebSite","@id":"https://www.sounds.brussels/fr/#website","url":"https://www.sounds.brussels/fr/","name":"Sounds Jazz Club","description":"","publisher":{"@id":"https://www.sounds.brussels/fr/#organization"},"potentialAction":[{"@type":"SearchAction","target":{"@type":"EntryPoint","urlTemplate":"https://www.sounds.brussels/fr/?s={search_term_string}"},"query-input":{"@type":"PropertyValueSpecification","valueRequired":true,"valueName":"search_term_string"}}],"inLanguage":"fr-FR"},{"@type":"Organization","@id":"https://www.sounds.brussels/fr/#organization","name":"Sounds Jazz Club","url":"https://www.sounds.brussels/fr/","logo":{"@type":"ImageObject","inLanguage":"fr-FR","@id":"https://www.sounds.brussels/fr/#/schema/logo/image/","url":"https://www.sounds.brussels/wp-content/uploads/2023/09/logo-sounds-BlackRed-RGB-scaled.jpg","contentUrl":"https://www.sounds.brussels/wp-content/uploads/2023/09/logo-sounds-BlackRed-RGB-scaled.jpg","width":2048,"height":1428,"caption":"Sounds Jazz Club"},"image":{"@id":"https://www.sounds.brussels/fr/#/schema/logo/image/"}}]}</script>
<!-- / Yoast SEO plugin. -->

LOS PUEBLOS UNIDOS / RENCONTRE POPULAIRE LATINO-AMÉRICAINE - Sounds Jazz Club

Atelier de murga porteña DUO SURCO (Felisa Cereceda Parra et Gonzalo Munoz Tapia) - Musique populaire chilienne Monserrat Olavarría Balmaceda - Théâtre musical engagé Intal America Latina : Repas au bénéfice des peuples originaires vénézuéliens
