{"id":143864,"date":"2025-02-18T17:07:00","date_gmt":"2025-02-18T16:07:00","guid":{"rendered":"https:\/\/www.sounds.brussels\/?post_type=product&#038;p=143864"},"modified":"2025-03-04T21:12:17","modified_gmt":"2025-03-04T20:12:17","slug":"celebration-honings-duo-del-sablon","status":"publish","type":"product","link":"https:\/\/www.sounds.brussels\/fr\/jazz-concert\/celebration-honings-duo-del-sablon\/","title":{"rendered":"CELEBRATION | SOORS HONINGS DUO + DEL SABLON"},"content":{"rendered":"","protected":false},"excerpt":{"rendered":"<p>SOORS HONINGS DUO<br \/>\nJeroen Soors : Oboe<br \/>\nCedric Honings : Classical Guitar<br \/>\nDEL SABLON<br \/>\nAna Fern\u00e1ndez P\u00e9rez &#8211; Voice, Rhythm guitar<br \/>\nLuca Isolani &#8211; Guitar, Backing Vocals<br \/>\nJelle Vandooren &#8211; Percussion<br \/>\nGr\u00e9goire Bayard &#8211; Bass<br \/>\nSpecial guest: Aquiles Navarro &#8211; Trumpet<\/p>\n","protected":false},"author":8383,"featured_media":143867,"comment_status":"closed","ping_status":"closed","template":"","meta":{"_acf_changed":false},"product_brand":[],"product_cat":[157],"product_tag":[],"class_list":{"0":"post-143864","1":"product","2":"type-product","3":"status-publish","4":"has-post-thumbnail","6":"product_cat-archived","8":"first","9":"instock","10":"virtual","11":"product-type-simple"},"acf":[],"yoast_head":"<!-- This site is optimized with the Yoast SEO plugin v26.9 - https:\/\/yoast.com\/product\/yoast-seo-wordpress\/ -->\n<title>CELEBRATION | SOORS HONINGS DUO + DEL SABLON - Sounds Jazz Club<\/title>\n<meta name=\"robots\" content=\"index, follow, max-snippet:-1, max-image-preview:large, max-video-preview:-1\" \/>\n<link rel=\"canonical\" href=\"https:\/\/www.sounds.brussels\/fr\/jazz-concert\/celebration-honings-duo-del-sablon\/\" \/>\n<meta property=\"og:locale\" content=\"fr_FR\" \/>\n<meta property=\"og:type\" content=\"article\" \/>\n<meta property=\"og:title\" content=\"CELEBRATION | SOORS HONINGS DUO + DEL SABLON - Sounds Jazz Club\" \/>\n<meta property=\"og:description\" content=\"SOORS HONINGS DUO Jeroen Soors : Oboe Cedric Honings : Classical Guitar DEL SABLON Ana Fern\u00e1ndez P\u00e9rez - Voice, Rhythm guitar Luca Isolani - Guitar, Backing Vocals Jelle Vandooren - Percussion Gr\u00e9goire Bayard - Bass Special guest: Aquiles Navarro - Trumpet\" \/>\n<meta property=\"og:url\" content=\"https:\/\/www.sounds.brussels\/fr\/jazz-concert\/celebration-honings-duo-del-sablon\/\" \/>\n<meta property=\"og:site_name\" content=\"Sounds Jazz Club\" \/>\n<meta property=\"article:modified_time\" content=\"2025-03-04T20:12:17+00:00\" \/>\n<meta property=\"og:image\" content=\"https:\/\/www.sounds.brussels\/wp-content\/uploads\/2025\/02\/2025-03-19-celebration-honings-duo-del-sablon-1739894820.jpg\" \/>\n\t<meta property=\"og:image:width\" content=\"1600\" \/>\n\t<meta property=\"og:image:height\" content=\"1200\" \/>\n\t<meta property=\"og:image:type\" content=\"image\/jpeg\" \/>\n<meta name=\"twitter:card\" content=\"summary_large_image\" \/>\n<meta name=\"twitter:label1\" content=\"Dur\u00e9e de lecture estim\u00e9e\" \/>\n\t<meta name=\"twitter:data1\" content=\"1 minute\" \/>\n<script type=\"application\/ld+json\" class=\"yoast-schema-graph\">{\"@context\":\"https:\/\/schema.org\",\"@graph\":[{\"@type\":\"WebPage\",\"@id\":\"https:\/\/www.sounds.brussels\/fr\/jazz-concert\/celebration-honings-duo-del-sablon\/\",\"url\":\"https:\/\/www.sounds.brussels\/fr\/jazz-concert\/celebration-honings-duo-del-sablon\/\",\"name\":\"CELEBRATION | SOORS HONINGS DUO + DEL SABLON - Sounds Jazz Club\",\"isPartOf\":{\"@id\":\"https:\/\/www.sounds.brussels\/fr\/#website\"},\"primaryImageOfPage\":{\"@id\":\"https:\/\/www.sounds.brussels\/fr\/jazz-concert\/celebration-honings-duo-del-sablon\/#primaryimage\"},\"image\":{\"@id\":\"https:\/\/www.sounds.brussels\/fr\/jazz-concert\/celebration-honings-duo-del-sablon\/#primaryimage\"},\"thumbnailUrl\":\"https:\/\/www.sounds.brussels\/wp-content\/uploads\/2025\/02\/2025-03-19-celebration-honings-duo-del-sablon-1739894820.jpg\",\"datePublished\":\"2025-02-18T16:07:00+00:00\",\"dateModified\":\"2025-03-04T20:12:17+00:00\",\"breadcrumb\":{\"@id\":\"https:\/\/www.sounds.brussels\/fr\/jazz-concert\/celebration-honings-duo-del-sablon\/#breadcrumb\"},\"inLanguage\":\"fr-FR\",\"potentialAction\":[{\"@type\":\"ReadAction\",\"target\":[\"https:\/\/www.sounds.brussels\/fr\/jazz-concert\/celebration-honings-duo-del-sablon\/\"]}]},{\"@type\":\"ImageObject\",\"inLanguage\":\"fr-FR\",\"@id\":\"https:\/\/www.sounds.brussels\/fr\/jazz-concert\/celebration-honings-duo-del-sablon\/#primaryimage\",\"url\":\"https:\/\/www.sounds.brussels\/wp-content\/uploads\/2025\/02\/2025-03-19-celebration-honings-duo-del-sablon-1739894820.jpg\",\"contentUrl\":\"https:\/\/www.sounds.brussels\/wp-content\/uploads\/2025\/02\/2025-03-19-celebration-honings-duo-del-sablon-1739894820.jpg\",\"width\":1600,\"height\":1200},{\"@type\":\"BreadcrumbList\",\"@id\":\"https:\/\/www.sounds.brussels\/fr\/jazz-concert\/celebration-honings-duo-del-sablon\/#breadcrumb\",\"itemListElement\":[{\"@type\":\"ListItem\",\"position\":1,\"name\":\"Accueil\",\"item\":\"https:\/\/www.sounds.brussels\/fr\/\"},{\"@type\":\"ListItem\",\"position\":2,\"name\":\"Produits\",\"item\":\"https:\/\/www.sounds.brussels\/fr\/shop\/\"},{\"@type\":\"ListItem\",\"position\":3,\"name\":\"CELEBRATION | SOORS HONINGS DUO + DEL SABLON\"}]},{\"@type\":\"WebSite\",\"@id\":\"https:\/\/www.sounds.brussels\/fr\/#website\",\"url\":\"https:\/\/www.sounds.brussels\/fr\/\",\"name\":\"Sounds Jazz Club\",\"description\":\"\",\"publisher\":{\"@id\":\"https:\/\/www.sounds.brussels\/fr\/#organization\"},\"potentialAction\":[{\"@type\":\"SearchAction\",\"target\":{\"@type\":\"EntryPoint\",\"urlTemplate\":\"https:\/\/www.sounds.brussels\/fr\/?s={search_term_string}\"},\"query-input\":{\"@type\":\"PropertyValueSpecification\",\"valueRequired\":true,\"valueName\":\"search_term_string\"}}],\"inLanguage\":\"fr-FR\"},{\"@type\":\"Organization\",\"@id\":\"https:\/\/www.sounds.brussels\/fr\/#organization\",\"name\":\"Sounds Jazz Club\",\"url\":\"https:\/\/www.sounds.brussels\/fr\/\",\"logo\":{\"@type\":\"ImageObject\",\"inLanguage\":\"fr-FR\",\"@id\":\"https:\/\/www.sounds.brussels\/fr\/#\/schema\/logo\/image\/\",\"url\":\"https:\/\/www.sounds.brussels\/wp-content\/uploads\/2023\/09\/logo-sounds-BlackRed-RGB-scaled.jpg\",\"contentUrl\":\"https:\/\/www.sounds.brussels\/wp-content\/uploads\/2023\/09\/logo-sounds-BlackRed-RGB-scaled.jpg\",\"width\":2048,\"height\":1428,\"caption\":\"Sounds Jazz Club\"},\"image\":{\"@id\":\"https:\/\/www.sounds.brussels\/fr\/#\/schema\/logo\/image\/\"}}]}<\/script>\n<!-- \/ Yoast SEO plugin. -->","yoast_head_json":{"title":"CELEBRATION | SOORS HONINGS DUO + DEL SABLON - Sounds Jazz Club","robots":{"index":"index","follow":"follow","max-snippet":"max-snippet:-1","max-image-preview":"max-image-preview:large","max-video-preview":"max-video-preview:-1"},"canonical":"https:\/\/www.sounds.brussels\/fr\/jazz-concert\/celebration-honings-duo-del-sablon\/","og_locale":"fr_FR","og_type":"article","og_title":"CELEBRATION | SOORS HONINGS DUO + DEL SABLON - Sounds Jazz Club","og_description":"SOORS HONINGS DUO Jeroen Soors : Oboe Cedric Honings : Classical Guitar DEL SABLON Ana Fern\u00e1ndez P\u00e9rez - Voice, Rhythm guitar Luca Isolani - Guitar, Backing Vocals Jelle Vandooren - Percussion Gr\u00e9goire Bayard - Bass Special guest: Aquiles Navarro - Trumpet","og_url":"https:\/\/www.sounds.brussels\/fr\/jazz-concert\/celebration-honings-duo-del-sablon\/","og_site_name":"Sounds Jazz Club","article_modified_time":"2025-03-04T20:12:17+00:00","og_image":[{"width":1600,"height":1200,"url":"https:\/\/www.sounds.brussels\/wp-content\/uploads\/2025\/02\/2025-03-19-celebration-honings-duo-del-sablon-1739894820.jpg","type":"image\/jpeg"}],"twitter_card":"summary_large_image","twitter_misc":{"Dur\u00e9e de lecture estim\u00e9e":"1 minute"},"schema":{"@context":"https:\/\/schema.org","@graph":[{"@type":"WebPage","@id":"https:\/\/www.sounds.brussels\/fr\/jazz-concert\/celebration-honings-duo-del-sablon\/","url":"https:\/\/www.sounds.brussels\/fr\/jazz-concert\/celebration-honings-duo-del-sablon\/","name":"CELEBRATION | SOORS HONINGS DUO + DEL SABLON - Sounds Jazz Club","isPartOf":{"@id":"https:\/\/www.sounds.brussels\/fr\/#website"},"primaryImageOfPage":{"@id":"https:\/\/www.sounds.brussels\/fr\/jazz-concert\/celebration-honings-duo-del-sablon\/#primaryimage"},"image":{"@id":"https:\/\/www.sounds.brussels\/fr\/jazz-concert\/celebration-honings-duo-del-sablon\/#primaryimage"},"thumbnailUrl":"https:\/\/www.sounds.brussels\/wp-content\/uploads\/2025\/02\/2025-03-19-celebration-honings-duo-del-sablon-1739894820.jpg","datePublished":"2025-02-18T16:07:00+00:00","dateModified":"2025-03-04T20:12:17+00:00","breadcrumb":{"@id":"https:\/\/www.sounds.brussels\/fr\/jazz-concert\/celebration-honings-duo-del-sablon\/#breadcrumb"},"inLanguage":"fr-FR","potentialAction":[{"@type":"ReadAction","target":["https:\/\/www.sounds.brussels\/fr\/jazz-concert\/celebration-honings-duo-del-sablon\/"]}]},{"@type":"ImageObject","inLanguage":"fr-FR","@id":"https:\/\/www.sounds.brussels\/fr\/jazz-concert\/celebration-honings-duo-del-sablon\/#primaryimage","url":"https:\/\/www.sounds.brussels\/wp-content\/uploads\/2025\/02\/2025-03-19-celebration-honings-duo-del-sablon-1739894820.jpg","contentUrl":"https:\/\/www.sounds.brussels\/wp-content\/uploads\/2025\/02\/2025-03-19-celebration-honings-duo-del-sablon-1739894820.jpg","width":1600,"height":1200},{"@type":"BreadcrumbList","@id":"https:\/\/www.sounds.brussels\/fr\/jazz-concert\/celebration-honings-duo-del-sablon\/#breadcrumb","itemListElement":[{"@type":"ListItem","position":1,"name":"Accueil","item":"https:\/\/www.sounds.brussels\/fr\/"},{"@type":"ListItem","position":2,"name":"Produits","item":"https:\/\/www.sounds.brussels\/fr\/shop\/"},{"@type":"ListItem","position":3,"name":"CELEBRATION | SOORS HONINGS DUO + DEL SABLON"}]},{"@type":"WebSite","@id":"https:\/\/www.sounds.brussels\/fr\/#website","url":"https:\/\/www.sounds.brussels\/fr\/","name":"Sounds Jazz Club","description":"","publisher":{"@id":"https:\/\/www.sounds.brussels\/fr\/#organization"},"potentialAction":[{"@type":"SearchAction","target":{"@type":"EntryPoint","urlTemplate":"https:\/\/www.sounds.brussels\/fr\/?s={search_term_string}"},"query-input":{"@type":"PropertyValueSpecification","valueRequired":true,"valueName":"search_term_string"}}],"inLanguage":"fr-FR"},{"@type":"Organization","@id":"https:\/\/www.sounds.brussels\/fr\/#organization","name":"Sounds Jazz Club","url":"https:\/\/www.sounds.brussels\/fr\/","logo":{"@type":"ImageObject","inLanguage":"fr-FR","@id":"https:\/\/www.sounds.brussels\/fr\/#\/schema\/logo\/image\/","url":"https:\/\/www.sounds.brussels\/wp-content\/uploads\/2023\/09\/logo-sounds-BlackRed-RGB-scaled.jpg","contentUrl":"https:\/\/www.sounds.brussels\/wp-content\/uploads\/2023\/09\/logo-sounds-BlackRed-RGB-scaled.jpg","width":2048,"height":1428,"caption":"Sounds Jazz Club"},"image":{"@id":"https:\/\/www.sounds.brussels\/fr\/#\/schema\/logo\/image\/"}}]}},"_links":{"self":[{"href":"https:\/\/www.sounds.brussels\/fr\/wp-json\/wp\/v2\/product\/143864","targetHints":{"allow":["GET"]}}],"collection":[{"href":"https:\/\/www.sounds.brussels\/fr\/wp-json\/wp\/v2\/product"}],"about":[{"href":"https:\/\/www.sounds.brussels\/fr\/wp-json\/wp\/v2\/types\/product"}],"author":[{"embeddable":true,"href":"https:\/\/www.sounds.brussels\/fr\/wp-json\/wp\/v2\/users\/8383"}],"replies":[{"embeddable":true,"href":"https:\/\/www.sounds.brussels\/fr\/wp-json\/wp\/v2\/comments?post=143864"}],"wp:featuredmedia":[{"embeddable":true,"href":"https:\/\/www.sounds.brussels\/fr\/wp-json\/wp\/v2\/media\/143867"}],"wp:attachment":[{"href":"https:\/\/www.sounds.brussels\/fr\/wp-json\/wp\/v2\/media?parent=143864"}],"wp:term":[{"taxonomy":"product_brand","embeddable":true,"href":"https:\/\/www.sounds.brussels\/fr\/wp-json\/wp\/v2\/product_brand?post=143864"},{"taxonomy":"product_cat","embeddable":true,"href":"https:\/\/www.sounds.brussels\/fr\/wp-json\/wp\/v2\/product_cat?post=143864"},{"taxonomy":"product_tag","embeddable":true,"href":"https:\/\/www.sounds.brussels\/fr\/wp-json\/wp\/v2\/product_tag?post=143864"}],"curies":[{"name":"wp","href":"https:\/\/api.w.org\/{rel}","templated":true}]}}

<p>SOORS HONINGS DUO<br />
Jeroen Soors : Oboe<br />
Cedric Honings : Classical Guitar<br />
DEL SABLON<br />
Ana Fernández Pérez &#8211; Voice, Rhythm guitar<br />
Luca Isolani &#8211; Guitar, Backing Vocals<br />
Jelle Vandooren &#8211; Percussion<br />
Grégoire Bayard &#8211; Bass<br />
Special guest: Aquiles Navarro &#8211; Trumpet</p>

<!-- This site is optimized with the Yoast SEO plugin v26.9 - https://yoast.com/product/yoast-seo-wordpress/ -->
<title>CELEBRATION | SOORS HONINGS DUO + DEL SABLON - Sounds Jazz Club</title>
<meta name="robots" content="index, follow, max-snippet:-1, max-image-preview:large, max-video-preview:-1" />
<link rel="canonical" href="https://www.sounds.brussels/fr/jazz-concert/celebration-honings-duo-del-sablon/" />
<meta property="og:locale" content="fr_FR" />
<meta property="og:type" content="article" />
<meta property="og:title" content="CELEBRATION | SOORS HONINGS DUO + DEL SABLON - Sounds Jazz Club" />
<meta property="og:description" content="SOORS HONINGS DUO Jeroen Soors : Oboe Cedric Honings : Classical Guitar DEL SABLON Ana Fernández Pérez - Voice, Rhythm guitar Luca Isolani - Guitar, Backing Vocals Jelle Vandooren - Percussion Grégoire Bayard - Bass Special guest: Aquiles Navarro - Trumpet" />
<meta property="og:url" content="https://www.sounds.brussels/fr/jazz-concert/celebration-honings-duo-del-sablon/" />
<meta property="og:site_name" content="Sounds Jazz Club" />
<meta property="article:modified_time" content="2025-03-04T20:12:17+00:00" />
<meta property="og:image" content="https://www.sounds.brussels/wp-content/uploads/2025/02/2025-03-19-celebration-honings-duo-del-sablon-1739894820.jpg" />
	<meta property="og:image:width" content="1600" />
	<meta property="og:image:height" content="1200" />
	<meta property="og:image:type" content="image/jpeg" />
<meta name="twitter:card" content="summary_large_image" />
<meta name="twitter:label1" content="Durée de lecture estimée" />
	<meta name="twitter:data1" content="1 minute" />
<script type="application/ld+json" class="yoast-schema-graph">{"@context":"https://schema.org","@graph":[{"@type":"WebPage","@id":"https://www.sounds.brussels/fr/jazz-concert/celebration-honings-duo-del-sablon/","url":"https://www.sounds.brussels/fr/jazz-concert/celebration-honings-duo-del-sablon/","name":"CELEBRATION | SOORS HONINGS DUO + DEL SABLON - Sounds Jazz Club","isPartOf":{"@id":"https://www.sounds.brussels/fr/#website"},"primaryImageOfPage":{"@id":"https://www.sounds.brussels/fr/jazz-concert/celebration-honings-duo-del-sablon/#primaryimage"},"image":{"@id":"https://www.sounds.brussels/fr/jazz-concert/celebration-honings-duo-del-sablon/#primaryimage"},"thumbnailUrl":"https://www.sounds.brussels/wp-content/uploads/2025/02/2025-03-19-celebration-honings-duo-del-sablon-1739894820.jpg","datePublished":"2025-02-18T16:07:00+00:00","dateModified":"2025-03-04T20:12:17+00:00","breadcrumb":{"@id":"https://www.sounds.brussels/fr/jazz-concert/celebration-honings-duo-del-sablon/#breadcrumb"},"inLanguage":"fr-FR","potentialAction":[{"@type":"ReadAction","target":["https://www.sounds.brussels/fr/jazz-concert/celebration-honings-duo-del-sablon/"]}]},{"@type":"ImageObject","inLanguage":"fr-FR","@id":"https://www.sounds.brussels/fr/jazz-concert/celebration-honings-duo-del-sablon/#primaryimage","url":"https://www.sounds.brussels/wp-content/uploads/2025/02/2025-03-19-celebration-honings-duo-del-sablon-1739894820.jpg","contentUrl":"https://www.sounds.brussels/wp-content/uploads/2025/02/2025-03-19-celebration-honings-duo-del-sablon-1739894820.jpg","width":1600,"height":1200},{"@type":"BreadcrumbList","@id":"https://www.sounds.brussels/fr/jazz-concert/celebration-honings-duo-del-sablon/#breadcrumb","itemListElement":[{"@type":"ListItem","position":1,"name":"Accueil","item":"https://www.sounds.brussels/fr/"},{"@type":"ListItem","position":2,"name":"Produits","item":"https://www.sounds.brussels/fr/shop/"},{"@type":"ListItem","position":3,"name":"CELEBRATION | SOORS HONINGS DUO + DEL SABLON"}]},{"@type":"WebSite","@id":"https://www.sounds.brussels/fr/#website","url":"https://www.sounds.brussels/fr/","name":"Sounds Jazz Club","description":"","publisher":{"@id":"https://www.sounds.brussels/fr/#organization"},"potentialAction":[{"@type":"SearchAction","target":{"@type":"EntryPoint","urlTemplate":"https://www.sounds.brussels/fr/?s={search_term_string}"},"query-input":{"@type":"PropertyValueSpecification","valueRequired":true,"valueName":"search_term_string"}}],"inLanguage":"fr-FR"},{"@type":"Organization","@id":"https://www.sounds.brussels/fr/#organization","name":"Sounds Jazz Club","url":"https://www.sounds.brussels/fr/","logo":{"@type":"ImageObject","inLanguage":"fr-FR","@id":"https://www.sounds.brussels/fr/#/schema/logo/image/","url":"https://www.sounds.brussels/wp-content/uploads/2023/09/logo-sounds-BlackRed-RGB-scaled.jpg","contentUrl":"https://www.sounds.brussels/wp-content/uploads/2023/09/logo-sounds-BlackRed-RGB-scaled.jpg","width":2048,"height":1428,"caption":"Sounds Jazz Club"},"image":{"@id":"https://www.sounds.brussels/fr/#/schema/logo/image/"}}]}</script>
<!-- / Yoast SEO plugin. -->

SOORS HONINGS DUO Jeroen Soors : Oboe Cedric Honings : Classical Guitar DEL SABLON Ana Fernández Pérez - Voice, Rhythm guitar Luca Isolani - Guitar, Backing Vocals Jelle Vandooren - Percussion Grégoire Bayard - Bass Special guest: Aquiles Navarro - Trumpet
