{"id":141808,"date":"2025-01-14T15:51:28","date_gmt":"2025-01-14T14:51:28","guid":{"rendered":"https:\/\/www.sounds.brussels\/?post_type=product&#038;p=141808"},"modified":"2025-02-02T16:08:00","modified_gmt":"2025-02-02T15:08:00","slug":"lapero-du-sounds-fousai-fousaa","status":"publish","type":"product","link":"https:\/\/www.sounds.brussels\/fr\/jazz-concert\/lapero-du-sounds-fousai-fousaa\/","title":{"rendered":"L&rsquo;APERO DU SOUNDS \/ FOUSAI FOUSAA"},"content":{"rendered":"","protected":false},"excerpt":{"rendered":"<p>Fousai Fousaa est un groupe bruxellois compos\u00e9 de 5<br \/>\nmusicien.ne.s originaires de Tunisie, de Belgique, de France et<br \/>\nd&rsquo;Espagne.<\/p>\n<p>Le nom du groupe, qui signifie \u00ab mosa\u00efque \u00bb en arabe, refl\u00e8te<br \/>\nleur musique &#8211; un riche m\u00e9lange d&rsquo;influences d&rsquo;Afrique du Nord,<br \/>\ndu Moyen-Orient et d&rsquo;Europe.<\/p>\n<p>Fousai Fousaa explore les fragments d&rsquo;identit\u00e9, d&rsquo;amour, de<br \/>\nperte et de d\u00e9placement, interpr\u00e9tant l&rsquo;\u00e2me profonde de la<br \/>\nmusique arabe et amazighe \u00e0 travers une lentille moderne.<br \/>\nLeur son est un voyage \u00e0 travers les fronti\u00e8res culturelles,<\/p>\n","protected":false},"author":8382,"featured_media":141817,"comment_status":"closed","ping_status":"closed","template":"","meta":{"_acf_changed":false},"product_brand":[],"product_cat":[157],"product_tag":[],"class_list":{"0":"post-141808","1":"product","2":"type-product","3":"status-publish","4":"has-post-thumbnail","6":"product_cat-archived","8":"first","9":"instock","10":"shipping-taxable","11":"product-type-variable","12":"has-default-attributes","13":"nyp-product"},"acf":[],"yoast_head":"<!-- This site is optimized with the Yoast SEO plugin v26.9 - https:\/\/yoast.com\/product\/yoast-seo-wordpress\/ -->\n<title>L&#039;APERO DU SOUNDS \/ FOUSAI FOUSAA - Sounds Jazz Club<\/title>\n<meta name=\"robots\" content=\"index, follow, max-snippet:-1, max-image-preview:large, max-video-preview:-1\" \/>\n<link rel=\"canonical\" href=\"https:\/\/www.sounds.brussels\/fr\/jazz-concert\/lapero-du-sounds-fousai-fousaa\/\" \/>\n<meta property=\"og:locale\" content=\"fr_FR\" \/>\n<meta property=\"og:type\" content=\"article\" \/>\n<meta property=\"og:title\" content=\"L&#039;APERO DU SOUNDS \/ FOUSAI FOUSAA - Sounds Jazz Club\" \/>\n<meta property=\"og:description\" content=\"Fousai Fousaa est un groupe bruxellois compos\u00e9 de 5 musicien.ne.s originaires de Tunisie, de Belgique, de France et d&#039;Espagne. Le nom du groupe, qui signifie \u00ab mosa\u00efque \u00bb en arabe, refl\u00e8te leur musique - un riche m\u00e9lange d&#039;influences d&#039;Afrique du Nord, du Moyen-Orient et d&#039;Europe. Fousai Fousaa explore les fragments d&#039;identit\u00e9, d&#039;amour, de perte et de d\u00e9placement, interpr\u00e9tant l&#039;\u00e2me profonde de la musique arabe et amazighe \u00e0 travers une lentille moderne. Leur son est un voyage \u00e0 travers les fronti\u00e8res culturelles,\" \/>\n<meta property=\"og:url\" content=\"https:\/\/www.sounds.brussels\/fr\/jazz-concert\/lapero-du-sounds-fousai-fousaa\/\" \/>\n<meta property=\"og:site_name\" content=\"Sounds Jazz Club\" \/>\n<meta property=\"article:modified_time\" content=\"2025-02-02T15:08:00+00:00\" \/>\n<meta property=\"og:image\" content=\"https:\/\/www.sounds.brussels\/wp-content\/uploads\/2025\/01\/2025-02-02-l-apero-du-sounds-fousai-fousaa-1736866289.jpg\" \/>\n\t<meta property=\"og:image:width\" content=\"1080\" \/>\n\t<meta property=\"og:image:height\" content=\"685\" \/>\n\t<meta property=\"og:image:type\" content=\"image\/jpeg\" \/>\n<meta name=\"twitter:card\" content=\"summary_large_image\" \/>\n<script type=\"application\/ld+json\" class=\"yoast-schema-graph\">{\"@context\":\"https:\/\/schema.org\",\"@graph\":[{\"@type\":\"WebPage\",\"@id\":\"https:\/\/www.sounds.brussels\/fr\/jazz-concert\/lapero-du-sounds-fousai-fousaa\/\",\"url\":\"https:\/\/www.sounds.brussels\/fr\/jazz-concert\/lapero-du-sounds-fousai-fousaa\/\",\"name\":\"L'APERO DU SOUNDS \/ FOUSAI FOUSAA - Sounds Jazz Club\",\"isPartOf\":{\"@id\":\"https:\/\/www.sounds.brussels\/fr\/#website\"},\"primaryImageOfPage\":{\"@id\":\"https:\/\/www.sounds.brussels\/fr\/jazz-concert\/lapero-du-sounds-fousai-fousaa\/#primaryimage\"},\"image\":{\"@id\":\"https:\/\/www.sounds.brussels\/fr\/jazz-concert\/lapero-du-sounds-fousai-fousaa\/#primaryimage\"},\"thumbnailUrl\":\"https:\/\/www.sounds.brussels\/wp-content\/uploads\/2025\/01\/2025-02-02-l-apero-du-sounds-fousai-fousaa-1736866289.jpg\",\"datePublished\":\"2025-01-14T14:51:28+00:00\",\"dateModified\":\"2025-02-02T15:08:00+00:00\",\"breadcrumb\":{\"@id\":\"https:\/\/www.sounds.brussels\/fr\/jazz-concert\/lapero-du-sounds-fousai-fousaa\/#breadcrumb\"},\"inLanguage\":\"fr-FR\",\"potentialAction\":[{\"@type\":\"ReadAction\",\"target\":[\"https:\/\/www.sounds.brussels\/fr\/jazz-concert\/lapero-du-sounds-fousai-fousaa\/\"]}]},{\"@type\":\"ImageObject\",\"inLanguage\":\"fr-FR\",\"@id\":\"https:\/\/www.sounds.brussels\/fr\/jazz-concert\/lapero-du-sounds-fousai-fousaa\/#primaryimage\",\"url\":\"https:\/\/www.sounds.brussels\/wp-content\/uploads\/2025\/01\/2025-02-02-l-apero-du-sounds-fousai-fousaa-1736866289.jpg\",\"contentUrl\":\"https:\/\/www.sounds.brussels\/wp-content\/uploads\/2025\/01\/2025-02-02-l-apero-du-sounds-fousai-fousaa-1736866289.jpg\",\"width\":1080,\"height\":685},{\"@type\":\"BreadcrumbList\",\"@id\":\"https:\/\/www.sounds.brussels\/fr\/jazz-concert\/lapero-du-sounds-fousai-fousaa\/#breadcrumb\",\"itemListElement\":[{\"@type\":\"ListItem\",\"position\":1,\"name\":\"Accueil\",\"item\":\"https:\/\/www.sounds.brussels\/fr\/\"},{\"@type\":\"ListItem\",\"position\":2,\"name\":\"Produits\",\"item\":\"https:\/\/www.sounds.brussels\/fr\/shop\/\"},{\"@type\":\"ListItem\",\"position\":3,\"name\":\"L&#8217;APERO DU SOUNDS \/ FOUSAI FOUSAA\"}]},{\"@type\":\"WebSite\",\"@id\":\"https:\/\/www.sounds.brussels\/fr\/#website\",\"url\":\"https:\/\/www.sounds.brussels\/fr\/\",\"name\":\"Sounds Jazz Club\",\"description\":\"\",\"publisher\":{\"@id\":\"https:\/\/www.sounds.brussels\/fr\/#organization\"},\"potentialAction\":[{\"@type\":\"SearchAction\",\"target\":{\"@type\":\"EntryPoint\",\"urlTemplate\":\"https:\/\/www.sounds.brussels\/fr\/?s={search_term_string}\"},\"query-input\":{\"@type\":\"PropertyValueSpecification\",\"valueRequired\":true,\"valueName\":\"search_term_string\"}}],\"inLanguage\":\"fr-FR\"},{\"@type\":\"Organization\",\"@id\":\"https:\/\/www.sounds.brussels\/fr\/#organization\",\"name\":\"Sounds Jazz Club\",\"url\":\"https:\/\/www.sounds.brussels\/fr\/\",\"logo\":{\"@type\":\"ImageObject\",\"inLanguage\":\"fr-FR\",\"@id\":\"https:\/\/www.sounds.brussels\/fr\/#\/schema\/logo\/image\/\",\"url\":\"https:\/\/www.sounds.brussels\/wp-content\/uploads\/2023\/09\/logo-sounds-BlackRed-RGB-scaled.jpg\",\"contentUrl\":\"https:\/\/www.sounds.brussels\/wp-content\/uploads\/2023\/09\/logo-sounds-BlackRed-RGB-scaled.jpg\",\"width\":2048,\"height\":1428,\"caption\":\"Sounds Jazz Club\"},\"image\":{\"@id\":\"https:\/\/www.sounds.brussels\/fr\/#\/schema\/logo\/image\/\"}}]}<\/script>\n<!-- \/ Yoast SEO plugin. -->","yoast_head_json":{"title":"L'APERO DU SOUNDS \/ FOUSAI FOUSAA - Sounds Jazz Club","robots":{"index":"index","follow":"follow","max-snippet":"max-snippet:-1","max-image-preview":"max-image-preview:large","max-video-preview":"max-video-preview:-1"},"canonical":"https:\/\/www.sounds.brussels\/fr\/jazz-concert\/lapero-du-sounds-fousai-fousaa\/","og_locale":"fr_FR","og_type":"article","og_title":"L'APERO DU SOUNDS \/ FOUSAI FOUSAA - Sounds Jazz Club","og_description":"Fousai Fousaa est un groupe bruxellois compos\u00e9 de 5 musicien.ne.s originaires de Tunisie, de Belgique, de France et d'Espagne. Le nom du groupe, qui signifie \u00ab mosa\u00efque \u00bb en arabe, refl\u00e8te leur musique - un riche m\u00e9lange d'influences d'Afrique du Nord, du Moyen-Orient et d'Europe. Fousai Fousaa explore les fragments d'identit\u00e9, d'amour, de perte et de d\u00e9placement, interpr\u00e9tant l'\u00e2me profonde de la musique arabe et amazighe \u00e0 travers une lentille moderne. Leur son est un voyage \u00e0 travers les fronti\u00e8res culturelles,","og_url":"https:\/\/www.sounds.brussels\/fr\/jazz-concert\/lapero-du-sounds-fousai-fousaa\/","og_site_name":"Sounds Jazz Club","article_modified_time":"2025-02-02T15:08:00+00:00","og_image":[{"width":1080,"height":685,"url":"https:\/\/www.sounds.brussels\/wp-content\/uploads\/2025\/01\/2025-02-02-l-apero-du-sounds-fousai-fousaa-1736866289.jpg","type":"image\/jpeg"}],"twitter_card":"summary_large_image","schema":{"@context":"https:\/\/schema.org","@graph":[{"@type":"WebPage","@id":"https:\/\/www.sounds.brussels\/fr\/jazz-concert\/lapero-du-sounds-fousai-fousaa\/","url":"https:\/\/www.sounds.brussels\/fr\/jazz-concert\/lapero-du-sounds-fousai-fousaa\/","name":"L'APERO DU SOUNDS \/ FOUSAI FOUSAA - Sounds Jazz Club","isPartOf":{"@id":"https:\/\/www.sounds.brussels\/fr\/#website"},"primaryImageOfPage":{"@id":"https:\/\/www.sounds.brussels\/fr\/jazz-concert\/lapero-du-sounds-fousai-fousaa\/#primaryimage"},"image":{"@id":"https:\/\/www.sounds.brussels\/fr\/jazz-concert\/lapero-du-sounds-fousai-fousaa\/#primaryimage"},"thumbnailUrl":"https:\/\/www.sounds.brussels\/wp-content\/uploads\/2025\/01\/2025-02-02-l-apero-du-sounds-fousai-fousaa-1736866289.jpg","datePublished":"2025-01-14T14:51:28+00:00","dateModified":"2025-02-02T15:08:00+00:00","breadcrumb":{"@id":"https:\/\/www.sounds.brussels\/fr\/jazz-concert\/lapero-du-sounds-fousai-fousaa\/#breadcrumb"},"inLanguage":"fr-FR","potentialAction":[{"@type":"ReadAction","target":["https:\/\/www.sounds.brussels\/fr\/jazz-concert\/lapero-du-sounds-fousai-fousaa\/"]}]},{"@type":"ImageObject","inLanguage":"fr-FR","@id":"https:\/\/www.sounds.brussels\/fr\/jazz-concert\/lapero-du-sounds-fousai-fousaa\/#primaryimage","url":"https:\/\/www.sounds.brussels\/wp-content\/uploads\/2025\/01\/2025-02-02-l-apero-du-sounds-fousai-fousaa-1736866289.jpg","contentUrl":"https:\/\/www.sounds.brussels\/wp-content\/uploads\/2025\/01\/2025-02-02-l-apero-du-sounds-fousai-fousaa-1736866289.jpg","width":1080,"height":685},{"@type":"BreadcrumbList","@id":"https:\/\/www.sounds.brussels\/fr\/jazz-concert\/lapero-du-sounds-fousai-fousaa\/#breadcrumb","itemListElement":[{"@type":"ListItem","position":1,"name":"Accueil","item":"https:\/\/www.sounds.brussels\/fr\/"},{"@type":"ListItem","position":2,"name":"Produits","item":"https:\/\/www.sounds.brussels\/fr\/shop\/"},{"@type":"ListItem","position":3,"name":"L&#8217;APERO DU SOUNDS \/ FOUSAI FOUSAA"}]},{"@type":"WebSite","@id":"https:\/\/www.sounds.brussels\/fr\/#website","url":"https:\/\/www.sounds.brussels\/fr\/","name":"Sounds Jazz Club","description":"","publisher":{"@id":"https:\/\/www.sounds.brussels\/fr\/#organization"},"potentialAction":[{"@type":"SearchAction","target":{"@type":"EntryPoint","urlTemplate":"https:\/\/www.sounds.brussels\/fr\/?s={search_term_string}"},"query-input":{"@type":"PropertyValueSpecification","valueRequired":true,"valueName":"search_term_string"}}],"inLanguage":"fr-FR"},{"@type":"Organization","@id":"https:\/\/www.sounds.brussels\/fr\/#organization","name":"Sounds Jazz Club","url":"https:\/\/www.sounds.brussels\/fr\/","logo":{"@type":"ImageObject","inLanguage":"fr-FR","@id":"https:\/\/www.sounds.brussels\/fr\/#\/schema\/logo\/image\/","url":"https:\/\/www.sounds.brussels\/wp-content\/uploads\/2023\/09\/logo-sounds-BlackRed-RGB-scaled.jpg","contentUrl":"https:\/\/www.sounds.brussels\/wp-content\/uploads\/2023\/09\/logo-sounds-BlackRed-RGB-scaled.jpg","width":2048,"height":1428,"caption":"Sounds Jazz Club"},"image":{"@id":"https:\/\/www.sounds.brussels\/fr\/#\/schema\/logo\/image\/"}}]}},"_links":{"self":[{"href":"https:\/\/www.sounds.brussels\/fr\/wp-json\/wp\/v2\/product\/141808","targetHints":{"allow":["GET"]}}],"collection":[{"href":"https:\/\/www.sounds.brussels\/fr\/wp-json\/wp\/v2\/product"}],"about":[{"href":"https:\/\/www.sounds.brussels\/fr\/wp-json\/wp\/v2\/types\/product"}],"author":[{"embeddable":true,"href":"https:\/\/www.sounds.brussels\/fr\/wp-json\/wp\/v2\/users\/8382"}],"replies":[{"embeddable":true,"href":"https:\/\/www.sounds.brussels\/fr\/wp-json\/wp\/v2\/comments?post=141808"}],"wp:featuredmedia":[{"embeddable":true,"href":"https:\/\/www.sounds.brussels\/fr\/wp-json\/wp\/v2\/media\/141817"}],"wp:attachment":[{"href":"https:\/\/www.sounds.brussels\/fr\/wp-json\/wp\/v2\/media?parent=141808"}],"wp:term":[{"taxonomy":"product_brand","embeddable":true,"href":"https:\/\/www.sounds.brussels\/fr\/wp-json\/wp\/v2\/product_brand?post=141808"},{"taxonomy":"product_cat","embeddable":true,"href":"https:\/\/www.sounds.brussels\/fr\/wp-json\/wp\/v2\/product_cat?post=141808"},{"taxonomy":"product_tag","embeddable":true,"href":"https:\/\/www.sounds.brussels\/fr\/wp-json\/wp\/v2\/product_tag?post=141808"}],"curies":[{"name":"wp","href":"https:\/\/api.w.org\/{rel}","templated":true}]}}

<p>Fousai Fousaa est un groupe bruxellois composé de 5<br />
musicien.ne.s originaires de Tunisie, de Belgique, de France et<br />
d&rsquo;Espagne.</p>
<p>Le nom du groupe, qui signifie « mosaïque » en arabe, reflète<br />
leur musique &#8211; un riche mélange d&rsquo;influences d&rsquo;Afrique du Nord,<br />
du Moyen-Orient et d&rsquo;Europe.</p>
<p>Fousai Fousaa explore les fragments d&rsquo;identité, d&rsquo;amour, de<br />
perte et de déplacement, interprétant l&rsquo;âme profonde de la<br />
musique arabe et amazighe à travers une lentille moderne.<br />
Leur son est un voyage à travers les frontières culturelles,</p>

<!-- This site is optimized with the Yoast SEO plugin v26.9 - https://yoast.com/product/yoast-seo-wordpress/ -->
<title>L&#039;APERO DU SOUNDS / FOUSAI FOUSAA - Sounds Jazz Club</title>
<meta name="robots" content="index, follow, max-snippet:-1, max-image-preview:large, max-video-preview:-1" />
<link rel="canonical" href="https://www.sounds.brussels/fr/jazz-concert/lapero-du-sounds-fousai-fousaa/" />
<meta property="og:locale" content="fr_FR" />
<meta property="og:type" content="article" />
<meta property="og:title" content="L&#039;APERO DU SOUNDS / FOUSAI FOUSAA - Sounds Jazz Club" />
<meta property="og:description" content="Fousai Fousaa est un groupe bruxellois composé de 5 musicien.ne.s originaires de Tunisie, de Belgique, de France et d&#039;Espagne. Le nom du groupe, qui signifie « mosaïque » en arabe, reflète leur musique - un riche mélange d&#039;influences d&#039;Afrique du Nord, du Moyen-Orient et d&#039;Europe. Fousai Fousaa explore les fragments d&#039;identité, d&#039;amour, de perte et de déplacement, interprétant l&#039;âme profonde de la musique arabe et amazighe à travers une lentille moderne. Leur son est un voyage à travers les frontières culturelles," />
<meta property="og:url" content="https://www.sounds.brussels/fr/jazz-concert/lapero-du-sounds-fousai-fousaa/" />
<meta property="og:site_name" content="Sounds Jazz Club" />
<meta property="article:modified_time" content="2025-02-02T15:08:00+00:00" />
<meta property="og:image" content="https://www.sounds.brussels/wp-content/uploads/2025/01/2025-02-02-l-apero-du-sounds-fousai-fousaa-1736866289.jpg" />
	<meta property="og:image:width" content="1080" />
	<meta property="og:image:height" content="685" />
	<meta property="og:image:type" content="image/jpeg" />
<meta name="twitter:card" content="summary_large_image" />
<script type="application/ld+json" class="yoast-schema-graph">{"@context":"https://schema.org","@graph":[{"@type":"WebPage","@id":"https://www.sounds.brussels/fr/jazz-concert/lapero-du-sounds-fousai-fousaa/","url":"https://www.sounds.brussels/fr/jazz-concert/lapero-du-sounds-fousai-fousaa/","name":"L'APERO DU SOUNDS / FOUSAI FOUSAA - Sounds Jazz Club","isPartOf":{"@id":"https://www.sounds.brussels/fr/#website"},"primaryImageOfPage":{"@id":"https://www.sounds.brussels/fr/jazz-concert/lapero-du-sounds-fousai-fousaa/#primaryimage"},"image":{"@id":"https://www.sounds.brussels/fr/jazz-concert/lapero-du-sounds-fousai-fousaa/#primaryimage"},"thumbnailUrl":"https://www.sounds.brussels/wp-content/uploads/2025/01/2025-02-02-l-apero-du-sounds-fousai-fousaa-1736866289.jpg","datePublished":"2025-01-14T14:51:28+00:00","dateModified":"2025-02-02T15:08:00+00:00","breadcrumb":{"@id":"https://www.sounds.brussels/fr/jazz-concert/lapero-du-sounds-fousai-fousaa/#breadcrumb"},"inLanguage":"fr-FR","potentialAction":[{"@type":"ReadAction","target":["https://www.sounds.brussels/fr/jazz-concert/lapero-du-sounds-fousai-fousaa/"]}]},{"@type":"ImageObject","inLanguage":"fr-FR","@id":"https://www.sounds.brussels/fr/jazz-concert/lapero-du-sounds-fousai-fousaa/#primaryimage","url":"https://www.sounds.brussels/wp-content/uploads/2025/01/2025-02-02-l-apero-du-sounds-fousai-fousaa-1736866289.jpg","contentUrl":"https://www.sounds.brussels/wp-content/uploads/2025/01/2025-02-02-l-apero-du-sounds-fousai-fousaa-1736866289.jpg","width":1080,"height":685},{"@type":"BreadcrumbList","@id":"https://www.sounds.brussels/fr/jazz-concert/lapero-du-sounds-fousai-fousaa/#breadcrumb","itemListElement":[{"@type":"ListItem","position":1,"name":"Accueil","item":"https://www.sounds.brussels/fr/"},{"@type":"ListItem","position":2,"name":"Produits","item":"https://www.sounds.brussels/fr/shop/"},{"@type":"ListItem","position":3,"name":"L&#8217;APERO DU SOUNDS / FOUSAI FOUSAA"}]},{"@type":"WebSite","@id":"https://www.sounds.brussels/fr/#website","url":"https://www.sounds.brussels/fr/","name":"Sounds Jazz Club","description":"","publisher":{"@id":"https://www.sounds.brussels/fr/#organization"},"potentialAction":[{"@type":"SearchAction","target":{"@type":"EntryPoint","urlTemplate":"https://www.sounds.brussels/fr/?s={search_term_string}"},"query-input":{"@type":"PropertyValueSpecification","valueRequired":true,"valueName":"search_term_string"}}],"inLanguage":"fr-FR"},{"@type":"Organization","@id":"https://www.sounds.brussels/fr/#organization","name":"Sounds Jazz Club","url":"https://www.sounds.brussels/fr/","logo":{"@type":"ImageObject","inLanguage":"fr-FR","@id":"https://www.sounds.brussels/fr/#/schema/logo/image/","url":"https://www.sounds.brussels/wp-content/uploads/2023/09/logo-sounds-BlackRed-RGB-scaled.jpg","contentUrl":"https://www.sounds.brussels/wp-content/uploads/2023/09/logo-sounds-BlackRed-RGB-scaled.jpg","width":2048,"height":1428,"caption":"Sounds Jazz Club"},"image":{"@id":"https://www.sounds.brussels/fr/#/schema/logo/image/"}}]}</script>
<!-- / Yoast SEO plugin. -->

Fousai Fousaa est un groupe bruxellois composé de 5 musicien.ne.s originaires de Tunisie, de Belgique, de France et d'Espagne. Le nom du groupe, qui signifie « mosaïque » en arabe, reflète leur musique - un riche mélange d'influences d'Afrique du Nord, du Moyen-Orient et d'Europe. Fousai Fousaa explore les fragments d'identité, d'amour, de perte et de déplacement, interprétant l'âme profonde de la musique arabe et amazighe à travers une lentille moderne. Leur son est un voyage à travers les frontières culturelles,
