{"id":139765,"date":"2024-11-05T16:46:28","date_gmt":"2024-11-05T15:46:28","guid":{"rendered":"https:\/\/www.sounds.brussels\/?post_type=product&#038;p=139765"},"modified":"2024-12-02T21:14:37","modified_gmt":"2024-12-02T20:14:37","slug":"jam-afro-latina-angatu-eleye","status":"publish","type":"product","link":"https:\/\/www.sounds.brussels\/fr\/jazz-concert\/jam-afro-latina-angatu-eleye\/","title":{"rendered":"JAM AFRO LATINA \/ ANGATU ELEY\u00ca"},"content":{"rendered":"","protected":false},"excerpt":{"rendered":"<p>Angatu Eley\u00e9 est un projet musical po\u00e9tique et singulier dans lequel les rythmes du Nord-est br\u00e9silien tel que le maracatu, le bai\u00e3o, l\u2019afox\u00e9, la ciranda ou encore le coco fusionnent avec diff\u00e9rents styles musicaux comme le jazz manouche, la valse et la samba.<\/p>\n","protected":false},"author":8382,"featured_media":139776,"comment_status":"closed","ping_status":"closed","template":"","meta":{"_acf_changed":false},"product_brand":[],"product_cat":[157],"product_tag":[],"class_list":{"0":"post-139765","1":"product","2":"type-product","3":"status-publish","4":"has-post-thumbnail","6":"product_cat-archived","8":"first","9":"instock","10":"shipping-taxable","11":"product-type-variable","12":"has-default-attributes","13":"nyp-product"},"acf":[],"yoast_head":"<!-- This site is optimized with the Yoast SEO plugin v26.9 - https:\/\/yoast.com\/product\/yoast-seo-wordpress\/ -->\n<title>JAM AFRO LATINA \/ ANGATU ELEY\u00ca - Sounds Jazz Club<\/title>\n<meta name=\"robots\" content=\"index, follow, max-snippet:-1, max-image-preview:large, max-video-preview:-1\" \/>\n<link rel=\"canonical\" href=\"https:\/\/www.sounds.brussels\/fr\/jazz-concert\/jam-afro-latina-angatu-eleye\/\" \/>\n<meta property=\"og:locale\" content=\"fr_FR\" \/>\n<meta property=\"og:type\" content=\"article\" \/>\n<meta property=\"og:title\" content=\"JAM AFRO LATINA \/ ANGATU ELEY\u00ca - Sounds Jazz Club\" \/>\n<meta property=\"og:description\" content=\"Angatu Eley\u00e9 est un projet musical po\u00e9tique et singulier dans lequel les rythmes du Nord-est br\u00e9silien tel que le maracatu, le bai\u00e3o, l\u2019afox\u00e9, la ciranda ou encore le coco fusionnent avec diff\u00e9rents styles musicaux comme le jazz manouche, la valse et la samba.\" \/>\n<meta property=\"og:url\" content=\"https:\/\/www.sounds.brussels\/fr\/jazz-concert\/jam-afro-latina-angatu-eleye\/\" \/>\n<meta property=\"og:site_name\" content=\"Sounds Jazz Club\" \/>\n<meta property=\"article:modified_time\" content=\"2024-12-02T20:14:37+00:00\" \/>\n<meta property=\"og:image\" content=\"https:\/\/www.sounds.brussels\/wp-content\/uploads\/2024\/11\/jam-afro-decembre-1024x685.png\" \/>\n\t<meta property=\"og:image:width\" content=\"1024\" \/>\n\t<meta property=\"og:image:height\" content=\"685\" \/>\n\t<meta property=\"og:image:type\" content=\"image\/png\" \/>\n<meta name=\"twitter:card\" content=\"summary_large_image\" \/>\n<meta name=\"twitter:label1\" content=\"Dur\u00e9e de lecture estim\u00e9e\" \/>\n\t<meta name=\"twitter:data1\" content=\"1 minute\" \/>\n<script type=\"application\/ld+json\" class=\"yoast-schema-graph\">{\"@context\":\"https:\/\/schema.org\",\"@graph\":[{\"@type\":\"WebPage\",\"@id\":\"https:\/\/www.sounds.brussels\/fr\/jazz-concert\/jam-afro-latina-angatu-eleye\/\",\"url\":\"https:\/\/www.sounds.brussels\/fr\/jazz-concert\/jam-afro-latina-angatu-eleye\/\",\"name\":\"JAM AFRO LATINA \/ ANGATU ELEY\u00ca - Sounds Jazz Club\",\"isPartOf\":{\"@id\":\"https:\/\/www.sounds.brussels\/fr\/#website\"},\"primaryImageOfPage\":{\"@id\":\"https:\/\/www.sounds.brussels\/fr\/jazz-concert\/jam-afro-latina-angatu-eleye\/#primaryimage\"},\"image\":{\"@id\":\"https:\/\/www.sounds.brussels\/fr\/jazz-concert\/jam-afro-latina-angatu-eleye\/#primaryimage\"},\"thumbnailUrl\":\"https:\/\/www.sounds.brussels\/wp-content\/uploads\/2024\/11\/jam-afro-decembre.png\",\"datePublished\":\"2024-11-05T15:46:28+00:00\",\"dateModified\":\"2024-12-02T20:14:37+00:00\",\"breadcrumb\":{\"@id\":\"https:\/\/www.sounds.brussels\/fr\/jazz-concert\/jam-afro-latina-angatu-eleye\/#breadcrumb\"},\"inLanguage\":\"fr-FR\",\"potentialAction\":[{\"@type\":\"ReadAction\",\"target\":[\"https:\/\/www.sounds.brussels\/fr\/jazz-concert\/jam-afro-latina-angatu-eleye\/\"]}]},{\"@type\":\"ImageObject\",\"inLanguage\":\"fr-FR\",\"@id\":\"https:\/\/www.sounds.brussels\/fr\/jazz-concert\/jam-afro-latina-angatu-eleye\/#primaryimage\",\"url\":\"https:\/\/www.sounds.brussels\/wp-content\/uploads\/2024\/11\/jam-afro-decembre.png\",\"contentUrl\":\"https:\/\/www.sounds.brussels\/wp-content\/uploads\/2024\/11\/jam-afro-decembre.png\",\"width\":2048,\"height\":1370},{\"@type\":\"BreadcrumbList\",\"@id\":\"https:\/\/www.sounds.brussels\/fr\/jazz-concert\/jam-afro-latina-angatu-eleye\/#breadcrumb\",\"itemListElement\":[{\"@type\":\"ListItem\",\"position\":1,\"name\":\"Accueil\",\"item\":\"https:\/\/www.sounds.brussels\/fr\/\"},{\"@type\":\"ListItem\",\"position\":2,\"name\":\"Produits\",\"item\":\"https:\/\/www.sounds.brussels\/fr\/shop\/\"},{\"@type\":\"ListItem\",\"position\":3,\"name\":\"JAM AFRO LATINA \/ ANGATU ELEY\u00ca\"}]},{\"@type\":\"WebSite\",\"@id\":\"https:\/\/www.sounds.brussels\/fr\/#website\",\"url\":\"https:\/\/www.sounds.brussels\/fr\/\",\"name\":\"Sounds Jazz Club\",\"description\":\"\",\"publisher\":{\"@id\":\"https:\/\/www.sounds.brussels\/fr\/#organization\"},\"potentialAction\":[{\"@type\":\"SearchAction\",\"target\":{\"@type\":\"EntryPoint\",\"urlTemplate\":\"https:\/\/www.sounds.brussels\/fr\/?s={search_term_string}\"},\"query-input\":{\"@type\":\"PropertyValueSpecification\",\"valueRequired\":true,\"valueName\":\"search_term_string\"}}],\"inLanguage\":\"fr-FR\"},{\"@type\":\"Organization\",\"@id\":\"https:\/\/www.sounds.brussels\/fr\/#organization\",\"name\":\"Sounds Jazz Club\",\"url\":\"https:\/\/www.sounds.brussels\/fr\/\",\"logo\":{\"@type\":\"ImageObject\",\"inLanguage\":\"fr-FR\",\"@id\":\"https:\/\/www.sounds.brussels\/fr\/#\/schema\/logo\/image\/\",\"url\":\"https:\/\/www.sounds.brussels\/wp-content\/uploads\/2023\/09\/logo-sounds-BlackRed-RGB-scaled.jpg\",\"contentUrl\":\"https:\/\/www.sounds.brussels\/wp-content\/uploads\/2023\/09\/logo-sounds-BlackRed-RGB-scaled.jpg\",\"width\":2048,\"height\":1428,\"caption\":\"Sounds Jazz Club\"},\"image\":{\"@id\":\"https:\/\/www.sounds.brussels\/fr\/#\/schema\/logo\/image\/\"}}]}<\/script>\n<!-- \/ Yoast SEO plugin. -->","yoast_head_json":{"title":"JAM AFRO LATINA \/ ANGATU ELEY\u00ca - Sounds Jazz Club","robots":{"index":"index","follow":"follow","max-snippet":"max-snippet:-1","max-image-preview":"max-image-preview:large","max-video-preview":"max-video-preview:-1"},"canonical":"https:\/\/www.sounds.brussels\/fr\/jazz-concert\/jam-afro-latina-angatu-eleye\/","og_locale":"fr_FR","og_type":"article","og_title":"JAM AFRO LATINA \/ ANGATU ELEY\u00ca - Sounds Jazz Club","og_description":"Angatu Eley\u00e9 est un projet musical po\u00e9tique et singulier dans lequel les rythmes du Nord-est br\u00e9silien tel que le maracatu, le bai\u00e3o, l\u2019afox\u00e9, la ciranda ou encore le coco fusionnent avec diff\u00e9rents styles musicaux comme le jazz manouche, la valse et la samba.","og_url":"https:\/\/www.sounds.brussels\/fr\/jazz-concert\/jam-afro-latina-angatu-eleye\/","og_site_name":"Sounds Jazz Club","article_modified_time":"2024-12-02T20:14:37+00:00","og_image":[{"width":1024,"height":685,"url":"https:\/\/www.sounds.brussels\/wp-content\/uploads\/2024\/11\/jam-afro-decembre-1024x685.png","type":"image\/png"}],"twitter_card":"summary_large_image","twitter_misc":{"Dur\u00e9e de lecture estim\u00e9e":"1 minute"},"schema":{"@context":"https:\/\/schema.org","@graph":[{"@type":"WebPage","@id":"https:\/\/www.sounds.brussels\/fr\/jazz-concert\/jam-afro-latina-angatu-eleye\/","url":"https:\/\/www.sounds.brussels\/fr\/jazz-concert\/jam-afro-latina-angatu-eleye\/","name":"JAM AFRO LATINA \/ ANGATU ELEY\u00ca - Sounds Jazz Club","isPartOf":{"@id":"https:\/\/www.sounds.brussels\/fr\/#website"},"primaryImageOfPage":{"@id":"https:\/\/www.sounds.brussels\/fr\/jazz-concert\/jam-afro-latina-angatu-eleye\/#primaryimage"},"image":{"@id":"https:\/\/www.sounds.brussels\/fr\/jazz-concert\/jam-afro-latina-angatu-eleye\/#primaryimage"},"thumbnailUrl":"https:\/\/www.sounds.brussels\/wp-content\/uploads\/2024\/11\/jam-afro-decembre.png","datePublished":"2024-11-05T15:46:28+00:00","dateModified":"2024-12-02T20:14:37+00:00","breadcrumb":{"@id":"https:\/\/www.sounds.brussels\/fr\/jazz-concert\/jam-afro-latina-angatu-eleye\/#breadcrumb"},"inLanguage":"fr-FR","potentialAction":[{"@type":"ReadAction","target":["https:\/\/www.sounds.brussels\/fr\/jazz-concert\/jam-afro-latina-angatu-eleye\/"]}]},{"@type":"ImageObject","inLanguage":"fr-FR","@id":"https:\/\/www.sounds.brussels\/fr\/jazz-concert\/jam-afro-latina-angatu-eleye\/#primaryimage","url":"https:\/\/www.sounds.brussels\/wp-content\/uploads\/2024\/11\/jam-afro-decembre.png","contentUrl":"https:\/\/www.sounds.brussels\/wp-content\/uploads\/2024\/11\/jam-afro-decembre.png","width":2048,"height":1370},{"@type":"BreadcrumbList","@id":"https:\/\/www.sounds.brussels\/fr\/jazz-concert\/jam-afro-latina-angatu-eleye\/#breadcrumb","itemListElement":[{"@type":"ListItem","position":1,"name":"Accueil","item":"https:\/\/www.sounds.brussels\/fr\/"},{"@type":"ListItem","position":2,"name":"Produits","item":"https:\/\/www.sounds.brussels\/fr\/shop\/"},{"@type":"ListItem","position":3,"name":"JAM AFRO LATINA \/ ANGATU ELEY\u00ca"}]},{"@type":"WebSite","@id":"https:\/\/www.sounds.brussels\/fr\/#website","url":"https:\/\/www.sounds.brussels\/fr\/","name":"Sounds Jazz Club","description":"","publisher":{"@id":"https:\/\/www.sounds.brussels\/fr\/#organization"},"potentialAction":[{"@type":"SearchAction","target":{"@type":"EntryPoint","urlTemplate":"https:\/\/www.sounds.brussels\/fr\/?s={search_term_string}"},"query-input":{"@type":"PropertyValueSpecification","valueRequired":true,"valueName":"search_term_string"}}],"inLanguage":"fr-FR"},{"@type":"Organization","@id":"https:\/\/www.sounds.brussels\/fr\/#organization","name":"Sounds Jazz Club","url":"https:\/\/www.sounds.brussels\/fr\/","logo":{"@type":"ImageObject","inLanguage":"fr-FR","@id":"https:\/\/www.sounds.brussels\/fr\/#\/schema\/logo\/image\/","url":"https:\/\/www.sounds.brussels\/wp-content\/uploads\/2023\/09\/logo-sounds-BlackRed-RGB-scaled.jpg","contentUrl":"https:\/\/www.sounds.brussels\/wp-content\/uploads\/2023\/09\/logo-sounds-BlackRed-RGB-scaled.jpg","width":2048,"height":1428,"caption":"Sounds Jazz Club"},"image":{"@id":"https:\/\/www.sounds.brussels\/fr\/#\/schema\/logo\/image\/"}}]}},"_links":{"self":[{"href":"https:\/\/www.sounds.brussels\/fr\/wp-json\/wp\/v2\/product\/139765","targetHints":{"allow":["GET"]}}],"collection":[{"href":"https:\/\/www.sounds.brussels\/fr\/wp-json\/wp\/v2\/product"}],"about":[{"href":"https:\/\/www.sounds.brussels\/fr\/wp-json\/wp\/v2\/types\/product"}],"author":[{"embeddable":true,"href":"https:\/\/www.sounds.brussels\/fr\/wp-json\/wp\/v2\/users\/8382"}],"replies":[{"embeddable":true,"href":"https:\/\/www.sounds.brussels\/fr\/wp-json\/wp\/v2\/comments?post=139765"}],"wp:featuredmedia":[{"embeddable":true,"href":"https:\/\/www.sounds.brussels\/fr\/wp-json\/wp\/v2\/media\/139776"}],"wp:attachment":[{"href":"https:\/\/www.sounds.brussels\/fr\/wp-json\/wp\/v2\/media?parent=139765"}],"wp:term":[{"taxonomy":"product_brand","embeddable":true,"href":"https:\/\/www.sounds.brussels\/fr\/wp-json\/wp\/v2\/product_brand?post=139765"},{"taxonomy":"product_cat","embeddable":true,"href":"https:\/\/www.sounds.brussels\/fr\/wp-json\/wp\/v2\/product_cat?post=139765"},{"taxonomy":"product_tag","embeddable":true,"href":"https:\/\/www.sounds.brussels\/fr\/wp-json\/wp\/v2\/product_tag?post=139765"}],"curies":[{"name":"wp","href":"https:\/\/api.w.org\/{rel}","templated":true}]}}

JAM AFRO LATINA / ANGATU ELEYÊ

<p>Angatu Eleyé est un projet musical poétique et singulier dans lequel les rythmes du Nord-est brésilien tel que le maracatu, le baião, l’afoxé, la ciranda ou encore le coco fusionnent avec différents styles musicaux comme le jazz manouche, la valse et la samba.</p>

<!-- This site is optimized with the Yoast SEO plugin v26.9 - https://yoast.com/product/yoast-seo-wordpress/ -->
<title>JAM AFRO LATINA / ANGATU ELEYÊ - Sounds Jazz Club</title>
<meta name="robots" content="index, follow, max-snippet:-1, max-image-preview:large, max-video-preview:-1" />
<link rel="canonical" href="https://www.sounds.brussels/fr/jazz-concert/jam-afro-latina-angatu-eleye/" />
<meta property="og:locale" content="fr_FR" />
<meta property="og:type" content="article" />
<meta property="og:title" content="JAM AFRO LATINA / ANGATU ELEYÊ - Sounds Jazz Club" />
<meta property="og:description" content="Angatu Eleyé est un projet musical poétique et singulier dans lequel les rythmes du Nord-est brésilien tel que le maracatu, le baião, l’afoxé, la ciranda ou encore le coco fusionnent avec différents styles musicaux comme le jazz manouche, la valse et la samba." />
<meta property="og:url" content="https://www.sounds.brussels/fr/jazz-concert/jam-afro-latina-angatu-eleye/" />
<meta property="og:site_name" content="Sounds Jazz Club" />
<meta property="article:modified_time" content="2024-12-02T20:14:37+00:00" />
<meta property="og:image" content="https://www.sounds.brussels/wp-content/uploads/2024/11/jam-afro-decembre-1024x685.png" />
	<meta property="og:image:width" content="1024" />
	<meta property="og:image:height" content="685" />
	<meta property="og:image:type" content="image/png" />
<meta name="twitter:card" content="summary_large_image" />
<meta name="twitter:label1" content="Durée de lecture estimée" />
	<meta name="twitter:data1" content="1 minute" />
<script type="application/ld+json" class="yoast-schema-graph">{"@context":"https://schema.org","@graph":[{"@type":"WebPage","@id":"https://www.sounds.brussels/fr/jazz-concert/jam-afro-latina-angatu-eleye/","url":"https://www.sounds.brussels/fr/jazz-concert/jam-afro-latina-angatu-eleye/","name":"JAM AFRO LATINA / ANGATU ELEYÊ - Sounds Jazz Club","isPartOf":{"@id":"https://www.sounds.brussels/fr/#website"},"primaryImageOfPage":{"@id":"https://www.sounds.brussels/fr/jazz-concert/jam-afro-latina-angatu-eleye/#primaryimage"},"image":{"@id":"https://www.sounds.brussels/fr/jazz-concert/jam-afro-latina-angatu-eleye/#primaryimage"},"thumbnailUrl":"https://www.sounds.brussels/wp-content/uploads/2024/11/jam-afro-decembre.png","datePublished":"2024-11-05T15:46:28+00:00","dateModified":"2024-12-02T20:14:37+00:00","breadcrumb":{"@id":"https://www.sounds.brussels/fr/jazz-concert/jam-afro-latina-angatu-eleye/#breadcrumb"},"inLanguage":"fr-FR","potentialAction":[{"@type":"ReadAction","target":["https://www.sounds.brussels/fr/jazz-concert/jam-afro-latina-angatu-eleye/"]}]},{"@type":"ImageObject","inLanguage":"fr-FR","@id":"https://www.sounds.brussels/fr/jazz-concert/jam-afro-latina-angatu-eleye/#primaryimage","url":"https://www.sounds.brussels/wp-content/uploads/2024/11/jam-afro-decembre.png","contentUrl":"https://www.sounds.brussels/wp-content/uploads/2024/11/jam-afro-decembre.png","width":2048,"height":1370},{"@type":"BreadcrumbList","@id":"https://www.sounds.brussels/fr/jazz-concert/jam-afro-latina-angatu-eleye/#breadcrumb","itemListElement":[{"@type":"ListItem","position":1,"name":"Accueil","item":"https://www.sounds.brussels/fr/"},{"@type":"ListItem","position":2,"name":"Produits","item":"https://www.sounds.brussels/fr/shop/"},{"@type":"ListItem","position":3,"name":"JAM AFRO LATINA / ANGATU ELEYÊ"}]},{"@type":"WebSite","@id":"https://www.sounds.brussels/fr/#website","url":"https://www.sounds.brussels/fr/","name":"Sounds Jazz Club","description":"","publisher":{"@id":"https://www.sounds.brussels/fr/#organization"},"potentialAction":[{"@type":"SearchAction","target":{"@type":"EntryPoint","urlTemplate":"https://www.sounds.brussels/fr/?s={search_term_string}"},"query-input":{"@type":"PropertyValueSpecification","valueRequired":true,"valueName":"search_term_string"}}],"inLanguage":"fr-FR"},{"@type":"Organization","@id":"https://www.sounds.brussels/fr/#organization","name":"Sounds Jazz Club","url":"https://www.sounds.brussels/fr/","logo":{"@type":"ImageObject","inLanguage":"fr-FR","@id":"https://www.sounds.brussels/fr/#/schema/logo/image/","url":"https://www.sounds.brussels/wp-content/uploads/2023/09/logo-sounds-BlackRed-RGB-scaled.jpg","contentUrl":"https://www.sounds.brussels/wp-content/uploads/2023/09/logo-sounds-BlackRed-RGB-scaled.jpg","width":2048,"height":1428,"caption":"Sounds Jazz Club"},"image":{"@id":"https://www.sounds.brussels/fr/#/schema/logo/image/"}}]}</script>
<!-- / Yoast SEO plugin. -->

JAM AFRO LATINA / ANGATU ELEYÊ - Sounds Jazz Club

Angatu Eleyé est un projet musical poétique et singulier dans lequel les rythmes du Nord-est brésilien tel que le maracatu, le baião, l’afoxé, la ciranda ou encore le coco fusionnent avec différents styles musicaux comme le jazz manouche, la valse et la samba.
