{"id":137895,"date":"2024-09-23T00:43:11","date_gmt":"2024-09-22T22:43:11","guid":{"rendered":"https:\/\/www.sounds.brussels\/?post_type=product&#038;p=137895"},"modified":"2024-10-16T19:12:04","modified_gmt":"2024-10-16T17:12:04","slug":"adhd","status":"publish","type":"product","link":"https:\/\/www.sounds.brussels\/fr\/jazz-concert\/adhd\/","title":{"rendered":"WEDNESDAY SET | ADHD"},"content":{"rendered":"","protected":false},"excerpt":{"rendered":"<p>\u00d3skar Gu\u00f0j\u00f3nsson: Saxophone<br \/>\n\u00d3mar Gu\u00f0j\u00f3nsson: Guitar, pedal steel, and bass<br \/>\nT\u00f3mas J\u00f3nsson: Piano and keyboards<br \/>\nMagn\u00fas Trygvason Eliassen: Drums<\/p>\n<p>Defying categorization, ADHD\u2019s sonic landscape seamlessly blends jazz, rock, ambient, and folk. Their music creates an immersive and exhilarating experience. Critics and fans alike have praised their originality, creativity, and virtuosity.<\/p>\n","protected":false},"author":8383,"featured_media":137904,"comment_status":"closed","ping_status":"closed","template":"","meta":{"_acf_changed":false},"product_brand":[],"product_cat":[157],"product_tag":[],"class_list":{"0":"post-137895","1":"product","2":"type-product","3":"status-publish","4":"has-post-thumbnail","6":"product_cat-archived","8":"first","9":"instock","10":"shipping-taxable","11":"product-type-variable","12":"has-default-attributes","13":"nyp-product"},"acf":[],"yoast_head":"<!-- This site is optimized with the Yoast SEO plugin v26.9 - https:\/\/yoast.com\/product\/yoast-seo-wordpress\/ -->\n<title>WEDNESDAY SET | ADHD - Sounds Jazz Club<\/title>\n<meta name=\"robots\" content=\"index, follow, max-snippet:-1, max-image-preview:large, max-video-preview:-1\" \/>\n<link rel=\"canonical\" href=\"https:\/\/www.sounds.brussels\/fr\/jazz-concert\/adhd\/\" \/>\n<meta property=\"og:locale\" content=\"fr_FR\" \/>\n<meta property=\"og:type\" content=\"article\" \/>\n<meta property=\"og:title\" content=\"WEDNESDAY SET | ADHD - Sounds Jazz Club\" \/>\n<meta property=\"og:description\" content=\"\u00d3skar Gu\u00f0j\u00f3nsson: Saxophone \u00d3mar Gu\u00f0j\u00f3nsson: Guitar, pedal steel, and bass T\u00f3mas J\u00f3nsson: Piano and keyboards Magn\u00fas Trygvason Eliassen: Drums  Defying categorization, ADHD\u2019s sonic landscape seamlessly blends jazz, rock, ambient, and folk. Their music creates an immersive and exhilarating experience. Critics and fans alike have praised their originality, creativity, and virtuosity.\" \/>\n<meta property=\"og:url\" content=\"https:\/\/www.sounds.brussels\/fr\/jazz-concert\/adhd\/\" \/>\n<meta property=\"og:site_name\" content=\"Sounds Jazz Club\" \/>\n<meta property=\"article:modified_time\" content=\"2024-10-16T17:12:04+00:00\" \/>\n<meta property=\"og:image\" content=\"https:\/\/www.sounds.brussels\/wp-content\/uploads\/2024\/09\/2024-10-16-adhd-1727044992.jpg\" \/>\n\t<meta property=\"og:image:width\" content=\"1920\" \/>\n\t<meta property=\"og:image:height\" content=\"1920\" \/>\n\t<meta property=\"og:image:type\" content=\"image\/jpeg\" \/>\n<meta name=\"twitter:card\" content=\"summary_large_image\" \/>\n<meta name=\"twitter:label1\" content=\"Dur\u00e9e de lecture estim\u00e9e\" \/>\n\t<meta name=\"twitter:data1\" content=\"1 minute\" \/>\n<script type=\"application\/ld+json\" class=\"yoast-schema-graph\">{\"@context\":\"https:\/\/schema.org\",\"@graph\":[{\"@type\":\"WebPage\",\"@id\":\"https:\/\/www.sounds.brussels\/fr\/jazz-concert\/adhd\/\",\"url\":\"https:\/\/www.sounds.brussels\/fr\/jazz-concert\/adhd\/\",\"name\":\"WEDNESDAY SET | ADHD - Sounds Jazz Club\",\"isPartOf\":{\"@id\":\"https:\/\/www.sounds.brussels\/fr\/#website\"},\"primaryImageOfPage\":{\"@id\":\"https:\/\/www.sounds.brussels\/fr\/jazz-concert\/adhd\/#primaryimage\"},\"image\":{\"@id\":\"https:\/\/www.sounds.brussels\/fr\/jazz-concert\/adhd\/#primaryimage\"},\"thumbnailUrl\":\"https:\/\/www.sounds.brussels\/wp-content\/uploads\/2024\/09\/2024-10-16-adhd-1727044992.jpg\",\"datePublished\":\"2024-09-22T22:43:11+00:00\",\"dateModified\":\"2024-10-16T17:12:04+00:00\",\"breadcrumb\":{\"@id\":\"https:\/\/www.sounds.brussels\/fr\/jazz-concert\/adhd\/#breadcrumb\"},\"inLanguage\":\"fr-FR\",\"potentialAction\":[{\"@type\":\"ReadAction\",\"target\":[\"https:\/\/www.sounds.brussels\/fr\/jazz-concert\/adhd\/\"]}]},{\"@type\":\"ImageObject\",\"inLanguage\":\"fr-FR\",\"@id\":\"https:\/\/www.sounds.brussels\/fr\/jazz-concert\/adhd\/#primaryimage\",\"url\":\"https:\/\/www.sounds.brussels\/wp-content\/uploads\/2024\/09\/2024-10-16-adhd-1727044992.jpg\",\"contentUrl\":\"https:\/\/www.sounds.brussels\/wp-content\/uploads\/2024\/09\/2024-10-16-adhd-1727044992.jpg\",\"width\":1920,\"height\":1920},{\"@type\":\"BreadcrumbList\",\"@id\":\"https:\/\/www.sounds.brussels\/fr\/jazz-concert\/adhd\/#breadcrumb\",\"itemListElement\":[{\"@type\":\"ListItem\",\"position\":1,\"name\":\"Accueil\",\"item\":\"https:\/\/www.sounds.brussels\/fr\/\"},{\"@type\":\"ListItem\",\"position\":2,\"name\":\"Produits\",\"item\":\"https:\/\/www.sounds.brussels\/fr\/shop\/\"},{\"@type\":\"ListItem\",\"position\":3,\"name\":\"WEDNESDAY SET | ADHD\"}]},{\"@type\":\"WebSite\",\"@id\":\"https:\/\/www.sounds.brussels\/fr\/#website\",\"url\":\"https:\/\/www.sounds.brussels\/fr\/\",\"name\":\"Sounds Jazz Club\",\"description\":\"\",\"publisher\":{\"@id\":\"https:\/\/www.sounds.brussels\/fr\/#organization\"},\"potentialAction\":[{\"@type\":\"SearchAction\",\"target\":{\"@type\":\"EntryPoint\",\"urlTemplate\":\"https:\/\/www.sounds.brussels\/fr\/?s={search_term_string}\"},\"query-input\":{\"@type\":\"PropertyValueSpecification\",\"valueRequired\":true,\"valueName\":\"search_term_string\"}}],\"inLanguage\":\"fr-FR\"},{\"@type\":\"Organization\",\"@id\":\"https:\/\/www.sounds.brussels\/fr\/#organization\",\"name\":\"Sounds Jazz Club\",\"url\":\"https:\/\/www.sounds.brussels\/fr\/\",\"logo\":{\"@type\":\"ImageObject\",\"inLanguage\":\"fr-FR\",\"@id\":\"https:\/\/www.sounds.brussels\/fr\/#\/schema\/logo\/image\/\",\"url\":\"https:\/\/www.sounds.brussels\/wp-content\/uploads\/2023\/09\/logo-sounds-BlackRed-RGB-scaled.jpg\",\"contentUrl\":\"https:\/\/www.sounds.brussels\/wp-content\/uploads\/2023\/09\/logo-sounds-BlackRed-RGB-scaled.jpg\",\"width\":2048,\"height\":1428,\"caption\":\"Sounds Jazz Club\"},\"image\":{\"@id\":\"https:\/\/www.sounds.brussels\/fr\/#\/schema\/logo\/image\/\"}}]}<\/script>\n<!-- \/ Yoast SEO plugin. -->","yoast_head_json":{"title":"WEDNESDAY SET | ADHD - Sounds Jazz Club","robots":{"index":"index","follow":"follow","max-snippet":"max-snippet:-1","max-image-preview":"max-image-preview:large","max-video-preview":"max-video-preview:-1"},"canonical":"https:\/\/www.sounds.brussels\/fr\/jazz-concert\/adhd\/","og_locale":"fr_FR","og_type":"article","og_title":"WEDNESDAY SET | ADHD - Sounds Jazz Club","og_description":"\u00d3skar Gu\u00f0j\u00f3nsson: Saxophone \u00d3mar Gu\u00f0j\u00f3nsson: Guitar, pedal steel, and bass T\u00f3mas J\u00f3nsson: Piano and keyboards Magn\u00fas Trygvason Eliassen: Drums  Defying categorization, ADHD\u2019s sonic landscape seamlessly blends jazz, rock, ambient, and folk. Their music creates an immersive and exhilarating experience. Critics and fans alike have praised their originality, creativity, and virtuosity.","og_url":"https:\/\/www.sounds.brussels\/fr\/jazz-concert\/adhd\/","og_site_name":"Sounds Jazz Club","article_modified_time":"2024-10-16T17:12:04+00:00","og_image":[{"width":1920,"height":1920,"url":"https:\/\/www.sounds.brussels\/wp-content\/uploads\/2024\/09\/2024-10-16-adhd-1727044992.jpg","type":"image\/jpeg"}],"twitter_card":"summary_large_image","twitter_misc":{"Dur\u00e9e de lecture estim\u00e9e":"1 minute"},"schema":{"@context":"https:\/\/schema.org","@graph":[{"@type":"WebPage","@id":"https:\/\/www.sounds.brussels\/fr\/jazz-concert\/adhd\/","url":"https:\/\/www.sounds.brussels\/fr\/jazz-concert\/adhd\/","name":"WEDNESDAY SET | ADHD - Sounds Jazz Club","isPartOf":{"@id":"https:\/\/www.sounds.brussels\/fr\/#website"},"primaryImageOfPage":{"@id":"https:\/\/www.sounds.brussels\/fr\/jazz-concert\/adhd\/#primaryimage"},"image":{"@id":"https:\/\/www.sounds.brussels\/fr\/jazz-concert\/adhd\/#primaryimage"},"thumbnailUrl":"https:\/\/www.sounds.brussels\/wp-content\/uploads\/2024\/09\/2024-10-16-adhd-1727044992.jpg","datePublished":"2024-09-22T22:43:11+00:00","dateModified":"2024-10-16T17:12:04+00:00","breadcrumb":{"@id":"https:\/\/www.sounds.brussels\/fr\/jazz-concert\/adhd\/#breadcrumb"},"inLanguage":"fr-FR","potentialAction":[{"@type":"ReadAction","target":["https:\/\/www.sounds.brussels\/fr\/jazz-concert\/adhd\/"]}]},{"@type":"ImageObject","inLanguage":"fr-FR","@id":"https:\/\/www.sounds.brussels\/fr\/jazz-concert\/adhd\/#primaryimage","url":"https:\/\/www.sounds.brussels\/wp-content\/uploads\/2024\/09\/2024-10-16-adhd-1727044992.jpg","contentUrl":"https:\/\/www.sounds.brussels\/wp-content\/uploads\/2024\/09\/2024-10-16-adhd-1727044992.jpg","width":1920,"height":1920},{"@type":"BreadcrumbList","@id":"https:\/\/www.sounds.brussels\/fr\/jazz-concert\/adhd\/#breadcrumb","itemListElement":[{"@type":"ListItem","position":1,"name":"Accueil","item":"https:\/\/www.sounds.brussels\/fr\/"},{"@type":"ListItem","position":2,"name":"Produits","item":"https:\/\/www.sounds.brussels\/fr\/shop\/"},{"@type":"ListItem","position":3,"name":"WEDNESDAY SET | ADHD"}]},{"@type":"WebSite","@id":"https:\/\/www.sounds.brussels\/fr\/#website","url":"https:\/\/www.sounds.brussels\/fr\/","name":"Sounds Jazz Club","description":"","publisher":{"@id":"https:\/\/www.sounds.brussels\/fr\/#organization"},"potentialAction":[{"@type":"SearchAction","target":{"@type":"EntryPoint","urlTemplate":"https:\/\/www.sounds.brussels\/fr\/?s={search_term_string}"},"query-input":{"@type":"PropertyValueSpecification","valueRequired":true,"valueName":"search_term_string"}}],"inLanguage":"fr-FR"},{"@type":"Organization","@id":"https:\/\/www.sounds.brussels\/fr\/#organization","name":"Sounds Jazz Club","url":"https:\/\/www.sounds.brussels\/fr\/","logo":{"@type":"ImageObject","inLanguage":"fr-FR","@id":"https:\/\/www.sounds.brussels\/fr\/#\/schema\/logo\/image\/","url":"https:\/\/www.sounds.brussels\/wp-content\/uploads\/2023\/09\/logo-sounds-BlackRed-RGB-scaled.jpg","contentUrl":"https:\/\/www.sounds.brussels\/wp-content\/uploads\/2023\/09\/logo-sounds-BlackRed-RGB-scaled.jpg","width":2048,"height":1428,"caption":"Sounds Jazz Club"},"image":{"@id":"https:\/\/www.sounds.brussels\/fr\/#\/schema\/logo\/image\/"}}]}},"_links":{"self":[{"href":"https:\/\/www.sounds.brussels\/fr\/wp-json\/wp\/v2\/product\/137895","targetHints":{"allow":["GET"]}}],"collection":[{"href":"https:\/\/www.sounds.brussels\/fr\/wp-json\/wp\/v2\/product"}],"about":[{"href":"https:\/\/www.sounds.brussels\/fr\/wp-json\/wp\/v2\/types\/product"}],"author":[{"embeddable":true,"href":"https:\/\/www.sounds.brussels\/fr\/wp-json\/wp\/v2\/users\/8383"}],"replies":[{"embeddable":true,"href":"https:\/\/www.sounds.brussels\/fr\/wp-json\/wp\/v2\/comments?post=137895"}],"wp:featuredmedia":[{"embeddable":true,"href":"https:\/\/www.sounds.brussels\/fr\/wp-json\/wp\/v2\/media\/137904"}],"wp:attachment":[{"href":"https:\/\/www.sounds.brussels\/fr\/wp-json\/wp\/v2\/media?parent=137895"}],"wp:term":[{"taxonomy":"product_brand","embeddable":true,"href":"https:\/\/www.sounds.brussels\/fr\/wp-json\/wp\/v2\/product_brand?post=137895"},{"taxonomy":"product_cat","embeddable":true,"href":"https:\/\/www.sounds.brussels\/fr\/wp-json\/wp\/v2\/product_cat?post=137895"},{"taxonomy":"product_tag","embeddable":true,"href":"https:\/\/www.sounds.brussels\/fr\/wp-json\/wp\/v2\/product_tag?post=137895"}],"curies":[{"name":"wp","href":"https:\/\/api.w.org\/{rel}","templated":true}]}}

<p>Óskar Guðjónsson: Saxophone<br />
Ómar Guðjónsson: Guitar, pedal steel, and bass<br />
Tómas Jónsson: Piano and keyboards<br />
Magnús Trygvason Eliassen: Drums</p>
<p>Defying categorization, ADHD’s sonic landscape seamlessly blends jazz, rock, ambient, and folk. Their music creates an immersive and exhilarating experience. Critics and fans alike have praised their originality, creativity, and virtuosity.</p>

<!-- This site is optimized with the Yoast SEO plugin v26.9 - https://yoast.com/product/yoast-seo-wordpress/ -->
<title>WEDNESDAY SET | ADHD - Sounds Jazz Club</title>
<meta name="robots" content="index, follow, max-snippet:-1, max-image-preview:large, max-video-preview:-1" />
<link rel="canonical" href="https://www.sounds.brussels/fr/jazz-concert/adhd/" />
<meta property="og:locale" content="fr_FR" />
<meta property="og:type" content="article" />
<meta property="og:title" content="WEDNESDAY SET | ADHD - Sounds Jazz Club" />
<meta property="og:description" content="Óskar Guðjónsson: Saxophone Ómar Guðjónsson: Guitar, pedal steel, and bass Tómas Jónsson: Piano and keyboards Magnús Trygvason Eliassen: Drums  Defying categorization, ADHD’s sonic landscape seamlessly blends jazz, rock, ambient, and folk. Their music creates an immersive and exhilarating experience. Critics and fans alike have praised their originality, creativity, and virtuosity." />
<meta property="og:url" content="https://www.sounds.brussels/fr/jazz-concert/adhd/" />
<meta property="og:site_name" content="Sounds Jazz Club" />
<meta property="article:modified_time" content="2024-10-16T17:12:04+00:00" />
<meta property="og:image" content="https://www.sounds.brussels/wp-content/uploads/2024/09/2024-10-16-adhd-1727044992.jpg" />
	<meta property="og:image:width" content="1920" />
	<meta property="og:image:height" content="1920" />
	<meta property="og:image:type" content="image/jpeg" />
<meta name="twitter:card" content="summary_large_image" />
<meta name="twitter:label1" content="Durée de lecture estimée" />
	<meta name="twitter:data1" content="1 minute" />
<script type="application/ld+json" class="yoast-schema-graph">{"@context":"https://schema.org","@graph":[{"@type":"WebPage","@id":"https://www.sounds.brussels/fr/jazz-concert/adhd/","url":"https://www.sounds.brussels/fr/jazz-concert/adhd/","name":"WEDNESDAY SET | ADHD - Sounds Jazz Club","isPartOf":{"@id":"https://www.sounds.brussels/fr/#website"},"primaryImageOfPage":{"@id":"https://www.sounds.brussels/fr/jazz-concert/adhd/#primaryimage"},"image":{"@id":"https://www.sounds.brussels/fr/jazz-concert/adhd/#primaryimage"},"thumbnailUrl":"https://www.sounds.brussels/wp-content/uploads/2024/09/2024-10-16-adhd-1727044992.jpg","datePublished":"2024-09-22T22:43:11+00:00","dateModified":"2024-10-16T17:12:04+00:00","breadcrumb":{"@id":"https://www.sounds.brussels/fr/jazz-concert/adhd/#breadcrumb"},"inLanguage":"fr-FR","potentialAction":[{"@type":"ReadAction","target":["https://www.sounds.brussels/fr/jazz-concert/adhd/"]}]},{"@type":"ImageObject","inLanguage":"fr-FR","@id":"https://www.sounds.brussels/fr/jazz-concert/adhd/#primaryimage","url":"https://www.sounds.brussels/wp-content/uploads/2024/09/2024-10-16-adhd-1727044992.jpg","contentUrl":"https://www.sounds.brussels/wp-content/uploads/2024/09/2024-10-16-adhd-1727044992.jpg","width":1920,"height":1920},{"@type":"BreadcrumbList","@id":"https://www.sounds.brussels/fr/jazz-concert/adhd/#breadcrumb","itemListElement":[{"@type":"ListItem","position":1,"name":"Accueil","item":"https://www.sounds.brussels/fr/"},{"@type":"ListItem","position":2,"name":"Produits","item":"https://www.sounds.brussels/fr/shop/"},{"@type":"ListItem","position":3,"name":"WEDNESDAY SET | ADHD"}]},{"@type":"WebSite","@id":"https://www.sounds.brussels/fr/#website","url":"https://www.sounds.brussels/fr/","name":"Sounds Jazz Club","description":"","publisher":{"@id":"https://www.sounds.brussels/fr/#organization"},"potentialAction":[{"@type":"SearchAction","target":{"@type":"EntryPoint","urlTemplate":"https://www.sounds.brussels/fr/?s={search_term_string}"},"query-input":{"@type":"PropertyValueSpecification","valueRequired":true,"valueName":"search_term_string"}}],"inLanguage":"fr-FR"},{"@type":"Organization","@id":"https://www.sounds.brussels/fr/#organization","name":"Sounds Jazz Club","url":"https://www.sounds.brussels/fr/","logo":{"@type":"ImageObject","inLanguage":"fr-FR","@id":"https://www.sounds.brussels/fr/#/schema/logo/image/","url":"https://www.sounds.brussels/wp-content/uploads/2023/09/logo-sounds-BlackRed-RGB-scaled.jpg","contentUrl":"https://www.sounds.brussels/wp-content/uploads/2023/09/logo-sounds-BlackRed-RGB-scaled.jpg","width":2048,"height":1428,"caption":"Sounds Jazz Club"},"image":{"@id":"https://www.sounds.brussels/fr/#/schema/logo/image/"}}]}</script>
<!-- / Yoast SEO plugin. -->

Óskar Guðjónsson: Saxophone Ómar Guðjónsson: Guitar, pedal steel, and bass Tómas Jónsson: Piano and keyboards Magnús Trygvason Eliassen: Drums  Defying categorization, ADHD’s sonic landscape seamlessly blends jazz, rock, ambient, and folk. Their music creates an immersive and exhilarating experience. Critics and fans alike have praised their originality, creativity, and virtuosity.
